{"id":753389,"date":"2025-08-28T05:42:18","date_gmt":"2025-08-28T02:42:18","guid":{"rendered":"https:\/\/roveyayinevi.com.tr\/index.php\/urun\/kiyida-bekleyenler\/"},"modified":"2026-04-16T03:06:46","modified_gmt":"2026-04-16T00:06:46","slug":"kiyida-bekleyenler","status":"publish","type":"product","link":"https:\/\/roveyayinevi.com.tr\/index.php\/urun\/kiyida-bekleyenler\/","title":{"rendered":"K\u0131y\u0131da Bekleyenler"},"content":{"rendered":"<p>Renksizdir asl\u0131nda deniz\u2026 Ya g\u00f6\u011f\u00fcn mavisidir suya vuran, Ya orman\u0131n ye\u015fili\u2026 Bazen de topraktan al\u0131r \u00e7amur rengini. F\u0131rt\u0131nalarda mesela, korkun\u00e7 gri\u2026 Dalgalarda k\u00f6p\u00fcrm\u00fc\u015f beyaz\u2026 Sen yana\u015f\u0131rsan kenar\u0131na, G\u00f6lgen d\u00fc\u015fer, sakin, siyah biraz\u2026 Ben yaln\u0131z\u0131m \u015fu anda sahilde, R\u00fczg\u00e2rda \u00e7aresiz sallan\u0131\u015f\u0131 gibi yapraklar\u0131n\u2026 Yan\u0131mda ise senin oturdu\u011fun bo\u015fluk\u2026 Ke\u015fke otob\u00fcs\u00fc ka\u00e7\u0131rmasayd\u0131m da Bitmeseydi hi\u00e7 bu yolculuk&#8230;<\/p>\n","protected":false},"excerpt":{"rendered":"<p>Renksizdir asl\u0131nda deniz\u2026 Ya g\u00f6\u011f\u00fcn mavisidir suya vuran, Ya orman\u0131n ye\u015fili\u2026 Bazen de topraktan al\u0131r \u00e7amur rengini. F\u0131rt\u0131nalarda mesela, korkun\u00e7 gri\u2026 Dalgalarda k\u00f6p\u00fcrm\u00fc\u015f beyaz\u2026 Sen yana\u015f\u0131rsan<span class=\"excerpt-hellip\"> [\u2026]<\/span><\/p>\n","protected":false},"featured_media":0,"template":"","meta":{"_monsterinsights_skip_tracking":false,"_monsterinsights_sitenote_active":false,"_monsterinsights_sitenote_note":"","_monsterinsights_sitenote_category":0},"product_brand":[],"product_cat":[12291,12509],"product_tag":[],"class_list":{"0":"post-753389","1":"product","2":"type-product","3":"status-publish","5":"product_cat-edebiyat","6":"product_cat-siir","7":"pa_cilt-ciltsiz","8":"pa_tur-kitap","9":"pa_yayinevi-luna-yayinlari","10":"pa_yazar-istikbal-turut","12":"first","13":"instock","14":"sale","15":"shipping-taxable","16":"purchasable","17":"product-type-simple"},"_links":{"self":[{"href":"https:\/\/roveyayinevi.com.tr\/index.php\/wp-json\/wp\/v2\/product\/753389","targetHints":{"allow":["GET"]}}],"collection":[{"href":"https:\/\/roveyayinevi.com.tr\/index.php\/wp-json\/wp\/v2\/product"}],"about":[{"href":"https:\/\/roveyayinevi.com.tr\/index.php\/wp-json\/wp\/v2\/types\/product"}],"wp:attachment":[{"href":"https:\/\/roveyayinevi.com.tr\/index.php\/wp-json\/wp\/v2\/media?parent=753389"}],"wp:term":[{"taxonomy":"product_brand","embeddable":true,"href":"https:\/\/roveyayinevi.com.tr\/index.php\/wp-json\/wp\/v2\/product_brand?post=753389"},{"taxonomy":"product_cat","embeddable":true,"href":"https:\/\/roveyayinevi.com.tr\/index.php\/wp-json\/wp\/v2\/product_cat?post=753389"},{"taxonomy":"product_tag","embeddable":true,"href":"https:\/\/roveyayinevi.com.tr\/index.php\/wp-json\/wp\/v2\/product_tag?post=753389"}],"curies":[{"name":"wp","href":"https:\/\/api.w.org\/{rel}","templated":true}]}}