{"id":753383,"date":"2025-08-28T05:42:08","date_gmt":"2025-08-28T02:42:08","guid":{"rendered":"https:\/\/roveyayinevi.com.tr\/index.php\/urun\/col-yildizi\/"},"modified":"2026-04-16T03:06:46","modified_gmt":"2026-04-16T00:06:46","slug":"col-yildizi","status":"publish","type":"product","link":"https:\/\/roveyayinevi.com.tr\/index.php\/urun\/col-yildizi\/","title":{"rendered":"\u00c7\u00f6l Y\u0131ld\u0131z\u0131"},"content":{"rendered":"<p>\u201cYa Herkes \u00d6nemlidir ya da Hi\u00e7 Kimse\u201d Belediye Meclis \u00dcyesi, y\u0131llar \u00f6nce vah\u015fice \u00f6ld\u00fcr\u00fclen k\u0131z karde\u015finin katilinin bulunmas\u0131 i\u00e7in LAPD\u2019ye bask\u0131 yap\u0131nca Faili Me\u00e7hul Vakalar Birimi tekrar faaliyete ge\u00e7er. \u00c7\u00f6z\u00fclemeden rafa kald\u0131r\u0131lm\u0131\u015f onlarca dosya tekrar g\u00fcndeme gelir. Birimin y\u00f6netimi Ren\u00e9e Ballard\u2019dad\u0131r. Ekip g\u00f6n\u00fcll\u00fclerden olu\u015facakt\u0131r ve Ballard\u2019\u0131n akl\u0131ndaki ilk isim tabii ki Harry Bosch\u2019tur. Ballard, Bosch\u2019un y\u0131llar \u00f6nce \u00e7\u00f6zemedi\u011fi Gallagher Ailesi Davas\u0131\u2019n\u0131 g\u00f6t\u00fcrerek onu ekibe katmaya \u00e7al\u0131\u015f\u0131r. Aralar\u0131 bir y\u0131ld\u0131r limoni olsa da Bosch, LAPD\u2019nin kaynaklar\u0131n\u0131 arkas\u0131na alarak meslek hayat\u0131n\u0131n en \u00f6nemli davalar\u0131ndan birini \u00e7\u00f6zme f\u0131rsat\u0131n\u0131 reddedemez. D\u00f6rt ki\u015filik bir aileyi katledip \u00e7\u00f6le g\u00f6men ac\u0131mas\u0131z bir katilin pe\u015findedir ve bu defa katili yakalamaya yeminlidir. Ekibin \u00f6nceli\u011fi birimin gelece\u011fini belirleyecek davad\u0131r. Ballard ile Bosch ke\u015ffettikleri bir ipucuyla katile ad\u0131m ad\u0131m yakla\u015f\u0131rlar. Beklenmedik geli\u015fmeler bu kovalamacay\u0131 tehlikeli bir yola sokar. &#8211; \u201c&#8230; ad\u0131n\u0131 k\u00fc\u00e7\u00fck, zor \u015fartlara g\u00f6\u011f\u00fcs geren bir \u00e7i\u00e7ekten alan \u2018\u00c7\u00f6l Y\u0131ld\u0131z\u0131\u2019 nefes kesen bir macera ve Bosch ile Ballard\u2019\u0131n d\u00f6n\u00fcm noktalar\u0131n\u0131 anlatan, etkileyici bir roman.\u201d Colette Bancroft, Tampa Bay Times \u201cPolitika, yolsuzluk, vah\u015fi \u00f6l\u00fcmler ve son teknoloji adli t\u0131p, t\u00fcm bunlar kitab\u0131 ger\u00e7ek bir su\u00e7 belgeseli gibi hissettiriyor ve gerilim dolu bir ba\u015fyap\u0131t haline getiriyor.\u201d Alex Gordon, Peterborough Telegraph (\u0130ngiltere)<\/p>\n","protected":false},"excerpt":{"rendered":"<p>\u201cYa Herkes \u00d6nemlidir ya da Hi\u00e7 Kimse\u201d Belediye Meclis \u00dcyesi, y\u0131llar \u00f6nce vah\u015fice \u00f6ld\u00fcr\u00fclen k\u0131z karde\u015finin katilinin bulunmas\u0131 i\u00e7in LAPD\u2019ye bask\u0131 yap\u0131nca Faili Me\u00e7hul Vakalar Birimi<span class=\"excerpt-hellip\"> [\u2026]<\/span><\/p>\n","protected":false},"featured_media":0,"template":"","meta":{"_monsterinsights_skip_tracking":false,"_monsterinsights_sitenote_active":false,"_monsterinsights_sitenote_note":"","_monsterinsights_sitenote_category":0},"product_brand":[],"product_cat":[12291,15445],"product_tag":[],"class_list":{"0":"post-753383","1":"product","2":"type-product","3":"status-publish","5":"product_cat-edebiyat","6":"product_cat-polisiye","7":"pa_cilt-ciltsiz","8":"pa_tur-kitap","9":"pa_yayinevi-nemesis-kitap","10":"pa_yazar-michael-connelly","12":"first","13":"instock","14":"sale","15":"shipping-taxable","16":"purchasable","17":"product-type-simple"},"_links":{"self":[{"href":"https:\/\/roveyayinevi.com.tr\/index.php\/wp-json\/wp\/v2\/product\/753383","targetHints":{"allow":["GET"]}}],"collection":[{"href":"https:\/\/roveyayinevi.com.tr\/index.php\/wp-json\/wp\/v2\/product"}],"about":[{"href":"https:\/\/roveyayinevi.com.tr\/index.php\/wp-json\/wp\/v2\/types\/product"}],"wp:attachment":[{"href":"https:\/\/roveyayinevi.com.tr\/index.php\/wp-json\/wp\/v2\/media?parent=753383"}],"wp:term":[{"taxonomy":"product_brand","embeddable":true,"href":"https:\/\/roveyayinevi.com.tr\/index.php\/wp-json\/wp\/v2\/product_brand?post=753383"},{"taxonomy":"product_cat","embeddable":true,"href":"https:\/\/roveyayinevi.com.tr\/index.php\/wp-json\/wp\/v2\/product_cat?post=753383"},{"taxonomy":"product_tag","embeddable":true,"href":"https:\/\/roveyayinevi.com.tr\/index.php\/wp-json\/wp\/v2\/product_tag?post=753383"}],"curies":[{"name":"wp","href":"https:\/\/api.w.org\/{rel}","templated":true}]}}