{"id":753379,"date":"2025-08-28T05:42:01","date_gmt":"2025-08-28T02:42:01","guid":{"rendered":"https:\/\/roveyayinevi.com.tr\/index.php\/urun\/fulane\/"},"modified":"2026-04-16T03:06:46","modified_gmt":"2026-04-16T00:06:46","slug":"fulane","status":"publish","type":"product","link":"https:\/\/roveyayinevi.com.tr\/index.php\/urun\/fulane\/","title":{"rendered":"F\u00fclane"},"content":{"rendered":"<p>Evlatlar\u0131 i\u00e7in ya\u015fayan t\u00fcm annelerin hik\u00e2yesidir. F\u00fclane; M\u0131s\u0131r\u2019dan Osmanl\u0131\u2019ya, oradan da Rusya\u2019ya uzanan bir sarmal\u0131n i\u00e7erisinde kalan gizli bir a\u015fk\u0131n ihtiras dolu hik\u00e2yesi\u2026 Hak edilip de ya\u015fanamayan hayatlar\u0131n, sevilip de kavu\u015fulamayan a\u015fklar\u0131n aras\u0131nda nal seslerinin silah patlamalar\u0131na kar\u0131\u015ft\u0131\u011f\u0131, al\u0131nmayan intikamlar\u0131n \u00f6ld\u00fcrd\u00fc\u011f\u00fc hayatlara sahne olan ger\u00e7ek bir hik\u00e2ye\u2026 D\u00fcnyaya bir h\u00fck\u00fcmdar torunu olarak gelen F\u00fclane Han\u0131m, talihsiz ve annesiz b\u00fcy\u00fcmenin bedelini evlad\u0131na da ya\u015fatacakt\u0131. Darbelerin bir yar\u0131\u015fa d\u00f6n\u00fc\u015ft\u00fc\u011f\u00fc, padi\u015fahlar\u0131n \u00f6ld\u00fcr\u00fcld\u00fc\u011f\u00fc, saraylar\u0131n bas\u0131ld\u0131\u011f\u0131 bir ortamda hi\u00e7bir i\u015fe burnunu sokmadan duran ve ailesine bir laf gelmemesi i\u00e7in olmas\u0131 gerekenden fazla ehemmiyet g\u00f6steren bir baba\u2026 Elli d\u00f6rt y\u0131l Osmanl\u0131\u2019da naz\u0131rl\u0131k yapan Ali Osman Pa\u015fa\u2019n\u0131n yeniliklere kapal\u0131 olu\u015funun bedelini evlad\u0131 \u00f6deyecekti. Bu d\u00fcnyadan bir F\u00fclane Han\u0131m ge\u00e7ti. <\/p>\n","protected":false},"excerpt":{"rendered":"<p>Evlatlar\u0131 i\u00e7in ya\u015fayan t\u00fcm annelerin hik\u00e2yesidir. F\u00fclane; M\u0131s\u0131r\u2019dan Osmanl\u0131\u2019ya, oradan da Rusya\u2019ya uzanan bir sarmal\u0131n i\u00e7erisinde kalan gizli bir a\u015fk\u0131n ihtiras dolu hik\u00e2yesi\u2026 Hak edilip de<span class=\"excerpt-hellip\"> [\u2026]<\/span><\/p>\n","protected":false},"featured_media":0,"template":"","meta":{"_monsterinsights_skip_tracking":false,"_monsterinsights_sitenote_active":false,"_monsterinsights_sitenote_note":"","_monsterinsights_sitenote_category":0},"product_brand":[],"product_cat":[12291,12711],"product_tag":[],"class_list":{"0":"post-753379","1":"product","2":"type-product","3":"status-publish","5":"product_cat-edebiyat","6":"product_cat-roman-oyku","7":"pa_cilt-ciltsiz","8":"pa_tur-kitap","9":"pa_yayinevi-cinaralti-yayinlari","10":"pa_yazar-basar-dermenci","12":"first","13":"instock","14":"sale","15":"shipping-taxable","16":"purchasable","17":"product-type-simple"},"_links":{"self":[{"href":"https:\/\/roveyayinevi.com.tr\/index.php\/wp-json\/wp\/v2\/product\/753379","targetHints":{"allow":["GET"]}}],"collection":[{"href":"https:\/\/roveyayinevi.com.tr\/index.php\/wp-json\/wp\/v2\/product"}],"about":[{"href":"https:\/\/roveyayinevi.com.tr\/index.php\/wp-json\/wp\/v2\/types\/product"}],"wp:attachment":[{"href":"https:\/\/roveyayinevi.com.tr\/index.php\/wp-json\/wp\/v2\/media?parent=753379"}],"wp:term":[{"taxonomy":"product_brand","embeddable":true,"href":"https:\/\/roveyayinevi.com.tr\/index.php\/wp-json\/wp\/v2\/product_brand?post=753379"},{"taxonomy":"product_cat","embeddable":true,"href":"https:\/\/roveyayinevi.com.tr\/index.php\/wp-json\/wp\/v2\/product_cat?post=753379"},{"taxonomy":"product_tag","embeddable":true,"href":"https:\/\/roveyayinevi.com.tr\/index.php\/wp-json\/wp\/v2\/product_tag?post=753379"}],"curies":[{"name":"wp","href":"https:\/\/api.w.org\/{rel}","templated":true}]}}