{"id":753343,"date":"2025-08-28T05:40:57","date_gmt":"2025-08-28T02:40:57","guid":{"rendered":"https:\/\/roveyayinevi.com.tr\/index.php\/urun\/okul-yolunda-mavi-mini-ile-ara-bul-etkinlikleri-2\/"},"modified":"2026-04-16T03:06:44","modified_gmt":"2026-04-16T00:06:44","slug":"okul-yolunda-mavi-mini-ile-ara-bul-etkinlikleri-2","status":"publish","type":"product","link":"https:\/\/roveyayinevi.com.tr\/index.php\/urun\/okul-yolunda-mavi-mini-ile-ara-bul-etkinlikleri-2\/","title":{"rendered":"Okul Yolunda &#8211; Mavi Mini \u0130le Ara Bul Etkinlikleri 2"},"content":{"rendered":"<p>Yaz bitti!Tatilden d\u00f6n\u00fcyoruz ve ba\u015fl\u0131yor okul haz\u0131rl\u0131klar\u0131! Yolda g\u00f6rd\u00fcklerimi bir bilsen&#8230; Kalabal\u0131\u011f\u0131n i\u00e7inde g\u00f6z\u00fcmden neler ka\u00e7m\u0131\u015f me\u011fer.\u015eimdi hepsini aray\u0131p bulma zaman\u0131!Sen de kat\u0131lmak ister misin?Hadi, b\u00fcy\u00fck resimdeki k\u00fc\u00e7\u00fck detaylar\u0131, saklanan e\u015fyalar\u0131 beraber bulal\u0131m.Mavi Mini&#8217;yle tan\u0131\u015ft\u0131ysan kemerleri ba\u011fla, macera dolu bir yolculu\u011fa \u00e7\u0131k\u0131yoruz!<\/p>\n","protected":false},"excerpt":{"rendered":"<p>Yaz bitti!Tatilden d\u00f6n\u00fcyoruz ve ba\u015fl\u0131yor okul haz\u0131rl\u0131klar\u0131! Yolda g\u00f6rd\u00fcklerimi bir bilsen&#8230; Kalabal\u0131\u011f\u0131n i\u00e7inde g\u00f6z\u00fcmden neler ka\u00e7m\u0131\u015f me\u011fer.\u015eimdi hepsini aray\u0131p bulma zaman\u0131!Sen de kat\u0131lmak ister misin?Hadi, b\u00fcy\u00fck<span class=\"excerpt-hellip\"> [\u2026]<\/span><\/p>\n","protected":false},"featured_media":0,"template":"","meta":{"_monsterinsights_skip_tracking":false,"_monsterinsights_sitenote_active":false,"_monsterinsights_sitenote_note":"","_monsterinsights_sitenote_category":0},"product_brand":[],"product_cat":[12274,15842],"product_tag":[],"class_list":{"0":"post-753343","1":"product","2":"type-product","3":"status-publish","5":"product_cat-cocuk-ve-genclik-kitaplari","6":"product_cat-egitici-kitaplar","7":"pa_cilt-ciltsiz","8":"pa_tur-kitap","9":"pa_yayinevi-timas-cocuk","10":"pa_yazar-aysenur-kurtulus-peltek","12":"first","13":"instock","14":"sale","15":"shipping-taxable","16":"purchasable","17":"product-type-simple"},"_links":{"self":[{"href":"https:\/\/roveyayinevi.com.tr\/index.php\/wp-json\/wp\/v2\/product\/753343","targetHints":{"allow":["GET"]}}],"collection":[{"href":"https:\/\/roveyayinevi.com.tr\/index.php\/wp-json\/wp\/v2\/product"}],"about":[{"href":"https:\/\/roveyayinevi.com.tr\/index.php\/wp-json\/wp\/v2\/types\/product"}],"wp:attachment":[{"href":"https:\/\/roveyayinevi.com.tr\/index.php\/wp-json\/wp\/v2\/media?parent=753343"}],"wp:term":[{"taxonomy":"product_brand","embeddable":true,"href":"https:\/\/roveyayinevi.com.tr\/index.php\/wp-json\/wp\/v2\/product_brand?post=753343"},{"taxonomy":"product_cat","embeddable":true,"href":"https:\/\/roveyayinevi.com.tr\/index.php\/wp-json\/wp\/v2\/product_cat?post=753343"},{"taxonomy":"product_tag","embeddable":true,"href":"https:\/\/roveyayinevi.com.tr\/index.php\/wp-json\/wp\/v2\/product_tag?post=753343"}],"curies":[{"name":"wp","href":"https:\/\/api.w.org\/{rel}","templated":true}]}}