{"id":753322,"date":"2025-08-28T05:40:22","date_gmt":"2025-08-28T02:40:22","guid":{"rendered":"https:\/\/roveyayinevi.com.tr\/index.php\/urun\/eve-donus-yolu-ciltli-2\/"},"modified":"2026-04-16T03:06:44","modified_gmt":"2026-04-16T00:06:44","slug":"eve-donus-yolu-ciltli-2","status":"publish","type":"product","link":"https:\/\/roveyayinevi.com.tr\/index.php\/urun\/eve-donus-yolu-ciltli-2\/","title":{"rendered":"Eve D\u00f6n\u00fc\u015f Yolu (Ciltli)"},"content":{"rendered":"<p>\u201cBir zamanlar bir \u00e7ocuk vard\u0131. G\u00fcn\u00fcn birinde Ay\u2019da mahsur kald\u0131. Ancak yaln\u0131z de\u011fildi\u2026\u201d D\u00fcnyaca \u00fcnl\u00fc yazar ve \u00e7izer Oliver Jeffers\u2019dan farkl\u0131l\u0131klar\u0131na ra\u011fmen ortak bir noktada bulu\u015fan iki dostun macera dolu hik\u00e2yesi. <\/p>\n","protected":false},"excerpt":{"rendered":"<p>\u201cBir zamanlar bir \u00e7ocuk vard\u0131. G\u00fcn\u00fcn birinde Ay\u2019da mahsur kald\u0131. Ancak yaln\u0131z de\u011fildi\u2026\u201d D\u00fcnyaca \u00fcnl\u00fc yazar ve \u00e7izer Oliver Jeffers\u2019dan farkl\u0131l\u0131klar\u0131na ra\u011fmen ortak bir noktada bulu\u015fan<span class=\"excerpt-hellip\"> [\u2026]<\/span><\/p>\n","protected":false},"featured_media":0,"template":"","meta":{"_monsterinsights_skip_tracking":false,"_monsterinsights_sitenote_active":false,"_monsterinsights_sitenote_note":"","_monsterinsights_sitenote_category":0},"product_brand":[],"product_cat":[12274,12284],"product_tag":[],"class_list":{"0":"post-753322","1":"product","2":"type-product","3":"status-publish","5":"product_cat-cocuk-ve-genclik-kitaplari","6":"product_cat-hikayeler","7":"pa_cilt-ciltli","8":"pa_tur-kitap","9":"pa_yayinevi-ketebe-yayinlari","10":"pa_yazar-oliver-jeffers","12":"first","13":"instock","14":"sale","15":"shipping-taxable","16":"purchasable","17":"product-type-simple"},"_links":{"self":[{"href":"https:\/\/roveyayinevi.com.tr\/index.php\/wp-json\/wp\/v2\/product\/753322","targetHints":{"allow":["GET"]}}],"collection":[{"href":"https:\/\/roveyayinevi.com.tr\/index.php\/wp-json\/wp\/v2\/product"}],"about":[{"href":"https:\/\/roveyayinevi.com.tr\/index.php\/wp-json\/wp\/v2\/types\/product"}],"wp:attachment":[{"href":"https:\/\/roveyayinevi.com.tr\/index.php\/wp-json\/wp\/v2\/media?parent=753322"}],"wp:term":[{"taxonomy":"product_brand","embeddable":true,"href":"https:\/\/roveyayinevi.com.tr\/index.php\/wp-json\/wp\/v2\/product_brand?post=753322"},{"taxonomy":"product_cat","embeddable":true,"href":"https:\/\/roveyayinevi.com.tr\/index.php\/wp-json\/wp\/v2\/product_cat?post=753322"},{"taxonomy":"product_tag","embeddable":true,"href":"https:\/\/roveyayinevi.com.tr\/index.php\/wp-json\/wp\/v2\/product_tag?post=753322"}],"curies":[{"name":"wp","href":"https:\/\/api.w.org\/{rel}","templated":true}]}}