{"id":753320,"date":"2025-08-28T05:40:19","date_gmt":"2025-08-28T02:40:19","guid":{"rendered":"https:\/\/roveyayinevi.com.tr\/index.php\/urun\/etkili-oyuncular\/"},"modified":"2026-04-16T03:06:44","modified_gmt":"2026-04-16T00:06:44","slug":"etkili-oyuncular","status":"publish","type":"product","link":"https:\/\/roveyayinevi.com.tr\/index.php\/urun\/etkili-oyuncular\/","title":{"rendered":"Etkili Oyuncular"},"content":{"rendered":"<p>Thinkers50\u2019ye g\u00f6re 2022\u2019nin en iyi10 y\u00f6neticilik kitaplar\u0131ndan biriBa\u015fkalar\u0131 sadece i\u015fini yaparken, etkili oyuncular esas yap\u0131lmas\u0131 gerekeni bulur.Ba\u015fkalar\u0131 talimat beklerken, etkili oyuncular inisiyatif al\u0131r.Ba\u015fkalar\u0131 \u015fikayet ederken, etkili oyuncular i\u015f bitirir.Ba\u015fkalar\u0131 de\u011fi\u015fime kar\u015f\u0131 koyarken, etkili oyuncular d\u00f6n\u00fc\u015f\u00fcr, adapte olur. Apple, Disney, Facebook, Google, Microsoft, Nike, Tesla ve Twitter gibi devlere liderlik \u00f6\u011fretmi\u015f Liz Wiseman\u2019a g\u00f6re her organizasyonda vard\u0131r b\u00f6yle insanlar. Ad\u0131ndan anla\u015f\u0131labilece\u011fi gibi etkisi yaman, zoru kolay yapan \u00e7al\u0131\u015fanlar. Emir kulu olmayan, fark yaratan, sorun \u00e7\u00f6zen oyuncular. \u00dcstelik etkili oyunculuk m\u00fcessesesi r\u00fctbe tan\u0131maz. Parlak bir y\u00f6netici yahut mahir bir emek\u00e7i etkili oyuncu olabilir. Etkili Oyuncular, do\u011fru zihniyet ve pratiklerle herkesin etkili oyuncu olabilece\u011fini \u00f6ne s\u00fcr\u00fcyor. Bir \u00e7al\u0131\u015fan\u0131 etkili oyuncu yapabilecek t\u00fcm bilgelikleri okuyucusuyla payla\u015f\u0131yor. Denebilir ki herkes \u00e7al\u0131\u015fma hayat\u0131nda etkili oyuncularla kar\u015f\u0131la\u015fm\u0131\u015ft\u0131r. E\u011fer kar\u015f\u0131la\u015fmad\u0131ysan\u0131z, belki de o etkili oyuncu sizdiniz\u2026<\/p>\n","protected":false},"excerpt":{"rendered":"<p>Thinkers50\u2019ye g\u00f6re 2022\u2019nin en iyi10 y\u00f6neticilik kitaplar\u0131ndan biriBa\u015fkalar\u0131 sadece i\u015fini yaparken, etkili oyuncular esas yap\u0131lmas\u0131 gerekeni bulur.Ba\u015fkalar\u0131 talimat beklerken, etkili oyuncular inisiyatif al\u0131r.Ba\u015fkalar\u0131 \u015fikayet ederken, etkili<span class=\"excerpt-hellip\"> [\u2026]<\/span><\/p>\n","protected":false},"featured_media":0,"template":"","meta":{"_monsterinsights_skip_tracking":false,"_monsterinsights_sitenote_active":false,"_monsterinsights_sitenote_note":"","_monsterinsights_sitenote_category":0},"product_brand":[],"product_cat":[13043,17647],"product_tag":[],"class_list":{"0":"post-753320","1":"product","2":"type-product","3":"status-publish","5":"product_cat-ekonomi","6":"product_cat-is-dunyasi","7":"pa_cilt-ciltsiz","8":"pa_tur-kitap","9":"pa_yayinevi-okuyan-us-yayin","10":"pa_yazar-liz-wiseman","12":"first","13":"instock","14":"sale","15":"shipping-taxable","16":"purchasable","17":"product-type-simple"},"_links":{"self":[{"href":"https:\/\/roveyayinevi.com.tr\/index.php\/wp-json\/wp\/v2\/product\/753320","targetHints":{"allow":["GET"]}}],"collection":[{"href":"https:\/\/roveyayinevi.com.tr\/index.php\/wp-json\/wp\/v2\/product"}],"about":[{"href":"https:\/\/roveyayinevi.com.tr\/index.php\/wp-json\/wp\/v2\/types\/product"}],"wp:attachment":[{"href":"https:\/\/roveyayinevi.com.tr\/index.php\/wp-json\/wp\/v2\/media?parent=753320"}],"wp:term":[{"taxonomy":"product_brand","embeddable":true,"href":"https:\/\/roveyayinevi.com.tr\/index.php\/wp-json\/wp\/v2\/product_brand?post=753320"},{"taxonomy":"product_cat","embeddable":true,"href":"https:\/\/roveyayinevi.com.tr\/index.php\/wp-json\/wp\/v2\/product_cat?post=753320"},{"taxonomy":"product_tag","embeddable":true,"href":"https:\/\/roveyayinevi.com.tr\/index.php\/wp-json\/wp\/v2\/product_tag?post=753320"}],"curies":[{"name":"wp","href":"https:\/\/api.w.org\/{rel}","templated":true}]}}