{"id":753315,"date":"2025-08-28T05:40:08","date_gmt":"2025-08-28T02:40:08","guid":{"rendered":"https:\/\/roveyayinevi.com.tr\/index.php\/urun\/ne-olsam\/"},"modified":"2026-04-16T03:06:44","modified_gmt":"2026-04-16T00:06:44","slug":"ne-olsam","status":"publish","type":"product","link":"https:\/\/roveyayinevi.com.tr\/index.php\/urun\/ne-olsam\/","title":{"rendered":"Ne Olsam?"},"content":{"rendered":"<p>Hayat\u0131n benim i\u00e7in zorlu ve eksik ba\u015flayan k\u0131sm\u0131n\u0131, e\u011fitimlerle ve inanc\u0131mla, beni sevenler ve sevdiklerimle birlikte ya\u015farken, ruhumla tart\u0131\u015ft\u0131\u011f\u0131m her an kaleme d\u00f6k\u00fclen \u015fiirlerimi siz sevgili okurlara sunuyorum\u2026 \u015eiirin derinliklerine olan yolculu\u011funuz a\u00e7\u0131k olsun\u2026     \u201cBen hi\u00e7 k\u00e2\u011f\u0131t ve kalem ile \u015fiirler yazamad\u0131m, Uykusuz gecelerde g\u00f6zya\u015flar\u0131m\u0131 ak\u0131tmad\u0131m, G\u00f6ky\u00fcz\u00fcnden, umutsuz s\u00f6n\u00fck y\u0131ld\u0131zlar\u0131 toplad\u0131m, Onlar\u0131 \u015f\u00fck\u00fcrler ile parlat\u0131p g\u00f6\u011fe yollad\u0131m\u2026\u201d<\/p>\n","protected":false},"excerpt":{"rendered":"<p>Hayat\u0131n benim i\u00e7in zorlu ve eksik ba\u015flayan k\u0131sm\u0131n\u0131, e\u011fitimlerle ve inanc\u0131mla, beni sevenler ve sevdiklerimle birlikte ya\u015farken, ruhumla tart\u0131\u015ft\u0131\u011f\u0131m her an kaleme d\u00f6k\u00fclen \u015fiirlerimi siz sevgili<span class=\"excerpt-hellip\"> [\u2026]<\/span><\/p>\n","protected":false},"featured_media":0,"template":"","meta":{"_monsterinsights_skip_tracking":false,"_monsterinsights_sitenote_active":false,"_monsterinsights_sitenote_note":"","_monsterinsights_sitenote_category":0},"product_brand":[],"product_cat":[12291,12509],"product_tag":[],"class_list":{"0":"post-753315","1":"product","2":"type-product","3":"status-publish","5":"product_cat-edebiyat","6":"product_cat-siir","7":"pa_cilt-ciltsiz","8":"pa_tur-kitap","9":"pa_yayinevi-elpis-yayinlari","10":"pa_yazar-enes-alparslan","12":"first","13":"instock","14":"sale","15":"shipping-taxable","16":"purchasable","17":"product-type-simple"},"_links":{"self":[{"href":"https:\/\/roveyayinevi.com.tr\/index.php\/wp-json\/wp\/v2\/product\/753315","targetHints":{"allow":["GET"]}}],"collection":[{"href":"https:\/\/roveyayinevi.com.tr\/index.php\/wp-json\/wp\/v2\/product"}],"about":[{"href":"https:\/\/roveyayinevi.com.tr\/index.php\/wp-json\/wp\/v2\/types\/product"}],"wp:attachment":[{"href":"https:\/\/roveyayinevi.com.tr\/index.php\/wp-json\/wp\/v2\/media?parent=753315"}],"wp:term":[{"taxonomy":"product_brand","embeddable":true,"href":"https:\/\/roveyayinevi.com.tr\/index.php\/wp-json\/wp\/v2\/product_brand?post=753315"},{"taxonomy":"product_cat","embeddable":true,"href":"https:\/\/roveyayinevi.com.tr\/index.php\/wp-json\/wp\/v2\/product_cat?post=753315"},{"taxonomy":"product_tag","embeddable":true,"href":"https:\/\/roveyayinevi.com.tr\/index.php\/wp-json\/wp\/v2\/product_tag?post=753315"}],"curies":[{"name":"wp","href":"https:\/\/api.w.org\/{rel}","templated":true}]}}