{"id":753303,"date":"2025-08-28T05:39:46","date_gmt":"2025-08-28T02:39:46","guid":{"rendered":"https:\/\/roveyayinevi.com.tr\/index.php\/urun\/gantz-16\/"},"modified":"2026-04-16T03:06:43","modified_gmt":"2026-04-16T00:06:43","slug":"gantz-16","status":"publish","type":"product","link":"https:\/\/roveyayinevi.com.tr\/index.php\/urun\/gantz-16\/","title":{"rendered":"Gantz 16"},"content":{"rendered":"<p>Gantz&#8217;\u0131n belirledi\u011fi hedef Tae Kocima. Kurono&#8217;nun ve \u0130zumi&#8217;nin yan\u0131ndakiler olmak \u00fczere iki gruba ayr\u0131lan insanlar aras\u0131ndaki sava\u015f, sonunda hayatlar\u0131n de\u011fi\u015f toku\u015f edildi\u011fi noktaya ula\u015f\u0131r. Kurono, k\u0131z arkada\u015f\u0131n\u0131 korumak i\u00e7in ilk kez bir adam \u00f6ld\u00fcr\u00fcr. Ancak Kocima, \u0130zumi&#8217;nin k\u0131l\u0131c\u0131na yenik d\u00fc\u015fer&#8230; Kendisini son derece derin bir umutsuzlu\u011fun pen\u00e7esinde bulan ve bir kez daha sevdi\u011fi birini kaybeden Kurono, 100 puana ula\u015fman\u0131n baz\u0131 \u00f6zel avantajlar getirece\u011fini \u00f6\u011frenir. Bunlar aras\u0131nda \u00f6len bir \u00fcyeyi yeniden canland\u0131rmak da vard\u0131r&#8230; Hik\u00e2ye ak\u0131\u015f\u0131 ve ana kahramanlar\u0131n\u0131n ya\u015fad\u0131klar\u0131yla di\u011fer t\u00fcm mangalardan ayr\u0131lan yeti\u015fkin mangas\u0131 Gantz, y\u00fcksek temposuyla \u015fa\u015f\u0131rtmaya devam ediyor.<\/p>\n","protected":false},"excerpt":{"rendered":"<p>Gantz&#8217;\u0131n belirledi\u011fi hedef Tae Kocima. Kurono&#8217;nun ve \u0130zumi&#8217;nin yan\u0131ndakiler olmak \u00fczere iki gruba ayr\u0131lan insanlar aras\u0131ndaki sava\u015f, sonunda hayatlar\u0131n de\u011fi\u015f toku\u015f edildi\u011fi noktaya ula\u015f\u0131r. Kurono, k\u0131z<span class=\"excerpt-hellip\"> [\u2026]<\/span><\/p>\n","protected":false},"featured_media":0,"template":"","meta":{"_monsterinsights_skip_tracking":false,"_monsterinsights_sitenote_active":false,"_monsterinsights_sitenote_note":"","_monsterinsights_sitenote_category":0},"product_brand":[],"product_cat":[12416,12291],"product_tag":[],"class_list":{"0":"post-753303","1":"product","2":"type-product","3":"status-publish","5":"product_cat-cizgi-roman","6":"product_cat-edebiyat","7":"pa_cilt-ciltsiz","8":"pa_tur-kitap","9":"pa_yayinevi-kurukafa","10":"pa_yazar-hiroya-oku","12":"first","13":"instock","14":"sale","15":"shipping-taxable","16":"purchasable","17":"product-type-simple"},"_links":{"self":[{"href":"https:\/\/roveyayinevi.com.tr\/index.php\/wp-json\/wp\/v2\/product\/753303","targetHints":{"allow":["GET"]}}],"collection":[{"href":"https:\/\/roveyayinevi.com.tr\/index.php\/wp-json\/wp\/v2\/product"}],"about":[{"href":"https:\/\/roveyayinevi.com.tr\/index.php\/wp-json\/wp\/v2\/types\/product"}],"wp:attachment":[{"href":"https:\/\/roveyayinevi.com.tr\/index.php\/wp-json\/wp\/v2\/media?parent=753303"}],"wp:term":[{"taxonomy":"product_brand","embeddable":true,"href":"https:\/\/roveyayinevi.com.tr\/index.php\/wp-json\/wp\/v2\/product_brand?post=753303"},{"taxonomy":"product_cat","embeddable":true,"href":"https:\/\/roveyayinevi.com.tr\/index.php\/wp-json\/wp\/v2\/product_cat?post=753303"},{"taxonomy":"product_tag","embeddable":true,"href":"https:\/\/roveyayinevi.com.tr\/index.php\/wp-json\/wp\/v2\/product_tag?post=753303"}],"curies":[{"name":"wp","href":"https:\/\/api.w.org\/{rel}","templated":true}]}}