{"id":753286,"date":"2025-08-28T05:39:17","date_gmt":"2025-08-28T02:39:17","guid":{"rendered":"https:\/\/roveyayinevi.com.tr\/index.php\/urun\/kurk-mantolu-madonna-31\/"},"modified":"2025-12-30T11:12:42","modified_gmt":"2025-12-30T08:12:42","slug":"kurk-mantolu-madonna-31","status":"publish","type":"product","link":"https:\/\/roveyayinevi.com.tr\/index.php\/urun\/kurk-mantolu-madonna-31\/","title":{"rendered":"K\u00fcrk Mantolu Madonna"},"content":{"rendered":"<p>Ger\u00e7ek a\u015fk\u0131 arayan iki insan\u0131n tutku dolu ili\u015fkilerinin roman\u0131&#8230;   K\u00fcrk Mantolu Madonna, edebiyat\u0131m\u0131zda d\u00fc\u015fle ger\u00e7e\u011fin kesi\u015fti\u011fi noktalar\u0131yla a\u015fk\u0131n y\u00fcceli\u011finin, sevginin birle\u015ftiricili\u011fiyle vazge\u00e7ilmezli\u011finin roman\u0131d\u0131r. Ya\u015fama sevincinin s\u00fcreklili\u011fine, yaln\u0131zl\u0131k kar\u015f\u0131s\u0131nda birlikteli\u011fe yak\u0131lm\u0131\u015f bir t\u00fcrk\u00fcd\u00fcr. Ger\u00e7ekli\u011fi bundand\u0131r.Adnan \u00d6zyal\u00e7\u0131ner   Roman\u0131n as\u0131l olay \u00f6rg\u00fcs\u00fc, Raif Efendi i\u00e7in hayat\u0131n\u0131n en yo\u011fun ya\u015fand\u0131\u011f\u0131 \u00fc\u00e7 ayl\u0131k bir d\u00f6nemin hik\u00e2yesi \u00fczerine kurulmu\u015ftur. Bu hik\u00e2yenin ana temas\u0131 ve motive edici g\u00fcc\u00fc, a\u015fkt\u0131r. Raif Efendi, hayat\u0131n k\u00f6t\u00fc s\u00fcrprizleri sonucu kaybetti\u011fi d\u00f6nemin hat\u0131ralar\u0131n\u0131, kendisini h\u00e2lde \u00e7eviren anlams\u0131zl\u0131klara i\u00e7ten bir tepki olarak hayalinde ya\u015famaktad\u0131r. Onu bu hayale daha \u015fiddetle gitme ihtiyac\u0131na sevk eden \u015fey ise, bu d\u00f6neme ait s\u0131k\u0131nt\u0131lardan ka\u00e7\u0131\u015f duygusudur. Ramazan Korkmaz <\/p>\n","protected":false},"excerpt":{"rendered":"<p>Ger\u00e7ek a\u015fk\u0131 arayan iki insan\u0131n tutku dolu ili\u015fkilerinin roman\u0131&#8230; K\u00fcrk Mantolu Madonna, edebiyat\u0131m\u0131zda d\u00fc\u015fle ger\u00e7e\u011fin kesi\u015fti\u011fi noktalar\u0131yla a\u015fk\u0131n y\u00fcceli\u011finin, sevginin birle\u015ftiricili\u011fiyle vazge\u00e7ilmezli\u011finin roman\u0131d\u0131r. Ya\u015fama sevincinin s\u00fcreklili\u011fine,<span class=\"excerpt-hellip\"> [\u2026]<\/span><\/p>\n","protected":false},"featured_media":0,"template":"","meta":{"_monsterinsights_skip_tracking":false,"_monsterinsights_sitenote_active":false,"_monsterinsights_sitenote_note":"","_monsterinsights_sitenote_category":0},"product_brand":[],"product_cat":[12291,12711],"product_tag":[],"class_list":{"0":"post-753286","1":"product","2":"type-product","3":"status-publish","5":"product_cat-edebiyat","6":"product_cat-roman-oyku","7":"pa_cilt-ciltsiz","8":"pa_tur-kitap","9":"pa_yayinevi-parantez-yayinlari","10":"pa_yazar-sabahattin-ali","12":"first","13":"instock","14":"sale","15":"shipping-taxable","16":"purchasable","17":"product-type-simple"},"_links":{"self":[{"href":"https:\/\/roveyayinevi.com.tr\/index.php\/wp-json\/wp\/v2\/product\/753286","targetHints":{"allow":["GET"]}}],"collection":[{"href":"https:\/\/roveyayinevi.com.tr\/index.php\/wp-json\/wp\/v2\/product"}],"about":[{"href":"https:\/\/roveyayinevi.com.tr\/index.php\/wp-json\/wp\/v2\/types\/product"}],"wp:attachment":[{"href":"https:\/\/roveyayinevi.com.tr\/index.php\/wp-json\/wp\/v2\/media?parent=753286"}],"wp:term":[{"taxonomy":"product_brand","embeddable":true,"href":"https:\/\/roveyayinevi.com.tr\/index.php\/wp-json\/wp\/v2\/product_brand?post=753286"},{"taxonomy":"product_cat","embeddable":true,"href":"https:\/\/roveyayinevi.com.tr\/index.php\/wp-json\/wp\/v2\/product_cat?post=753286"},{"taxonomy":"product_tag","embeddable":true,"href":"https:\/\/roveyayinevi.com.tr\/index.php\/wp-json\/wp\/v2\/product_tag?post=753286"}],"curies":[{"name":"wp","href":"https:\/\/api.w.org\/{rel}","templated":true}]}}