{"id":753282,"date":"2025-08-28T05:39:11","date_gmt":"2025-08-28T02:39:11","guid":{"rendered":"https:\/\/roveyayinevi.com.tr\/index.php\/urun\/kucuk-dahiler-icin-bilim-bulmacalari\/"},"modified":"2026-04-16T03:06:43","modified_gmt":"2026-04-16T00:06:43","slug":"kucuk-dahiler-icin-bilim-bulmacalari","status":"publish","type":"product","link":"https:\/\/roveyayinevi.com.tr\/index.php\/urun\/kucuk-dahiler-icin-bilim-bulmacalari\/","title":{"rendered":"K\u00fc\u00e7\u00fck Dahiler \u0130\u00e7in Bilim Bulmacalar\u0131"},"content":{"rendered":"<p>\u00c7ok satan K\u00fc\u00e7\u00fck Dahiler serisinin bu yeni kitab\u0131, \u00e7ocuklar\u0131n bilim, teknoloji, m\u00fchendislik ve matematik bilgilerini test edecek birbirinden e\u011flenceli oyunlarla dolu.Oklar\u0131 kullanarak bilgisayar\u0131 kodlayabilir misiniz? Ya da en h\u0131zl\u0131 u\u00e7an u\u00e7a\u011f\u0131 bulabilir misiniz? Peki ya\u015fam alanlar\u0131na g\u00f6re hayvanlar\u0131 e\u015fle\u015ftirebilir misiniz? Kimya bulmacalar\u0131 ve matematik labirentlerinden, teknoloji oyunlar\u0131 ve m\u00fchendislik gizemlerine kadar, beyninizi formda tutacak bir s\u00fcr\u00fc heyecan verici bulmaca sizi bekliyor.Avrupa\u2019n\u0131n en \u00e7ok satan bulmaca kitaplar\u0131 yazar\u0131 Dr. Gareth Moore\u2019un K\u00dc\u00c7\u00dcK DAH\u0130LER serisi sadece \u0130ngiltere\u2019de 500.000 adetten fazla satt\u0131.<\/p>\n","protected":false},"excerpt":{"rendered":"<p>\u00c7ok satan K\u00fc\u00e7\u00fck Dahiler serisinin bu yeni kitab\u0131, \u00e7ocuklar\u0131n bilim, teknoloji, m\u00fchendislik ve matematik bilgilerini test edecek birbirinden e\u011flenceli oyunlarla dolu.Oklar\u0131 kullanarak bilgisayar\u0131 kodlayabilir misiniz? Ya<span class=\"excerpt-hellip\"> [\u2026]<\/span><\/p>\n","protected":false},"featured_media":0,"template":"","meta":{"_monsterinsights_skip_tracking":false,"_monsterinsights_sitenote_active":false,"_monsterinsights_sitenote_note":"","_monsterinsights_sitenote_category":0},"product_brand":[],"product_cat":[12492,12274],"product_tag":[],"class_list":{"0":"post-753282","1":"product","2":"type-product","3":"status-publish","5":"product_cat-bilmece-bulmaca","6":"product_cat-cocuk-ve-genclik-kitaplari","7":"pa_cilt-ciltsiz","8":"pa_tur-kitap10","9":"pa_yayinevi-diyojen-yayincilik","10":"pa_yazar-gareth-moore","12":"first","13":"instock","14":"sale","15":"shipping-taxable","16":"purchasable","17":"product-type-simple"},"_links":{"self":[{"href":"https:\/\/roveyayinevi.com.tr\/index.php\/wp-json\/wp\/v2\/product\/753282","targetHints":{"allow":["GET"]}}],"collection":[{"href":"https:\/\/roveyayinevi.com.tr\/index.php\/wp-json\/wp\/v2\/product"}],"about":[{"href":"https:\/\/roveyayinevi.com.tr\/index.php\/wp-json\/wp\/v2\/types\/product"}],"wp:attachment":[{"href":"https:\/\/roveyayinevi.com.tr\/index.php\/wp-json\/wp\/v2\/media?parent=753282"}],"wp:term":[{"taxonomy":"product_brand","embeddable":true,"href":"https:\/\/roveyayinevi.com.tr\/index.php\/wp-json\/wp\/v2\/product_brand?post=753282"},{"taxonomy":"product_cat","embeddable":true,"href":"https:\/\/roveyayinevi.com.tr\/index.php\/wp-json\/wp\/v2\/product_cat?post=753282"},{"taxonomy":"product_tag","embeddable":true,"href":"https:\/\/roveyayinevi.com.tr\/index.php\/wp-json\/wp\/v2\/product_tag?post=753282"}],"curies":[{"name":"wp","href":"https:\/\/api.w.org\/{rel}","templated":true}]}}