{"id":753278,"date":"2025-08-28T05:39:05","date_gmt":"2025-08-28T02:39:05","guid":{"rendered":"https:\/\/roveyayinevi.com.tr\/index.php\/urun\/toksikolojide-guncel-yaklasimlar\/"},"modified":"2026-04-16T03:06:43","modified_gmt":"2026-04-16T00:06:43","slug":"toksikolojide-guncel-yaklasimlar","status":"publish","type":"product","link":"https:\/\/roveyayinevi.com.tr\/index.php\/urun\/toksikolojide-guncel-yaklasimlar\/","title":{"rendered":"Toksikolojide G\u00fcncel Yakla\u015f\u0131mlar"},"content":{"rendered":"<p>\u00d6nlenebilir sa\u011fl\u0131k sorunlar\u0131ndan olan zehirlenmelere yakla\u015f\u0131mda pek \u00e7ok klinisyenin h\u0131zla yenilenen literat\u00fcre uyumunda zorluklar ya\u015fand\u0131\u011f\u0131n\u0131 bilmekteyiz. Efsanelere konu olan zehirlerin g\u00fcn\u00fcm\u00fczde bile tam anlam\u0131yla bilinemeyen say\u0131da olmas\u0131, doz ve etki mekanizmalar\u0131nda olan farkl\u0131l\u0131klar kapsaml\u0131 klinik \u00e7al\u0131\u015fmalara ihtiya\u00e7 oldu\u011funun g\u00f6stergesidir. Klinisyenlerimiz tecr\u00fcbelerini ve g\u00fcncel literat\u00fcr bilgilerini t\u0131p fak\u00fcltesi \u00f6\u011frencilerine, asistanlara, uzmanlara ve akademisyenlere ellerinden geldi\u011fince sunmaya \u00e7al\u0131\u015ft\u0131lar. Bu anlamda acil t\u0131p, anestezi ve reanimasyon, kad\u0131n do\u011fum ve psikiyatri alanlar\u0131nda kitab\u0131m\u0131za destek veren t\u00fcm hekimlerimize, edit\u00f6r\u00fcm\u00fcz Prof. Dr. Mehmet G\u00fcl\u2019e ve katk\u0131lar\u0131ndan dolay\u0131 Prof. Dr. Ba\u015far Cander\u2019e, Prof. Dr. Serkan Emre Ero\u011flu\u2019ya, Do\u00e7. Dr. Ramazan K\u00f6yl\u00fc\u2019ye ayr\u0131 ayr\u0131 te\u015fekk\u00fcr ederiz.<\/p>\n","protected":false},"excerpt":{"rendered":"<p>\u00d6nlenebilir sa\u011fl\u0131k sorunlar\u0131ndan olan zehirlenmelere yakla\u015f\u0131mda pek \u00e7ok klinisyenin h\u0131zla yenilenen literat\u00fcre uyumunda zorluklar ya\u015fand\u0131\u011f\u0131n\u0131 bilmekteyiz. Efsanelere konu olan zehirlerin g\u00fcn\u00fcm\u00fczde bile tam anlam\u0131yla bilinemeyen say\u0131da<span class=\"excerpt-hellip\"> [\u2026]<\/span><\/p>\n","protected":false},"featured_media":0,"template":"","meta":{"_monsterinsights_skip_tracking":false,"_monsterinsights_sitenote_active":false,"_monsterinsights_sitenote_note":"","_monsterinsights_sitenote_category":0},"product_brand":[],"product_cat":[13365],"product_tag":[],"class_list":{"0":"post-753278","1":"product","2":"type-product","3":"status-publish","5":"product_cat-saglik","6":"pa_cilt-ciltsiz","7":"pa_tur-kitap","8":"pa_yayinevi-platanus-publishing","9":"pa_yazar-kolektif","11":"first","12":"instock","13":"sale","14":"shipping-taxable","15":"purchasable","16":"product-type-simple"},"_links":{"self":[{"href":"https:\/\/roveyayinevi.com.tr\/index.php\/wp-json\/wp\/v2\/product\/753278","targetHints":{"allow":["GET"]}}],"collection":[{"href":"https:\/\/roveyayinevi.com.tr\/index.php\/wp-json\/wp\/v2\/product"}],"about":[{"href":"https:\/\/roveyayinevi.com.tr\/index.php\/wp-json\/wp\/v2\/types\/product"}],"wp:attachment":[{"href":"https:\/\/roveyayinevi.com.tr\/index.php\/wp-json\/wp\/v2\/media?parent=753278"}],"wp:term":[{"taxonomy":"product_brand","embeddable":true,"href":"https:\/\/roveyayinevi.com.tr\/index.php\/wp-json\/wp\/v2\/product_brand?post=753278"},{"taxonomy":"product_cat","embeddable":true,"href":"https:\/\/roveyayinevi.com.tr\/index.php\/wp-json\/wp\/v2\/product_cat?post=753278"},{"taxonomy":"product_tag","embeddable":true,"href":"https:\/\/roveyayinevi.com.tr\/index.php\/wp-json\/wp\/v2\/product_tag?post=753278"}],"curies":[{"name":"wp","href":"https:\/\/api.w.org\/{rel}","templated":true}]}}