{"id":753249,"date":"2025-08-28T05:38:23","date_gmt":"2025-08-28T02:38:23","guid":{"rendered":"https:\/\/roveyayinevi.com.tr\/index.php\/urun\/insan-nedir-livaneli-kitapligi\/"},"modified":"2026-04-16T03:06:42","modified_gmt":"2026-04-16T00:06:42","slug":"insan-nedir-livaneli-kitapligi","status":"publish","type":"product","link":"https:\/\/roveyayinevi.com.tr\/index.php\/urun\/insan-nedir-livaneli-kitapligi\/","title":{"rendered":"\u0130nsan Nedir? &#8211; Livaneli Kitapl\u0131\u011f\u0131"},"content":{"rendered":"<p>\u0130nsan bir makine midir? Bug\u00fcn akl\u0131n\u0131zdan ge\u00e7en ka\u00e7 d\u00fc\u015f\u00fcnce sahiden size ait ya da yapt\u0131\u011f\u0131n\u0131z ka\u00e7 eylemi ger\u00e7ekten fark\u0131nda olarak yapt\u0131n\u0131z? Beynin ki\u015fiden ba\u011f\u0131ms\u0131z i\u015fledi\u011fini ve insan\u0131n d\u0131\u015f etkenlerin itici g\u00fcc\u00fcne ba\u011fl\u0131 olan bir makineden ibaret oldu\u011funu \u00f6ne s\u00fcren \u0130nsan Nedir? ters k\u00f6\u015fe bir bak\u0131\u015f a\u00e7\u0131s\u0131 sunuyor.  Ya\u015fl\u0131 bir bilgeyle toy bir gen\u00e7 aras\u0131nda diyaloglar halinde ge\u00e7en bu Sokratesvari metinde ak\u0131l da dahil insan\u0131 insan yapan pek \u00e7ok \u015fey sorgulan\u0131rken ortaya \u201crahats\u0131z edici\u201d bir manzara \u00e7\u0131k\u0131yor. \u0130nsan Nedir? benlik, \u00f6zg\u00fcr irade, vicdan, fedak\u00e2rl\u0131k gibi kavramlar\u0131n ters y\u00fcz edildi\u011fi s\u0131ra d\u0131\u015f\u0131 bir okuma vaat ediyor.  Mark Twain\u2019in bu ayr\u0131ks\u0131 metni, T\u00fcrk edebiyat\u0131n\u0131n ayd\u0131n kalemi Z\u00fclf\u00fc Livaneli\u2019nin se\u00e7kisinde \u00f6zel bir yer edinirken yine onun \u00f6ns\u00f6z\u00fcyle yol g\u00f6sterici bir sorgulamaya d\u00f6n\u00fc\u015f\u00fcyor.<\/p>\n","protected":false},"excerpt":{"rendered":"<p>\u0130nsan bir makine midir? Bug\u00fcn akl\u0131n\u0131zdan ge\u00e7en ka\u00e7 d\u00fc\u015f\u00fcnce sahiden size ait ya da yapt\u0131\u011f\u0131n\u0131z ka\u00e7 eylemi ger\u00e7ekten fark\u0131nda olarak yapt\u0131n\u0131z? Beynin ki\u015fiden ba\u011f\u0131ms\u0131z i\u015fledi\u011fini ve<span class=\"excerpt-hellip\"> [\u2026]<\/span><\/p>\n","protected":false},"featured_media":0,"template":"","meta":{"_monsterinsights_skip_tracking":false,"_monsterinsights_sitenote_active":false,"_monsterinsights_sitenote_note":"","_monsterinsights_sitenote_category":0},"product_brand":[],"product_cat":[12291,12711],"product_tag":[],"class_list":{"0":"post-753249","1":"product","2":"type-product","3":"status-publish","5":"product_cat-edebiyat","6":"product_cat-roman-oyku","7":"pa_cilt-ciltsiz","8":"pa_tur-kitap","9":"pa_yayinevi-inkilap-kitabevi","10":"pa_yazar-mark-twain","12":"first","13":"instock","14":"sale","15":"shipping-taxable","16":"purchasable","17":"product-type-simple"},"_links":{"self":[{"href":"https:\/\/roveyayinevi.com.tr\/index.php\/wp-json\/wp\/v2\/product\/753249","targetHints":{"allow":["GET"]}}],"collection":[{"href":"https:\/\/roveyayinevi.com.tr\/index.php\/wp-json\/wp\/v2\/product"}],"about":[{"href":"https:\/\/roveyayinevi.com.tr\/index.php\/wp-json\/wp\/v2\/types\/product"}],"wp:attachment":[{"href":"https:\/\/roveyayinevi.com.tr\/index.php\/wp-json\/wp\/v2\/media?parent=753249"}],"wp:term":[{"taxonomy":"product_brand","embeddable":true,"href":"https:\/\/roveyayinevi.com.tr\/index.php\/wp-json\/wp\/v2\/product_brand?post=753249"},{"taxonomy":"product_cat","embeddable":true,"href":"https:\/\/roveyayinevi.com.tr\/index.php\/wp-json\/wp\/v2\/product_cat?post=753249"},{"taxonomy":"product_tag","embeddable":true,"href":"https:\/\/roveyayinevi.com.tr\/index.php\/wp-json\/wp\/v2\/product_tag?post=753249"}],"curies":[{"name":"wp","href":"https:\/\/api.w.org\/{rel}","templated":true}]}}