{"id":753247,"date":"2025-08-28T05:38:20","date_gmt":"2025-08-28T02:38:20","guid":{"rendered":"https:\/\/roveyayinevi.com.tr\/index.php\/urun\/kizilelma\/"},"modified":"2026-04-16T03:06:42","modified_gmt":"2026-04-16T00:06:42","slug":"kizilelma","status":"publish","type":"product","link":"https:\/\/roveyayinevi.com.tr\/index.php\/urun\/kizilelma\/","title":{"rendered":"K\u0131z\u0131lelma"},"content":{"rendered":"<p>T\u00fcrklerin zihin d\u00fcnyas\u0131nda iki bin y\u0131ld\u0131r uzak ufuklara dair arzular dola\u015ft\u0131. Ordular y\u00fczy\u0131llard\u0131r do\u011fuda g\u00fcn do\u011fusuna, bat\u0131da g\u00fcn bat\u0131s\u0131na, g\u00fcneyde g\u00fcn ortas\u0131na, kuzeyde gece ortas\u0131na do\u011fru akt\u0131k\u00e7a bu arzular g\u00fc\u00e7l\u00fc bir fetih ve \u00f6nlenemez bir cihan h\u00e2kimiyeti \u00fclk\u00fcs\u00fcne d\u00f6n\u00fc\u015ft\u00fc.  Tuna\u2019n\u0131n nereden akt\u0131\u011f\u0131n\u0131, Dinyeper\u2019in nereye d\u00f6k\u00fcld\u00fc\u011f\u00fcn\u00fc bilenler do\u011fudan bat\u0131ya zapt edemeyecekleri hi\u00e7bir \u00fclkenin olmad\u0131\u011f\u0131na inand\u0131lar. Y\u00fczy\u0131llar i\u00e7inde uzak ufuklar yeni bir isim kazand\u0131: K\u0131z\u0131lelma. Bu defa s\u00fcvariler k\u0131l\u0131\u00e7lar\u0131 daima ku\u015fan\u0131lm\u0131\u015f, atlar\u0131 daima eyerlenmi\u015f halde haz\u0131r durdular; g\u00fcn\u00fc gelince \u201cK\u0131z\u0131lelma\u2019ya dek gideriz!\u201d diye yola \u00e7\u0131kt\u0131lar. G\u00fcn olup devran d\u00f6nd\u00fc, uzak ufuklar bu defa T\u00fcrkleri kendi k\u0131skac\u0131na ald\u0131. Kahraman ak\u0131nc\u0131lar yorgun birer sava\u015f\u00e7\u0131ya d\u00f6n\u00fc\u015f\u00fcp anayurda do\u011fru \u00e7ekildiler. K\u0131z\u0131lelma yava\u015f yava\u015f dillerden d\u00fc\u015ft\u00fc, zihinlerden silindi, bulan\u0131kla\u015ft\u0131. Yine de T\u00fcrkler bu sihirli kelimeyi unutmad\u0131lar. Zaman\u0131n getirdi\u011fi bulan\u0131kl\u0131\u011f\u0131n aras\u0131nda \u201cK\u0131z\u0131lelma ne idi?\u201d diye sordular \u00f6nce. Sis perdesi aralan\u0131nca uzak ufuklara yeniden bakmaya ba\u015flad\u0131lar ve K\u0131z\u0131lelma\u2019n\u0131n hayalden \u00f6te bir \u00fclk\u00fc oldu\u011funu hat\u0131rlad\u0131lar. \u015eimdilerde \u015fu soru b\u00fct\u00fcn g\u00fcc\u00fcyle yeniden g\u00fcndemde: \u201cK\u0131z\u0131lelma neresidir?\u201d <\/p>\n","protected":false},"excerpt":{"rendered":"<p>T\u00fcrklerin zihin d\u00fcnyas\u0131nda iki bin y\u0131ld\u0131r uzak ufuklara dair arzular dola\u015ft\u0131. Ordular y\u00fczy\u0131llard\u0131r do\u011fuda g\u00fcn do\u011fusuna, bat\u0131da g\u00fcn bat\u0131s\u0131na, g\u00fcneyde g\u00fcn ortas\u0131na, kuzeyde gece ortas\u0131na do\u011fru<span class=\"excerpt-hellip\"> [\u2026]<\/span><\/p>\n","protected":false},"featured_media":0,"template":"","meta":{"_monsterinsights_skip_tracking":false,"_monsterinsights_sitenote_active":false,"_monsterinsights_sitenote_note":"","_monsterinsights_sitenote_category":0},"product_brand":[],"product_cat":[52477],"product_tag":[],"class_list":{"0":"post-753247","1":"product","2":"type-product","3":"status-publish","5":"product_cat-arastirma","6":"pa_cilt-ciltsiz","7":"pa_tur-kitap","8":"pa_yayinevi-yeditepe-yayinevi","9":"pa_yazar-tufan-gunduz","11":"first","12":"instock","13":"sale","14":"shipping-taxable","15":"purchasable","16":"product-type-simple"},"_links":{"self":[{"href":"https:\/\/roveyayinevi.com.tr\/index.php\/wp-json\/wp\/v2\/product\/753247","targetHints":{"allow":["GET"]}}],"collection":[{"href":"https:\/\/roveyayinevi.com.tr\/index.php\/wp-json\/wp\/v2\/product"}],"about":[{"href":"https:\/\/roveyayinevi.com.tr\/index.php\/wp-json\/wp\/v2\/types\/product"}],"wp:attachment":[{"href":"https:\/\/roveyayinevi.com.tr\/index.php\/wp-json\/wp\/v2\/media?parent=753247"}],"wp:term":[{"taxonomy":"product_brand","embeddable":true,"href":"https:\/\/roveyayinevi.com.tr\/index.php\/wp-json\/wp\/v2\/product_brand?post=753247"},{"taxonomy":"product_cat","embeddable":true,"href":"https:\/\/roveyayinevi.com.tr\/index.php\/wp-json\/wp\/v2\/product_cat?post=753247"},{"taxonomy":"product_tag","embeddable":true,"href":"https:\/\/roveyayinevi.com.tr\/index.php\/wp-json\/wp\/v2\/product_tag?post=753247"}],"curies":[{"name":"wp","href":"https:\/\/api.w.org\/{rel}","templated":true}]}}