{"id":753246,"date":"2025-08-28T05:38:19","date_gmt":"2025-08-28T02:38:19","guid":{"rendered":"https:\/\/roveyayinevi.com.tr\/index.php\/urun\/kitap-lik-229-eylul-ekim-2023\/"},"modified":"2026-04-16T03:06:42","modified_gmt":"2026-04-16T00:06:42","slug":"kitap-lik-229-eylul-ekim-2023","status":"publish","type":"product","link":"https:\/\/roveyayinevi.com.tr\/index.php\/urun\/kitap-lik-229-eylul-ekim-2023\/","title":{"rendered":"Kitap-l\u0131k 229 \/ Eyl\u00fcl \u2013 Ekim 2023"},"content":{"rendered":"<p>Italo Calvino 100 Ya\u015f\u0131nda   Yap\u0131 Kredi Yay\u0131nlar\u0131\u2019n\u0131n edebiyat dergisi kitap-l\u0131k\u2019\u0131n yeni say\u0131s\u0131 \u00e7\u0131kt\u0131. 229. say\u0131n\u0131n dosya konusu \u201cItalo Calvino 100 Ya\u015f\u0131nda\u201d. 20. y\u00fczy\u0131l debiyat\u0131n\u0131n Modern Klasikler aras\u0131na girmi\u015f yenilik\u00e7i yazar\u0131n\u0131n yarat\u0131 evreni ve yap\u0131tlar\u0131 Natalia Ginzburg, Neyyire G\u00fcl I\u015f\u0131k, Elio Baldi, Herv\u00e9 Le Tellier, Ercan Y\u0131lmaz, G\u00fczin Molo ve Ula\u015f Bager Aldemir\u2019in yaz\u0131lar\u0131yla ele al\u0131nd\u0131. Calvino\u2019nun kitaplar\u0131 T\u00fcrkiye\u2019de yirmi y\u0131ld\u0131r YKY taraf\u0131ndan yay\u0131mlanmakta.   Efe Murad\u2019\u0131n Seyhan Er\u00f6z\u00e7elik\u2019i bir yaz\u0131s\u0131 ve Domenico Ingenito ile Joyelle McSweeney\u2019den yapt\u0131\u011f\u0131 \u00e7evirilerle and\u0131\u011f\u0131 b\u00f6l\u00fcm\u00fcn yan\u0131 s\u0131ra, Yasemin Yaz\u0131c\u0131\u2019n\u0131n F\u00fcruzan\u2019\u0131n Benim Sinemalar\u0131m kitab\u0131n\u0131 ve filmini de\u011ferlendirmesi, Bahri Vardarl\u0131lar\u2019\u0131n ise Borges\u2019in bir \u00f6yk\u00fcs\u00fc \u00fcst\u00fcne yaz\u0131s\u0131 bu say\u0131n\u0131n \u00f6ne \u00e7\u0131kan sayfalar\u0131. Y\u00fcksel Pazarkaya, H\u00fcseyin Peker, G\u00fcltekin Emre, \u00d6mer Erdem, Tahir Musa Ceylan, Melih Elhan, Hilal \u00d6zdemir, Figen \u015eent\u00fcrk, M. Mil\u00e2t \u00d6z\u00e7elik, Vefa T. \u015fiirleri; Ferdi \u00c7etin, Bat\u0131kan K\u00f6se, Saba K\u0131rer, \u0130brahim Ala\u015f, R\u0131dvan Hatun, Simten Okan, Can \u00c7etin \u00f6yk\u00fcleri; Mehmet Erg\u00fcven, H\u00fcseyin Ferhad, G\u00f6k\u00e7e G\u00fcnd\u00fc\u00e7, Birsen Ferahl\u0131, Turan Karata\u015f, H\u00fcseyin K\u00f6se, Sevda M\u00fcjg\u00e2n yaz\u0131lar\u0131yla kitap-l\u0131k dergisinin 229. say\u0131s\u0131nda.<\/p>\n","protected":false},"excerpt":{"rendered":"<p>Italo Calvino 100 Ya\u015f\u0131nda Yap\u0131 Kredi Yay\u0131nlar\u0131\u2019n\u0131n edebiyat dergisi kitap-l\u0131k\u2019\u0131n yeni say\u0131s\u0131 \u00e7\u0131kt\u0131. 229. say\u0131n\u0131n dosya konusu \u201cItalo Calvino 100 Ya\u015f\u0131nda\u201d. 20. y\u00fczy\u0131l debiyat\u0131n\u0131n Modern Klasikler<span class=\"excerpt-hellip\"> [\u2026]<\/span><\/p>\n","protected":false},"featured_media":0,"template":"","meta":{"_monsterinsights_skip_tracking":false,"_monsterinsights_sitenote_active":false,"_monsterinsights_sitenote_note":"","_monsterinsights_sitenote_category":0},"product_brand":[],"product_cat":[13527],"product_tag":[],"class_list":{"0":"post-753246","1":"product","2":"type-product","3":"status-publish","5":"product_cat-sureli-yayinlar","6":"pa_cilt-ciltsiz","7":"pa_tur-dergi","8":"pa_yayinevi-yapi-kredi-yayinlari-dergi","9":"pa_yazar-kolektif","11":"first","12":"instock","13":"sale","14":"shipping-taxable","15":"purchasable","16":"product-type-simple"},"_links":{"self":[{"href":"https:\/\/roveyayinevi.com.tr\/index.php\/wp-json\/wp\/v2\/product\/753246","targetHints":{"allow":["GET"]}}],"collection":[{"href":"https:\/\/roveyayinevi.com.tr\/index.php\/wp-json\/wp\/v2\/product"}],"about":[{"href":"https:\/\/roveyayinevi.com.tr\/index.php\/wp-json\/wp\/v2\/types\/product"}],"wp:attachment":[{"href":"https:\/\/roveyayinevi.com.tr\/index.php\/wp-json\/wp\/v2\/media?parent=753246"}],"wp:term":[{"taxonomy":"product_brand","embeddable":true,"href":"https:\/\/roveyayinevi.com.tr\/index.php\/wp-json\/wp\/v2\/product_brand?post=753246"},{"taxonomy":"product_cat","embeddable":true,"href":"https:\/\/roveyayinevi.com.tr\/index.php\/wp-json\/wp\/v2\/product_cat?post=753246"},{"taxonomy":"product_tag","embeddable":true,"href":"https:\/\/roveyayinevi.com.tr\/index.php\/wp-json\/wp\/v2\/product_tag?post=753246"}],"curies":[{"name":"wp","href":"https:\/\/api.w.org\/{rel}","templated":true}]}}