{"id":753245,"date":"2025-08-28T05:38:18","date_gmt":"2025-08-28T02:38:18","guid":{"rendered":"https:\/\/roveyayinevi.com.tr\/index.php\/urun\/sanat-dunyamiz-196-eylul-ekim-2023\/"},"modified":"2026-04-16T03:06:42","modified_gmt":"2026-04-16T00:06:42","slug":"sanat-dunyamiz-196-eylul-ekim-2023","status":"publish","type":"product","link":"https:\/\/roveyayinevi.com.tr\/index.php\/urun\/sanat-dunyamiz-196-eylul-ekim-2023\/","title":{"rendered":"Sanat D\u00fcnyam\u0131z 196 \/ Eyl\u00fcl \u2013 Ekim 2023"},"content":{"rendered":"<p>Sanat D\u00fcnyam\u0131z\u2019da Cumhuriyet\u2019in 100. Y\u0131l\u0131nda 100 Eser listesi   Sanat D\u00fcnyam\u0131z dergisi Eyl\u00fcl Ekim say\u0131s\u0131 yay\u0131mland\u0131. Derginin bu say\u0131s\u0131nda sanat\u00e7\u0131lar, yazarlar, akademisyenler ve k\u00fcrat\u00f6rlerden olu\u015fan 100 ki\u015fiden olu\u015fan isimlerin \u00f6nerileriyle Cumhuriyet tarihine bakan 100 eserlik bir liste yay\u0131mlan\u0131yor. Bunun yan\u0131 s\u0131ra dergide SALT Galata\u2019da devam eden \u201cBa\u015fka Kayda Rastlanmad\u0131\u201d ve Pera M\u00fczesi\u2019nde devam eden \u201cIsabel Mu\u00f1oz Yeni Bir Hik\u00e2ye\u201d sergileri \u00fczerine birer yaz\u0131 okurlar\u0131 bekliyor. OMM\u2019de a\u00e7\u0131lan \u201c\u0130ki G\u00fcne\u015f Alt\u0131nda\u201d sergisi \u00fczerine k\u00fcrat\u00f6r Asl\u0131 Seven\u2019le ve \u201cCanavar\u201d oyunu \u00fczerine Tun\u00e7 \u015eahin\u2019le birer s\u00f6yle\u015fi de dergide yer al\u0131yor.   27. \u0130stanbul Tiyatro Festivali\u2019nde sahnelenecek Caf\u00e9 M\u00fcller\u2019den yola \u00e7\u0131karak Pina Bausch\u2019un pop\u00fcler k\u00fclt\u00fcrdeki yerine odaklanan bir yaz\u0131 da derginin konular\u0131 aras\u0131nda. Sanat D\u00fcnyam\u0131z\u2019\u0131n 195. say\u0131s\u0131nda yer alan \u0130nisiyatif Almak dosyas\u0131na bir yan\u0131t \u2013 deneme de ge\u00e7ti\u011fimiz say\u0131 derginin odak noktas\u0131 olan dosyay\u0131 zenginle\u015ftiriyor.   Bu say\u0131 S\u00fcreyyya Evren, Anlam \u00c7er\u00e7evesi adl\u0131 k\u00f6\u015fesinin ikinci yaz\u0131s\u0131yla sanat ve anlam \u00e7er\u00e7evelerinin ili\u015fkilerini incelemeye devam ediyor. Sezen \u00dcnl\u00fc\u00f6nen pop\u00fcler k\u00fclt\u00fcrden karakterleri de\u011ferlendirdi\u011fi yeni bir k\u00f6\u015feye ba\u015fl\u0131yor, k\u00f6\u015fenin ilk konu\u011fu ise iyile\u015fme ser\u00fcveniyle Fleabag. Huo Rf\u2019nin alt\u0131 say\u0131d\u0131r s\u00fcrd\u00fcrd\u00fc\u011f\u00fc k\u00f6\u015fesi Ba\u015fl\u0131 Ba\u015f\u0131na Bir \u0130\u015f ise bu say\u0131da sonlan\u0131yor.   Derginin bu say\u0131s\u0131nda sanat\u00e7\u0131lar\u0131n g\u00f6rsel d\u00fcnyalar\u0131n\u0131 olu\u015fturan foto\u011fraflara, eserlere veya \u00e7izimlerine yer verilen G\u00f6rsel Notlar adl\u0131 k\u00f6\u015fenin konu\u011fu ise Eda \u00c7ekil. Her say\u0131da bir sanat\u00e7\u0131n\u0131n okuduklar\u0131na, izlediklerine yer veren Ajanda b\u00f6l\u00fcm\u00fc ise bu say\u0131 sanat\u00e7\u0131 Larissa Araz\u2019a emanet. <\/p>\n","protected":false},"excerpt":{"rendered":"<p>Sanat D\u00fcnyam\u0131z\u2019da Cumhuriyet\u2019in 100. Y\u0131l\u0131nda 100 Eser listesi Sanat D\u00fcnyam\u0131z dergisi Eyl\u00fcl Ekim say\u0131s\u0131 yay\u0131mland\u0131. Derginin bu say\u0131s\u0131nda sanat\u00e7\u0131lar, yazarlar, akademisyenler ve k\u00fcrat\u00f6rlerden olu\u015fan 100 ki\u015fiden<span class=\"excerpt-hellip\"> [\u2026]<\/span><\/p>\n","protected":false},"featured_media":0,"template":"","meta":{"_monsterinsights_skip_tracking":false,"_monsterinsights_sitenote_active":false,"_monsterinsights_sitenote_note":"","_monsterinsights_sitenote_category":0},"product_brand":[],"product_cat":[13527],"product_tag":[],"class_list":{"0":"post-753245","1":"product","2":"type-product","3":"status-publish","5":"product_cat-sureli-yayinlar","6":"pa_cilt-ciltsiz","7":"pa_tur-dergi","8":"pa_yayinevi-yapi-kredi-yayinlari-dergi","9":"pa_yazar-kolektif","11":"first","12":"instock","13":"sale","14":"shipping-taxable","15":"purchasable","16":"product-type-simple"},"_links":{"self":[{"href":"https:\/\/roveyayinevi.com.tr\/index.php\/wp-json\/wp\/v2\/product\/753245","targetHints":{"allow":["GET"]}}],"collection":[{"href":"https:\/\/roveyayinevi.com.tr\/index.php\/wp-json\/wp\/v2\/product"}],"about":[{"href":"https:\/\/roveyayinevi.com.tr\/index.php\/wp-json\/wp\/v2\/types\/product"}],"wp:attachment":[{"href":"https:\/\/roveyayinevi.com.tr\/index.php\/wp-json\/wp\/v2\/media?parent=753245"}],"wp:term":[{"taxonomy":"product_brand","embeddable":true,"href":"https:\/\/roveyayinevi.com.tr\/index.php\/wp-json\/wp\/v2\/product_brand?post=753245"},{"taxonomy":"product_cat","embeddable":true,"href":"https:\/\/roveyayinevi.com.tr\/index.php\/wp-json\/wp\/v2\/product_cat?post=753245"},{"taxonomy":"product_tag","embeddable":true,"href":"https:\/\/roveyayinevi.com.tr\/index.php\/wp-json\/wp\/v2\/product_tag?post=753245"}],"curies":[{"name":"wp","href":"https:\/\/api.w.org\/{rel}","templated":true}]}}