{"id":753243,"date":"2025-08-28T05:38:15","date_gmt":"2025-08-28T02:38:15","guid":{"rendered":"https:\/\/roveyayinevi.com.tr\/index.php\/urun\/binnaz-enver-hanimin-caylari-ve-kocasi\/"},"modified":"2026-04-16T03:06:42","modified_gmt":"2026-04-16T00:06:42","slug":"binnaz-enver-hanimin-caylari-ve-kocasi","status":"publish","type":"product","link":"https:\/\/roveyayinevi.com.tr\/index.php\/urun\/binnaz-enver-hanimin-caylari-ve-kocasi\/","title":{"rendered":"Binnaz Enver Han\u0131m&#8217;\u0131n \u00c7aylar\u0131 ve Kocas\u0131"},"content":{"rendered":"<p>\u201cBinnaz Enver Han\u0131m\u2019\u0131n \u00c7aylar\u0131 ve Kocas\u0131\u201d ad\u0131n\u0131 verdi\u011fimiz kitapta, 1927-1940 y\u0131llar\u0131 aras\u0131nda yaz\u0131lm\u0131\u015f ve ilk kez 1983\u2019ten sonra \u00e7\u0131kan \u00f6yk\u00fc kitaplar\u0131nda yer alm\u0131\u015f Esendal \u00f6yk\u00fclerini okuyacaks\u0131n\u0131z.   \u201cHer \u015fey onun hik\u00e2yesinde bir dilimdir, bir ya\u015fam kesitidir. Bunu allay\u0131p pullamaz, s\u00fcsleyip p\u00fcslemez, oldu\u011fu gibi aktar\u0131r okura.\u201d (Tar\u0131k Dursun K.)   \u201cOkuyun Esendal\u2019\u0131, g\u00f6receksiniz, ezilmi\u015f insanlar d\u00fcnyas\u0131n\u0131n k\u00f6\u015fesinde buca\u011f\u0131nda s\u0131k\u0131\u015f\u0131p kalm\u0131\u015f, memurundan ev kad\u0131n\u0131na, aldat\u0131lm\u0131\u015f kar\u0131dan kocas\u0131na kadar nice insanlar \u00e7\u0131kacak kar\u015f\u0131n\u0131za, bir s\u0131cak, bir i\u00e7ten anlat\u0131mla.\u201d (Vedat G\u00fcnyol)   \u201cMemduh \u015eevket Esendal dilin ar\u0131la\u015fmas\u0131nda, halk diline yakla\u015fmas\u0131nda b\u00fcy\u00fck katk\u0131lar\u0131 olmu\u015f bir yazar\u0131m\u0131zd\u0131r. G\u00f6revleri gere\u011fi, en y\u00fcksek orunlara ula\u015ft\u0131\u011f\u0131 halde, daha \u00e7ok k\u00fc\u00e7\u00fck insanlar\u0131n, k\u00fc\u00e7\u00fck olaylar\u0131n \u00f6yk\u00fclerini yazm\u0131\u015ft\u0131r.\u201d (Muzaffer Hac\u0131hasano\u011flu)   \u201cSanat yolunda acelesi, \u00fcn kazanmak i\u00e7in tela\u015f\u0131 olmam\u0131\u015ft\u0131r. Sanat\u00e7\u0131 ki\u015fili\u011fi hi\u00e7 g\u00f6ze \u00e7arpmadan, kendisi de bunu isteyip aramadan, 1948 y\u0131l\u0131na kadar bir yeralt\u0131 suyu gibi akt\u0131 geldi.\u201d (Tahir Alangu) <\/p>\n","protected":false},"excerpt":{"rendered":"<p>\u201cBinnaz Enver Han\u0131m\u2019\u0131n \u00c7aylar\u0131 ve Kocas\u0131\u201d ad\u0131n\u0131 verdi\u011fimiz kitapta, 1927-1940 y\u0131llar\u0131 aras\u0131nda yaz\u0131lm\u0131\u015f ve ilk kez 1983\u2019ten sonra \u00e7\u0131kan \u00f6yk\u00fc kitaplar\u0131nda yer alm\u0131\u015f Esendal \u00f6yk\u00fclerini okuyacaks\u0131n\u0131z.<span class=\"excerpt-hellip\"> [\u2026]<\/span><\/p>\n","protected":false},"featured_media":0,"template":"","meta":{"_monsterinsights_skip_tracking":false,"_monsterinsights_sitenote_active":false,"_monsterinsights_sitenote_note":"","_monsterinsights_sitenote_category":0},"product_brand":[],"product_cat":[12291,18202],"product_tag":[],"class_list":{"0":"post-753243","1":"product","2":"type-product","3":"status-publish","5":"product_cat-edebiyat","6":"product_cat-hikaye","7":"pa_cilt-ciltsiz","8":"pa_tur-kitap","9":"pa_yayinevi-yapi-kredi-yayinlari","10":"pa_yazar-memduh-sevket-esendal","12":"first","13":"instock","14":"sale","15":"shipping-taxable","16":"purchasable","17":"product-type-simple"},"_links":{"self":[{"href":"https:\/\/roveyayinevi.com.tr\/index.php\/wp-json\/wp\/v2\/product\/753243","targetHints":{"allow":["GET"]}}],"collection":[{"href":"https:\/\/roveyayinevi.com.tr\/index.php\/wp-json\/wp\/v2\/product"}],"about":[{"href":"https:\/\/roveyayinevi.com.tr\/index.php\/wp-json\/wp\/v2\/types\/product"}],"wp:attachment":[{"href":"https:\/\/roveyayinevi.com.tr\/index.php\/wp-json\/wp\/v2\/media?parent=753243"}],"wp:term":[{"taxonomy":"product_brand","embeddable":true,"href":"https:\/\/roveyayinevi.com.tr\/index.php\/wp-json\/wp\/v2\/product_brand?post=753243"},{"taxonomy":"product_cat","embeddable":true,"href":"https:\/\/roveyayinevi.com.tr\/index.php\/wp-json\/wp\/v2\/product_cat?post=753243"},{"taxonomy":"product_tag","embeddable":true,"href":"https:\/\/roveyayinevi.com.tr\/index.php\/wp-json\/wp\/v2\/product_tag?post=753243"}],"curies":[{"name":"wp","href":"https:\/\/api.w.org\/{rel}","templated":true}]}}