{"id":753237,"date":"2025-08-28T05:38:07","date_gmt":"2025-08-28T02:38:07","guid":{"rendered":"https:\/\/roveyayinevi.com.tr\/index.php\/urun\/hansel-ve-gretel-bir-varmis-bir-yokmus\/"},"modified":"2026-04-16T03:06:42","modified_gmt":"2026-04-16T00:06:42","slug":"hansel-ve-gretel-bir-varmis-bir-yokmus","status":"publish","type":"product","link":"https:\/\/roveyayinevi.com.tr\/index.php\/urun\/hansel-ve-gretel-bir-varmis-bir-yokmus\/","title":{"rendered":"Hansel ve Gretel &#8211; Bir Varm\u0131\u015f Bir Yokmu\u015f"},"content":{"rendered":"<p>Ormanda terk edilen Hansel ile Gretel, eve d\u00f6nmek i\u00e7in y\u00fcr\u00fcrken kar\u015f\u0131lar\u0131na ekmek ve pastadan yap\u0131lm\u0131\u015f bir ev \u00e7\u0131km\u0131\u015f. \u0130yi kalpli ev sahibi onlar\u0131 buyur etmi\u015f. Gelgelelim ya\u015fl\u0131 kad\u0131n\u0131n sand\u0131klar\u0131 gibi iyi kalpli olmad\u0131\u011f\u0131n\u0131 anlamalar\u0131 uzun s\u00fcrmemi\u015f&#8230; Hansel ve Gretel, Grimm Karde\u015fler\u2019in en sevilen masallar\u0131ndan biridir. Jonathan Bentley\u2019in \u00e7izimleriyle yeniden hayat bulan masal, yeni anlat\u0131m\u0131yla hayal d\u00fcnyas\u0131n\u0131n kap\u0131lar\u0131n\u0131 aralayacak. <\/p>\n","protected":false},"excerpt":{"rendered":"<p>Ormanda terk edilen Hansel ile Gretel, eve d\u00f6nmek i\u00e7in y\u00fcr\u00fcrken kar\u015f\u0131lar\u0131na ekmek ve pastadan yap\u0131lm\u0131\u015f bir ev \u00e7\u0131km\u0131\u015f. \u0130yi kalpli ev sahibi onlar\u0131 buyur etmi\u015f. Gelgelelim<span class=\"excerpt-hellip\"> [\u2026]<\/span><\/p>\n","protected":false},"featured_media":0,"template":"","meta":{"_monsterinsights_skip_tracking":false,"_monsterinsights_sitenote_active":false,"_monsterinsights_sitenote_note":"","_monsterinsights_sitenote_category":0},"product_brand":[],"product_cat":[12274,12518],"product_tag":[],"class_list":{"0":"post-753237","1":"product","2":"type-product","3":"status-publish","5":"product_cat-cocuk-ve-genclik-kitaplari","6":"product_cat-okul-oncesi-kitaplar","7":"pa_cilt-ciltsiz","8":"pa_tur-kitap","9":"pa_yayinevi-is-bankasi-kultur-yayinlari","10":"pa_yazar-grimm-kardesler","12":"first","13":"instock","14":"sale","15":"shipping-taxable","16":"purchasable","17":"product-type-simple"},"_links":{"self":[{"href":"https:\/\/roveyayinevi.com.tr\/index.php\/wp-json\/wp\/v2\/product\/753237","targetHints":{"allow":["GET"]}}],"collection":[{"href":"https:\/\/roveyayinevi.com.tr\/index.php\/wp-json\/wp\/v2\/product"}],"about":[{"href":"https:\/\/roveyayinevi.com.tr\/index.php\/wp-json\/wp\/v2\/types\/product"}],"wp:attachment":[{"href":"https:\/\/roveyayinevi.com.tr\/index.php\/wp-json\/wp\/v2\/media?parent=753237"}],"wp:term":[{"taxonomy":"product_brand","embeddable":true,"href":"https:\/\/roveyayinevi.com.tr\/index.php\/wp-json\/wp\/v2\/product_brand?post=753237"},{"taxonomy":"product_cat","embeddable":true,"href":"https:\/\/roveyayinevi.com.tr\/index.php\/wp-json\/wp\/v2\/product_cat?post=753237"},{"taxonomy":"product_tag","embeddable":true,"href":"https:\/\/roveyayinevi.com.tr\/index.php\/wp-json\/wp\/v2\/product_tag?post=753237"}],"curies":[{"name":"wp","href":"https:\/\/api.w.org\/{rel}","templated":true}]}}