{"id":753209,"date":"2025-08-28T05:36:41","date_gmt":"2025-08-28T02:36:41","guid":{"rendered":"https:\/\/roveyayinevi.com.tr\/index.php\/urun\/ilhamdan-dogan-kader\/"},"modified":"2026-04-08T03:13:07","modified_gmt":"2026-04-08T00:13:07","slug":"ilhamdan-dogan-kader","status":"publish","type":"product","link":"https:\/\/roveyayinevi.com.tr\/index.php\/urun\/ilhamdan-dogan-kader\/","title":{"rendered":"\u0130lhamdan Do\u011fan Kader"},"content":{"rendered":"<p>\u201cU\u00e7mak i\u00e7in d\u00fcrt\u00fcs\u00fc olan insan, s\u00fcr\u00fcnmeye asla raz\u0131 olamaz.\u201d \u2013 Helen Keller Devrim niteli\u011findeki ki\u015fisel geli\u015fim metodolojileriyle t\u00fcm d\u00fcnyada milyonlarca ki\u015finin hayat\u0131n\u0131 de\u011fi\u015ftiren yazar ve davran\u0131\u015f bilimci Dr. John Demartini, \u0130lhamdan Do\u011fan Kader kitab\u0131nda y\u00fcre\u011finden gelen hayallere sahip \u00e7\u0131kanlara sesleniyor. Vizyonunuzu uyand\u0131racak bu rehberlikle:   \u2022 Hayat\u0131n\u0131z\u0131 neye adamak istedi\u011finizi netle\u015ftirecek \u2022 Vizyonunuzu ba\u015fkalar\u0131na g\u00fc\u00e7l\u00fc bir \u015fekilde iletecek \u2022 Sevdi\u011finiz i\u015fi yaparak para kazanacak \u2022 Sizi amac\u0131n\u0131zdan uzakla\u015ft\u0131ran duygular\u0131 sona erdirecek \u2022 Hayat\u0131n\u0131z\u0131, ba\u015fka birinin \u201colmas\u0131 gerekti\u011fini\u201d d\u00fc\u015f\u00fcnd\u00fc\u011f\u00fc gibi de\u011fil, ger\u00e7ekten olmas\u0131n\u0131 istedi\u011finiz gibi planlaman\u0131n g\u00fcc\u00fcn\u00fc ke\u015ffedeceksiniz.   Bu kitapla kendinize dair u\u00e7suz bucaks\u0131z bir fark\u0131ndal\u0131k elde edecek, lider olmakla takip\u00e7i olmak aras\u0131ndaki ger\u00e7ek fark\u0131 anlayacak ve sevdi\u011finiz \u015feyi yaparak ba\u015fkalar\u0131na nas\u0131l \u00f6rnek olaca\u011f\u0131n\u0131z\u0131 g\u00f6receksiniz. Anlaml\u0131 ve ilham dolu bir hayatta ustala\u015fma yolculu\u011funa ba\u015flayarak, geni\u015f kapsaml\u0131 bir \u201cdalgalanma etkisini\u201d harekete ge\u00e7ireceksiniz. <\/p>\n","protected":false},"excerpt":{"rendered":"<p>\u201cU\u00e7mak i\u00e7in d\u00fcrt\u00fcs\u00fc olan insan, s\u00fcr\u00fcnmeye asla raz\u0131 olamaz.\u201d \u2013 Helen Keller Devrim niteli\u011findeki ki\u015fisel geli\u015fim metodolojileriyle t\u00fcm d\u00fcnyada milyonlarca ki\u015finin hayat\u0131n\u0131 de\u011fi\u015ftiren yazar ve davran\u0131\u015f<span class=\"excerpt-hellip\"> [\u2026]<\/span><\/p>\n","protected":false},"featured_media":0,"template":"","meta":{"_monsterinsights_skip_tracking":false,"_monsterinsights_sitenote_active":false,"_monsterinsights_sitenote_note":"","_monsterinsights_sitenote_category":0},"product_brand":[],"product_cat":[12364,12376],"product_tag":[],"class_list":{"0":"post-753209","1":"product","2":"type-product","3":"status-publish","5":"product_cat-genel-konular","6":"product_cat-kisisel-gelisim","7":"pa_cilt-ciltsiz","8":"pa_tur-kitap","9":"pa_yayinevi-destek-yayinlari","10":"pa_yazar-john-demartini","12":"first","13":"instock","14":"sale","15":"shipping-taxable","16":"purchasable","17":"product-type-simple"},"_links":{"self":[{"href":"https:\/\/roveyayinevi.com.tr\/index.php\/wp-json\/wp\/v2\/product\/753209","targetHints":{"allow":["GET"]}}],"collection":[{"href":"https:\/\/roveyayinevi.com.tr\/index.php\/wp-json\/wp\/v2\/product"}],"about":[{"href":"https:\/\/roveyayinevi.com.tr\/index.php\/wp-json\/wp\/v2\/types\/product"}],"wp:attachment":[{"href":"https:\/\/roveyayinevi.com.tr\/index.php\/wp-json\/wp\/v2\/media?parent=753209"}],"wp:term":[{"taxonomy":"product_brand","embeddable":true,"href":"https:\/\/roveyayinevi.com.tr\/index.php\/wp-json\/wp\/v2\/product_brand?post=753209"},{"taxonomy":"product_cat","embeddable":true,"href":"https:\/\/roveyayinevi.com.tr\/index.php\/wp-json\/wp\/v2\/product_cat?post=753209"},{"taxonomy":"product_tag","embeddable":true,"href":"https:\/\/roveyayinevi.com.tr\/index.php\/wp-json\/wp\/v2\/product_tag?post=753209"}],"curies":[{"name":"wp","href":"https:\/\/api.w.org\/{rel}","templated":true}]}}