{"id":753204,"date":"2025-08-28T05:36:34","date_gmt":"2025-08-28T02:36:34","guid":{"rendered":"https:\/\/roveyayinevi.com.tr\/index.php\/urun\/anlayan-tarih\/"},"modified":"2026-04-16T03:06:41","modified_gmt":"2026-04-16T00:06:41","slug":"anlayan-tarih","status":"publish","type":"product","link":"https:\/\/roveyayinevi.com.tr\/index.php\/urun\/anlayan-tarih\/","title":{"rendered":"Anlayan Tarih"},"content":{"rendered":"<p>Tarihi sadece bir anlat\u0131lar toplam\u0131 olmaktan \u00e7\u0131karmak, onu \u00f6ncelikle anlayarak anlatmak gerekir. Bunun i\u00e7inse yorumun ve yorumlama faaliyetinin de\u011feri ortaya konmal\u0131 ve tarihin as\u0131l haznesi ve belli\u011fi olan dilin tarihi yaz\u0131lmal\u0131d\u0131r. Nitekim varl\u0131k do\u011fadan ibaret de\u011fildir, k\u00fclt\u00fcr\u00fc de i\u00e7erir. Do\u011fa ile k\u00fclt\u00fcr\u00fcn zamana yay\u0131lm\u0131\u015f h\u00e2li olan tarih, k\u00fclt\u00fcr\u00fc k\u00fclt\u00fcr yapan dille ayr\u0131lmaz bi\u00e7imde ili\u015fkilidir. Dilde ifade bulan d\u00fc\u015f\u00fcnce ise gelenek i\u00e7inde d\u00fcnyaya kar\u015f\u0131 bir tav\u0131r tak\u0131nan ve onu yorumlayan insan\u0131n bu tavr\u0131n\u0131n ve ancak tarih i\u00e7inde ve tarihe dayanarak yapabilece\u011fi yorumunun kar\u015f\u0131l\u0131\u011f\u0131d\u0131r. \u0130\u015fte bunu olanakl\u0131 k\u0131lan tarihe &#8216;anlayan tarih&#8217; diyoruz.  Uluslar\u0131n dilleri ile d\u00fc\u015f\u00fcnme bi\u00e7imleri aras\u0131ndaki ili\u015fki nedir? Dile bak\u0131p onun ard\u0131ndaki yarat\u0131c\u0131 d\u00fc\u015f\u00fcnmeyi anlayabilir ve yorumlayabilir miyiz? Uluslar\u0131n d\u00fc\u015f\u00fcnme bi\u00e7imleri ile &#8216;tarih&#8217;leri aras\u0131nda ve &#8216;insanl\u0131k tarihi&#8217; aras\u0131nda nas\u0131l bir ili\u015fki vard\u0131r? \u00d6nay S\u00f6zer&#8217;in bu eseri, Lohmann&#8217;dan Merleau-Ponty&#8217;ye Humboldt&#8217;tan Dilthey\u02bba, Borges&#8217;ten Heidegger&#8217;e dil ve tarih ili\u015fkisini t\u00fcm bu sorular\u0131n \u0131\u015f\u0131\u011f\u0131nda yorumbilgisel bir a\u00e7\u0131dan ele al\u0131yor.  <\/p>\n","protected":false},"excerpt":{"rendered":"<p>Tarihi sadece bir anlat\u0131lar toplam\u0131 olmaktan \u00e7\u0131karmak, onu \u00f6ncelikle anlayarak anlatmak gerekir. Bunun i\u00e7inse yorumun ve yorumlama faaliyetinin de\u011feri ortaya konmal\u0131 ve tarihin as\u0131l haznesi ve<span class=\"excerpt-hellip\"> [\u2026]<\/span><\/p>\n","protected":false},"featured_media":0,"template":"","meta":{"_monsterinsights_skip_tracking":false,"_monsterinsights_sitenote_active":false,"_monsterinsights_sitenote_note":"","_monsterinsights_sitenote_category":0},"product_brand":[],"product_cat":[12388],"product_tag":[],"class_list":{"0":"post-753204","1":"product","2":"type-product","3":"status-publish","5":"product_cat-felsefe","6":"pa_cilt-ciltsiz","7":"pa_tur-kitap","8":"pa_yayinevi-fol-kitap","9":"pa_yazar-onay-sozer","11":"first","12":"instock","13":"sale","14":"shipping-taxable","15":"purchasable","16":"product-type-simple"},"_links":{"self":[{"href":"https:\/\/roveyayinevi.com.tr\/index.php\/wp-json\/wp\/v2\/product\/753204","targetHints":{"allow":["GET"]}}],"collection":[{"href":"https:\/\/roveyayinevi.com.tr\/index.php\/wp-json\/wp\/v2\/product"}],"about":[{"href":"https:\/\/roveyayinevi.com.tr\/index.php\/wp-json\/wp\/v2\/types\/product"}],"wp:attachment":[{"href":"https:\/\/roveyayinevi.com.tr\/index.php\/wp-json\/wp\/v2\/media?parent=753204"}],"wp:term":[{"taxonomy":"product_brand","embeddable":true,"href":"https:\/\/roveyayinevi.com.tr\/index.php\/wp-json\/wp\/v2\/product_brand?post=753204"},{"taxonomy":"product_cat","embeddable":true,"href":"https:\/\/roveyayinevi.com.tr\/index.php\/wp-json\/wp\/v2\/product_cat?post=753204"},{"taxonomy":"product_tag","embeddable":true,"href":"https:\/\/roveyayinevi.com.tr\/index.php\/wp-json\/wp\/v2\/product_tag?post=753204"}],"curies":[{"name":"wp","href":"https:\/\/api.w.org\/{rel}","templated":true}]}}