{"id":753188,"date":"2025-08-28T05:36:08","date_gmt":"2025-08-28T02:36:08","guid":{"rendered":"https:\/\/roveyayinevi.com.tr\/index.php\/urun\/tehlikeli-fikirler-antikcagdan-sahte-habere-batida-sansurun-kisa-tarihi\/"},"modified":"2026-04-16T03:06:41","modified_gmt":"2026-04-16T00:06:41","slug":"tehlikeli-fikirler-antikcagdan-sahte-habere-batida-sansurun-kisa-tarihi","status":"publish","type":"product","link":"https:\/\/roveyayinevi.com.tr\/index.php\/urun\/tehlikeli-fikirler-antikcagdan-sahte-habere-batida-sansurun-kisa-tarihi\/","title":{"rendered":"Tehlikeli Fikirler: Antik\u00e7a\u011fdan Sahte Habere Bat\u0131\u2019da Sans\u00fcr\u00fcn K\u0131sa Tarihi"},"content":{"rendered":"<p>\u201c\u0130ki bin y\u0131ll\u0131k sans\u00fcr tarihinde b\u00fcy\u00fcleyici bir gezinti.\u201d \u2014The Financial Times   \u0130lk \u00c7in imparatorunun kitaplara a\u00e7t\u0131\u011f\u0131 sava\u015ftan Vatikan\u2019\u0131n pornografi \u201cyasa\u011f\u0131na\u201d, Charlie Hebdo sald\u0131r\u0131s\u0131ndan sosyal medyaya uygulanan bask\u0131lara dek, \u00e7atlak sesleri bast\u0131rma \u00e7abas\u0131 insanl\u0131k tarihi kadar eski. Eric Berkowitz sans\u00fcr\u00fcn Bat\u0131\u2019da ge\u00e7irdi\u011fi serencam\u0131 s\u0131n\u0131f, \u0131rk ve toplumsal cinsiyet merce\u011finden inceledi\u011fi Tehlikeli Fikirler\u2019de insanl\u0131\u011f\u0131n kendi kendini neden ve nas\u0131l susturdu\u011funu, tarihi silmenin tehlikelerini (ve beyhudeli\u011fini), sans\u00fcr\u00fcn \u00e7a\u011fda\u015f toplumu nas\u0131l \u015fekillendirdi\u011fini ve g\u00fcn\u00fcm\u00fczde hangi bi\u00e7imlerde zuhur etti\u011fini ortaya \u00e7\u0131kar\u0131yor.   Sans\u00fcr\u00fcn devlet ayg\u0131t\u0131yla, fikirlerle ve k\u00fclt\u00fcrle ili\u015fkisini \u00e7arp\u0131c\u0131 \u00f6rneklerle aktaran Berkowitz, \u201csahte haber\u201d ve \u201cnefret s\u00f6ylemi\u201d gibi kan\u0131ksanm\u0131\u015f tabirlere derinlik kazand\u0131r\u0131yor, konu\u015fma ile susturman\u0131n iki bin y\u0131ll\u0131k \u00e7eki\u015fmeli tarihini g\u00f6zler \u00f6n\u00fcne seriyor. <\/p>\n","protected":false},"excerpt":{"rendered":"<p>\u201c\u0130ki bin y\u0131ll\u0131k sans\u00fcr tarihinde b\u00fcy\u00fcleyici bir gezinti.\u201d \u2014The Financial Times \u0130lk \u00c7in imparatorunun kitaplara a\u00e7t\u0131\u011f\u0131 sava\u015ftan Vatikan\u2019\u0131n pornografi \u201cyasa\u011f\u0131na\u201d, Charlie Hebdo sald\u0131r\u0131s\u0131ndan sosyal medyaya uygulanan<span class=\"excerpt-hellip\"> [\u2026]<\/span><\/p>\n","protected":false},"featured_media":0,"template":"","meta":{"_monsterinsights_skip_tracking":false,"_monsterinsights_sitenote_active":false,"_monsterinsights_sitenote_note":"","_monsterinsights_sitenote_category":0},"product_brand":[],"product_cat":[13005,13006],"product_tag":[],"class_list":{"0":"post-753188","1":"product","2":"type-product","3":"status-publish","5":"product_cat-bilim-muhendislik","6":"product_cat-populer-bilim","7":"pa_cilt-ciltsiz","8":"pa_tur-kitap","9":"pa_yayinevi-minotor-kitap","10":"pa_yazar-eric-berkowitz","12":"first","13":"instock","14":"sale","15":"shipping-taxable","16":"purchasable","17":"product-type-simple"},"_links":{"self":[{"href":"https:\/\/roveyayinevi.com.tr\/index.php\/wp-json\/wp\/v2\/product\/753188","targetHints":{"allow":["GET"]}}],"collection":[{"href":"https:\/\/roveyayinevi.com.tr\/index.php\/wp-json\/wp\/v2\/product"}],"about":[{"href":"https:\/\/roveyayinevi.com.tr\/index.php\/wp-json\/wp\/v2\/types\/product"}],"wp:attachment":[{"href":"https:\/\/roveyayinevi.com.tr\/index.php\/wp-json\/wp\/v2\/media?parent=753188"}],"wp:term":[{"taxonomy":"product_brand","embeddable":true,"href":"https:\/\/roveyayinevi.com.tr\/index.php\/wp-json\/wp\/v2\/product_brand?post=753188"},{"taxonomy":"product_cat","embeddable":true,"href":"https:\/\/roveyayinevi.com.tr\/index.php\/wp-json\/wp\/v2\/product_cat?post=753188"},{"taxonomy":"product_tag","embeddable":true,"href":"https:\/\/roveyayinevi.com.tr\/index.php\/wp-json\/wp\/v2\/product_tag?post=753188"}],"curies":[{"name":"wp","href":"https:\/\/api.w.org\/{rel}","templated":true}]}}