{"id":753163,"date":"2025-08-28T05:35:28","date_gmt":"2025-08-28T02:35:28","guid":{"rendered":"https:\/\/roveyayinevi.com.tr\/index.php\/urun\/osmanli-dunyasi\/"},"modified":"2026-04-16T03:06:40","modified_gmt":"2026-04-16T00:06:40","slug":"osmanli-dunyasi","status":"publish","type":"product","link":"https:\/\/roveyayinevi.com.tr\/index.php\/urun\/osmanli-dunyasi\/","title":{"rendered":"Osmanl\u0131 D\u00fcnyas\u0131"},"content":{"rendered":"<p>Osmanl\u0131 \u0130maparatorlu\u011funda G\u00f6\u00e7ebeler ve A\u015firetler &#8211; Re\u015fat Kasaba Erken \u0130mparatorluk \u00c7a\u011f\u0131nda Osmanl\u0131 Ekonomisi &#8211; Rhoads Murphey Arazi Hukuku &#8211; Colin Imber Balkanlar\u2019da Bir Kad\u0131: 17. Y\u00fczy\u0131lda ve 18. Y\u00fczy\u0131l Ba\u015f\u0131nda Sofya &#8211;  Rossitsa Gradeva \u0130maretler &#8211; Amy Singer Devlet \u0130n\u015fas\u0131 ve Mezheple\u015fme \u00c7a\u011f\u0131nda Sufiler &#8211; Derin Terzio\u011flu B\u00e2b-\u0131 H\u00fcmayun ve Di\u011fer `Kap\u0131lar\u2019 &#8211; Metin Kunt \u2122Der Huzur u Rahat-\u0131 H\u00e2k\u00e2n\u00ee\u222b: Bir Toposun \u0130n\u015fas\u0131 &#8211; Hakan T. Karateke Terc\u00fcme ve \u0130mparatorluk Hakk\u0131nda: R\u00f6nesans Arac\u0131lar\u0131 Olarak 16. Y\u00fczy\u0131l Osmanl\u0131 Enderun Terc\u00fcmanlar\u0131 &#8211; Tijana Kristi\u010d Osmanl\u0131 Dilleri &#8211; Christine Woodhead Etnisite, Irk, Din ve Toplumsal S\u0131n\u0131f: Osmanl\u0131 Fark \u0130\u015faretleyicileri &#8211; Baki Tezcan Suriyeli K\u0131z\u0131lba\u015flar ve Osmanl\u0131 \u015eiili\u011fi &#8211; Stefan Winter \u015eiddetin Egemenli\u011fi: 1550 ila 1700 Aras\u0131nda Celaliler &#8211; Oktay \u00d6zel Evrensellik \u0130ddialar\u0131 ve Ger\u00e7eklik Aras\u0131nda: Erken Modern D\u00f6nemde Osmanl\u0131 S\u0131n\u0131r Boylar\u0131 &#8211; Dariusz Kolodziejczyk S\u0131n\u0131r\u0131 Savunmak ve Y\u00f6netmek: Osmanl\u0131 Macaristan\u2019\u0131 \u00d6rne\u011fi &#8211; G\u00e1bor \u2014goston 16. ve 17. Y\u00fczy\u0131llarda K\u00fcrdistan\u2019daki Osmanl\u0131 S\u0131n\u0131r Boyu &#8211; Nelida Fuccaro Osmanl\u0131 \u0130mparatorlu\u011funda Fetih, Kentle\u015fme ve Veba A\u011flar\u0131 (1453-1600) &#8211; N\u00fckhet Varl\u0131k Osmanl\u0131 Cezayir Se\u00e7kinlerinin Periferile\u015fmesi &#8211; Tal Shuval Osmanl\u0131 D\u00fcnyas\u0131n\u0131n Bir Ucunda: Amsterdam\u2019da Gayrim\u00fcslim Osmanl\u0131 T\u00fcccarlar\u0131 &#8211; \u0130smail Hakk\u0131 Kad\u0131 Efendiler, Hizmetk\u00e2rlar ve K\u00f6leler: Erken Osmanl\u0131 Halep\u2019inde Kentli \u0130leri Gelenlerin Aras\u0131nda Kap\u0131lar\u0131n Olu\u015fumu &#8211; Charles L. Wilkins Padi\u015fah\u0131n Onay\u0131na Tabi Olmak: 17. ve 18. Y\u00fczy\u0131lda \u0130stanbul\u2019da Lonca Antla\u015fmalar\u0131 \u0130\u00e7in M\u00fczakere Eden Zanaatk\u00e2rlar &#8211; Suraiya Faroqhi Osmanl\u0131 Kahire\u2019sinde Zanaatk\u00e2r ve Esnaf Aras\u0131nda Okuryazarl\u0131k &#8211; Nelly Hanna \u2122Kadir-i Mutlak\u2019\u0131n Rehberli\u011finde\u222b: Stephan Schultz\u2019un Osmanl\u0131 \u0130mparatorlu\u011fundaki Seyahati (1752-6) &#8211; Jan Schmidt Se\u00e7me Hakk\u0131: Osmanl\u0131 Yunanistan\u2019\u0131nda Osmanl\u0131, Kilise ve Millet Adaleti &#8211; Eugenia Kermeli Hukuk ve Evlilik \u00d6zneleri Olarak Osmanl\u0131 Kad\u0131nlar\u0131 &#8211; Ba\u015fak Tu\u011f \u0130fade Bi\u00e7imleri ve Mecralar\u0131: \u0130stanbul ve \u00d6tesi (1600-1800) &#8211; T\u00fclay Artan Eski Rejim ve Osmanl\u0131 Ortado\u011fu\u2019su &#8211; Ariel Salzmann Osmanl\u0131 Mali Y\u00f6netiminin D\u00f6n\u00fc\u015f\u00fcm\u00fc (yakla\u015f\u0131k 1600-1850) &#8211; Michael Ursinus Ge\u00e7 D\u00f6nem Osmanl\u0131 D\u00fcnyas\u0131nda Ta\u015fradaki \u0130ktidar Sahipleri ve \u0130mparatorluk: \u00c7at\u0131\u015fma m\u0131, Ortakl\u0131k m\u0131? &#8211; Ali Yayc\u0131o\u011flu Osmanl\u0131 D\u00f6neminde Arap\u00e7a Konu\u015fan D\u00fcnya: Sosyopolitik Bir \u00c7\u00f6z\u00fcmleme &#8211; Ehud R. Toledano<\/p>\n","protected":false},"excerpt":{"rendered":"<p>Osmanl\u0131 \u0130maparatorlu\u011funda G\u00f6\u00e7ebeler ve A\u015firetler &#8211; Re\u015fat Kasaba Erken \u0130mparatorluk \u00c7a\u011f\u0131nda Osmanl\u0131 Ekonomisi &#8211; Rhoads Murphey Arazi Hukuku &#8211; Colin Imber Balkanlar\u2019da Bir Kad\u0131: 17. Y\u00fczy\u0131lda<span class=\"excerpt-hellip\"> [\u2026]<\/span><\/p>\n","protected":false},"featured_media":0,"template":"","meta":{"_monsterinsights_skip_tracking":false,"_monsterinsights_sitenote_active":false,"_monsterinsights_sitenote_note":"","_monsterinsights_sitenote_category":0},"product_brand":[],"product_cat":[13517,12304],"product_tag":[],"class_list":{"0":"post-753163","1":"product","2":"type-product","3":"status-publish","5":"product_cat-osmanli-tarihi","6":"product_cat-tarih","7":"pa_cilt-ciltsiz","8":"pa_tur-kitap","9":"pa_yayinevi-alfa-yayinlari","10":"pa_yazar-christine-woodhead","12":"first","13":"instock","14":"sale","15":"shipping-taxable","16":"purchasable","17":"product-type-simple"},"_links":{"self":[{"href":"https:\/\/roveyayinevi.com.tr\/index.php\/wp-json\/wp\/v2\/product\/753163","targetHints":{"allow":["GET"]}}],"collection":[{"href":"https:\/\/roveyayinevi.com.tr\/index.php\/wp-json\/wp\/v2\/product"}],"about":[{"href":"https:\/\/roveyayinevi.com.tr\/index.php\/wp-json\/wp\/v2\/types\/product"}],"wp:attachment":[{"href":"https:\/\/roveyayinevi.com.tr\/index.php\/wp-json\/wp\/v2\/media?parent=753163"}],"wp:term":[{"taxonomy":"product_brand","embeddable":true,"href":"https:\/\/roveyayinevi.com.tr\/index.php\/wp-json\/wp\/v2\/product_brand?post=753163"},{"taxonomy":"product_cat","embeddable":true,"href":"https:\/\/roveyayinevi.com.tr\/index.php\/wp-json\/wp\/v2\/product_cat?post=753163"},{"taxonomy":"product_tag","embeddable":true,"href":"https:\/\/roveyayinevi.com.tr\/index.php\/wp-json\/wp\/v2\/product_tag?post=753163"}],"curies":[{"name":"wp","href":"https:\/\/api.w.org\/{rel}","templated":true}]}}

Osmanlı Dünyası

<p>Osmanlı İmaparatorluğunda Göçebeler ve Aşiretler &#8211; Reşat Kasaba Erken İmparatorluk Çağında Osmanlı Ekonomisi &#8211; Rhoads Murphey Arazi Hukuku &#8211; Colin Imber Balkanlar’da Bir Kadı: 17. Yüzyılda ve 18. Yüzyıl Başında Sofya &#8211;  Rossitsa Gradeva İmaretler &#8211; Amy Singer Devlet İnşası ve Mezhepleşme Çağında Sufiler &#8211; Derin Terzioğlu Bâb-ı Hümayun ve Diğer `Kapılar’ &#8211; Metin Kunt ™Der Huzur u Rahat-ı Hâkânî∫: Bir Toposun İnşası &#8211; Hakan T. Karateke Tercüme ve İmparatorluk Hakkında: Rönesans Aracıları Olarak 16. Yüzyıl Osmanlı Enderun Tercümanları &#8211; Tijana Kristič Osmanlı Dilleri &#8211; Christine Woodhead Etnisite, Irk, Din ve Toplumsal Sınıf: Osmanlı Fark İşaretleyicileri &#8211; Baki Tezcan Suriyeli Kızılbaşlar ve Osmanlı Şiiliği &#8211; Stefan Winter Şiddetin Egemenliği: 1550 ila 1700 Arasında Celaliler &#8211; Oktay Özel Evrensellik İddiaları ve Gerçeklik Arasında: Erken Modern Dönemde Osmanlı Sınır Boyları &#8211; Dariusz Kolodziejczyk Sınırı Savunmak ve Yönetmek: Osmanlı Macaristan’ı Örneği &#8211; Gábor —goston 16. ve 17. Yüzyıllarda Kürdistan’daki Osmanlı Sınır Boyu &#8211; Nelida Fuccaro Osmanlı İmparatorluğunda Fetih, Kentleşme ve Veba Ağları (1453-1600) &#8211; Nükhet Varlık Osmanlı Cezayir Seçkinlerinin Periferileşmesi &#8211; Tal Shuval Osmanlı Dünyasının Bir Ucunda: Amsterdam’da Gayrimüslim Osmanlı Tüccarları &#8211; İsmail Hakkı Kadı Efendiler, Hizmetkârlar ve Köleler: Erken Osmanlı Halep’inde Kentli İleri Gelenlerin Arasında Kapıların Oluşumu &#8211; Charles L. Wilkins Padişahın Onayına Tabi Olmak: 17. ve 18. Yüzyılda İstanbul’da Lonca Antlaşmaları İçin Müzakere Eden Zanaatkârlar &#8211; Suraiya Faroqhi Osmanlı Kahire’sinde Zanaatkâr ve Esnaf Arasında Okuryazarlık &#8211; Nelly Hanna ™Kadir-i Mutlak’ın Rehberliğinde∫: Stephan Schultz’un Osmanlı İmparatorluğundaki Seyahati (1752-6) &#8211; Jan Schmidt Seçme Hakkı: Osmanlı Yunanistan’ında Osmanlı, Kilise ve Millet Adaleti &#8211; Eugenia Kermeli Hukuk ve Evlilik Özneleri Olarak Osmanlı Kadınları &#8211; Başak Tuğ İfade Biçimleri ve Mecraları: İstanbul ve Ötesi (1600-1800) &#8211; Tülay Artan Eski Rejim ve Osmanlı Ortadoğu’su &#8211; Ariel Salzmann Osmanlı Mali Yönetiminin Dönüşümü (yaklaşık 1600-1850) &#8211; Michael Ursinus Geç Dönem Osmanlı Dünyasında Taşradaki İktidar Sahipleri ve İmparatorluk: Çatışma mı, Ortaklık mı? &#8211; Ali Yaycıoğlu Osmanlı Döneminde Arapça Konuşan Dünya: Sosyopolitik Bir Çözümleme &#8211; Ehud R. Toledano</p>

<p>Osmanlı İmaparatorluğunda Göçebeler ve Aşiretler &#8211; Reşat Kasaba Erken İmparatorluk Çağında Osmanlı Ekonomisi &#8211; Rhoads Murphey Arazi Hukuku &#8211; Colin Imber Balkanlar’da Bir Kadı: 17. Yüzyılda<span class="excerpt-hellip"> […]</span></p>
