{"id":753162,"date":"2025-08-28T05:35:26","date_gmt":"2025-08-28T02:35:26","guid":{"rendered":"https:\/\/roveyayinevi.com.tr\/index.php\/urun\/ay-carpmasi\/"},"modified":"2026-04-16T03:06:40","modified_gmt":"2026-04-16T00:06:40","slug":"ay-carpmasi","status":"publish","type":"product","link":"https:\/\/roveyayinevi.com.tr\/index.php\/urun\/ay-carpmasi\/","title":{"rendered":"Ay \u00c7arpmas\u0131"},"content":{"rendered":"<p>Esnaf \u0130\u015fi A\u015fk Serisi\u2019nin ilk kitab\u0131 Ay \u00c7arpmas\u0131, b\u00fcy\u00fcme sanc\u0131lar\u0131, d\u00fcnyadaki yerini bulma kayg\u0131lar\u0131 ve a\u015fk\u0131 ke\u015ffetmek \u00fczerine bizden bir roman\u2026 Bursa Kapal\u0131 \u00c7ar\u015f\u0131\u2019da nesiller boyu konfeksiyon \u00fczerine esnafl\u0131k yapm\u0131\u015f bir aileden gelen Nil Sa\u011flam, \u00e7al\u0131\u015fkan bir tekstil m\u00fchendisli\u011fi \u00f6\u011frencisi ve tescilli bir kitap kurdudur. Yeti\u015fti\u011fi \u00e7evreyle ters d\u00fc\u015fen fikirleri nedeniyle abisi K\u00fcr\u015fat\u2019la didi\u015fmek, rutin aktivitelerindendir. Mahalleden kom\u015fular\u0131, abisinin biricik can dostu Fatih Arslan da Kapal\u0131 \u00c7ar\u015f\u0131\u2019da y\u0131llard\u0131r kuyumculuk yapmaktad\u0131r. Fatih, Bursaspor altyap\u0131s\u0131nda yeti\u015fmi\u015f eski bir futbolcudur fakat ya\u015fad\u0131\u011f\u0131 sakatl\u0131k sonucunda ye\u015fil sahalara veda etmi\u015f, baba mesle\u011fini benimsemi\u015ftir. Bir dolunay gecesi, emrivaki yap\u0131p Nil\u2019i istemeye gelen densiz aile, Nil\u2019in kavgas\u0131z g\u00fcr\u00fclt\u00fcs\u00fcz ge\u00e7en yirmi y\u0131ll\u0131k hayat\u0131n\u0131 bir anda alt\u00fcst eder. Mahalle kar\u0131\u015f\u0131r, toksik mask\u00fclenitenin s\u00f6zl\u00fck kar\u015f\u0131l\u0131\u011f\u0131 damat aday aday\u0131n\u0131 Fatih\u2019in elinden zor al\u0131rlar. Olayl\u0131 gece karakolda biter. \u0130\u015fte her \u015fey o dolunay gecesinin bitti\u011fi yerde ba\u015flar. U\u00e7suz bucaks\u0131z okyanuslar Ay\u2019\u0131n \u00e7ekim g\u00fcc\u00fcne kar\u015f\u0131 koyamazken, f\u00e2ni kalpler nereye kadar direnebilir ki zaten?  <\/p>\n","protected":false},"excerpt":{"rendered":"<p>Esnaf \u0130\u015fi A\u015fk Serisi\u2019nin ilk kitab\u0131 Ay \u00c7arpmas\u0131, b\u00fcy\u00fcme sanc\u0131lar\u0131, d\u00fcnyadaki yerini bulma kayg\u0131lar\u0131 ve a\u015fk\u0131 ke\u015ffetmek \u00fczerine bizden bir roman\u2026 Bursa Kapal\u0131 \u00c7ar\u015f\u0131\u2019da nesiller boyu<span class=\"excerpt-hellip\"> [\u2026]<\/span><\/p>\n","protected":false},"featured_media":0,"template":"","meta":{"_monsterinsights_skip_tracking":false,"_monsterinsights_sitenote_active":false,"_monsterinsights_sitenote_note":"","_monsterinsights_sitenote_category":0},"product_brand":[],"product_cat":[12291,12711],"product_tag":[],"class_list":{"0":"post-753162","1":"product","2":"type-product","3":"status-publish","5":"product_cat-edebiyat","6":"product_cat-roman-oyku","7":"pa_cilt-ciltsiz","8":"pa_tur-kitap","9":"pa_yayinevi-artemis-yayinlari","10":"pa_yazar-sezen-aksin","12":"first","13":"instock","14":"sale","15":"shipping-taxable","16":"purchasable","17":"product-type-simple"},"_links":{"self":[{"href":"https:\/\/roveyayinevi.com.tr\/index.php\/wp-json\/wp\/v2\/product\/753162","targetHints":{"allow":["GET"]}}],"collection":[{"href":"https:\/\/roveyayinevi.com.tr\/index.php\/wp-json\/wp\/v2\/product"}],"about":[{"href":"https:\/\/roveyayinevi.com.tr\/index.php\/wp-json\/wp\/v2\/types\/product"}],"wp:attachment":[{"href":"https:\/\/roveyayinevi.com.tr\/index.php\/wp-json\/wp\/v2\/media?parent=753162"}],"wp:term":[{"taxonomy":"product_brand","embeddable":true,"href":"https:\/\/roveyayinevi.com.tr\/index.php\/wp-json\/wp\/v2\/product_brand?post=753162"},{"taxonomy":"product_cat","embeddable":true,"href":"https:\/\/roveyayinevi.com.tr\/index.php\/wp-json\/wp\/v2\/product_cat?post=753162"},{"taxonomy":"product_tag","embeddable":true,"href":"https:\/\/roveyayinevi.com.tr\/index.php\/wp-json\/wp\/v2\/product_tag?post=753162"}],"curies":[{"name":"wp","href":"https:\/\/api.w.org\/{rel}","templated":true}]}}