{"id":753160,"date":"2025-08-28T05:35:23","date_gmt":"2025-08-28T02:35:23","guid":{"rendered":"https:\/\/roveyayinevi.com.tr\/index.php\/urun\/antigone-minna-von-barnhelm-ghyges-ve-yuzugu\/"},"modified":"2026-04-16T03:06:40","modified_gmt":"2026-04-16T00:06:40","slug":"antigone-minna-von-barnhelm-ghyges-ve-yuzugu","status":"publish","type":"product","link":"https:\/\/roveyayinevi.com.tr\/index.php\/urun\/antigone-minna-von-barnhelm-ghyges-ve-yuzugu\/","title":{"rendered":"Antigone, Minna Von Barnhelm, Ghyges ve Y\u00fcz\u00fc\u011f\u00fc"},"content":{"rendered":"<p>T\u00fcrk Edebiyat\u0131n\u0131n dev ismi Sabahattin Ali, yaln\u0131zca romanlar\u0131, \u00f6yk\u00fcleri ve \u015fiirleriyle de\u011fil, \u00e7evirileriyle de T\u00fcrk\u00e7enin ufuklar\u0131n\u0131 zenginle\u015ftiren e\u015fsiz bir yazar, yeri doldurulamaz bir ayd\u0131nd\u0131r. Tiyatro tarihinin \u00f6nemli piyeslerinden olan Antigone, Sofokles\u2019in en tan\u0131nm\u0131\u015f eseridir ve Yunan tragedyalar\u0131n\u0131n ba\u015fyap\u0131tlar\u0131ndand\u0131r. Alman Ayd\u0131nlanmas\u0131\u2019n\u0131n tiyatro alan\u0131ndaki \u00f6nc\u00fcleri Lessing ve Hebbel\u2019in oyunlar\u0131 ise insanl\u0131k durumunun komedi ile trajedi aras\u0131ndaki sal\u0131n\u0131m\u0131n\u0131 yans\u0131tmaktad\u0131r. Sabahattin Ali\u2019nin \u015fiirsel yetkin \u00e7evirisiyle dilimize kazand\u0131rd\u0131\u011f\u0131 bu oyunlar\u0131 okurlar\u0131m\u0131zla bulu\u015fturman\u0131n mutlulu\u011funu ya\u015f\u0131yoruz. <\/p>\n","protected":false},"excerpt":{"rendered":"<p>T\u00fcrk Edebiyat\u0131n\u0131n dev ismi Sabahattin Ali, yaln\u0131zca romanlar\u0131, \u00f6yk\u00fcleri ve \u015fiirleriyle de\u011fil, \u00e7evirileriyle de T\u00fcrk\u00e7enin ufuklar\u0131n\u0131 zenginle\u015ftiren e\u015fsiz bir yazar, yeri doldurulamaz bir ayd\u0131nd\u0131r. Tiyatro tarihinin<span class=\"excerpt-hellip\"> [\u2026]<\/span><\/p>\n","protected":false},"featured_media":0,"template":"","meta":{"_monsterinsights_skip_tracking":false,"_monsterinsights_sitenote_active":false,"_monsterinsights_sitenote_note":"","_monsterinsights_sitenote_category":0},"product_brand":[],"product_cat":[12291,14272],"product_tag":[],"class_list":{"0":"post-753160","1":"product","2":"type-product","3":"status-publish","5":"product_cat-edebiyat","6":"product_cat-tiyatro","7":"pa_cilt-ciltsiz","8":"pa_tur-kitap","9":"pa_yayinevi-cumhuriyet-kitaplari","10":"pa_yazar-sophokles-gotthold-ephraim-lessing-christian-frederich-hebbel","12":"first","13":"instock","14":"sale","15":"shipping-taxable","16":"purchasable","17":"product-type-simple"},"_links":{"self":[{"href":"https:\/\/roveyayinevi.com.tr\/index.php\/wp-json\/wp\/v2\/product\/753160","targetHints":{"allow":["GET"]}}],"collection":[{"href":"https:\/\/roveyayinevi.com.tr\/index.php\/wp-json\/wp\/v2\/product"}],"about":[{"href":"https:\/\/roveyayinevi.com.tr\/index.php\/wp-json\/wp\/v2\/types\/product"}],"wp:attachment":[{"href":"https:\/\/roveyayinevi.com.tr\/index.php\/wp-json\/wp\/v2\/media?parent=753160"}],"wp:term":[{"taxonomy":"product_brand","embeddable":true,"href":"https:\/\/roveyayinevi.com.tr\/index.php\/wp-json\/wp\/v2\/product_brand?post=753160"},{"taxonomy":"product_cat","embeddable":true,"href":"https:\/\/roveyayinevi.com.tr\/index.php\/wp-json\/wp\/v2\/product_cat?post=753160"},{"taxonomy":"product_tag","embeddable":true,"href":"https:\/\/roveyayinevi.com.tr\/index.php\/wp-json\/wp\/v2\/product_tag?post=753160"}],"curies":[{"name":"wp","href":"https:\/\/api.w.org\/{rel}","templated":true}]}}