{"id":753152,"date":"2025-08-28T05:35:10","date_gmt":"2025-08-28T02:35:10","guid":{"rendered":"https:\/\/roveyayinevi.com.tr\/index.php\/urun\/kisa-rusya-tarihi-2\/"},"modified":"2026-04-16T03:06:40","modified_gmt":"2026-04-16T00:06:40","slug":"kisa-rusya-tarihi-2","status":"publish","type":"product","link":"https:\/\/roveyayinevi.com.tr\/index.php\/urun\/kisa-rusya-tarihi-2\/","title":{"rendered":"K\u0131sa Rusya Tarihi"},"content":{"rendered":"<p>D\u00fcnyan\u0131n en b\u00fcy\u00fck y\u00fcz\u00f6l\u00e7\u00fcm\u00fcne sahip \u00fclkesi olan Rusya, tarihi boyunca siyasi, ekonomik ve askeri anlamda b\u00fcy\u00fcme arzusu ta\u015f\u0131d\u0131. Nitekim farkl\u0131 knezliklerden Rus devletine giden s\u00fcre\u00e7te s\u00fcrekli sava\u015flar, derin k\u0131r\u0131lmalar ve ciddi olaylara sahne olan Rus yurdu, Bat\u0131 Avrupa ile Asya \u00fclkeleri aras\u0131ndaki k\u00f6pr\u00fc olma vasf\u0131n\u0131 da lehine kullanarak zamanla b\u00fcy\u00fcd\u00fc ve 18. Y\u00fczy\u0131l\u0131n ba\u015flar\u0131nda bir imparatorlu\u011fa d\u00f6n\u00fc\u015ft\u00fc. Ancak Rusya her zaman \u201ckendine \u00f6zg\u00fc bir d\u00fcnyay\u0131\u201d temsil etti. O d\u00fcnyan\u0131n \u015fekillenmesinde hi\u00e7 \u015f\u00fcphesiz Rus co\u011frafyas\u0131nda ya\u015fayan farkl\u0131 T\u00fcrk topluluklar\u0131n\u0131n da \u00f6nemli katk\u0131s\u0131 vard\u0131. Bu \u00e7al\u0131\u015fmada Rusya tarihinin b\u00fct\u00fcn evreleri, sebep sonu\u00e7 ili\u015fkisi i\u00e7erisinde incelendi. Rus milletinin tarih sahnesine \u00e7\u0131kt\u0131\u011f\u0131 zamandan \u015eubat 2022 y\u0131l\u0131na kadarki olduk\u00e7a geni\u015f bir d\u00f6nemde \u00fclkenin ya\u015fad\u0131\u011f\u0131 siyasi, ekonomik, askeri ve k\u00fclt\u00fcrel geli\u015fmeler \u00f6zenle ara\u015ft\u0131r\u0131ld\u0131.  Rusya tarihi hakk\u0131nda merak edilen b\u00fct\u00fcn sorular\u0131n yan\u0131tlar\u0131n\u0131 ve farkl\u0131 konular\u0131n ayr\u0131nt\u0131lar\u0131n\u0131 bu kitapta bulabilirsiniz.  <\/p>\n","protected":false},"excerpt":{"rendered":"<p>D\u00fcnyan\u0131n en b\u00fcy\u00fck y\u00fcz\u00f6l\u00e7\u00fcm\u00fcne sahip \u00fclkesi olan Rusya, tarihi boyunca siyasi, ekonomik ve askeri anlamda b\u00fcy\u00fcme arzusu ta\u015f\u0131d\u0131. Nitekim farkl\u0131 knezliklerden Rus devletine giden s\u00fcre\u00e7te s\u00fcrekli<span class=\"excerpt-hellip\"> [\u2026]<\/span><\/p>\n","protected":false},"featured_media":0,"template":"","meta":{"_monsterinsights_skip_tracking":false,"_monsterinsights_sitenote_active":false,"_monsterinsights_sitenote_note":"","_monsterinsights_sitenote_category":0},"product_brand":[],"product_cat":[12370,12304],"product_tag":[],"class_list":{"0":"post-753152","1":"product","2":"type-product","3":"status-publish","5":"product_cat-arastirma-inceleme","6":"product_cat-tarih","7":"pa_cilt-ciltsiz","8":"pa_tur-kitap","9":"pa_yayinevi-yeditepe-yayinevi","10":"pa_yazar-ramin-sadik","12":"first","13":"instock","14":"sale","15":"shipping-taxable","16":"purchasable","17":"product-type-simple"},"_links":{"self":[{"href":"https:\/\/roveyayinevi.com.tr\/index.php\/wp-json\/wp\/v2\/product\/753152","targetHints":{"allow":["GET"]}}],"collection":[{"href":"https:\/\/roveyayinevi.com.tr\/index.php\/wp-json\/wp\/v2\/product"}],"about":[{"href":"https:\/\/roveyayinevi.com.tr\/index.php\/wp-json\/wp\/v2\/types\/product"}],"wp:attachment":[{"href":"https:\/\/roveyayinevi.com.tr\/index.php\/wp-json\/wp\/v2\/media?parent=753152"}],"wp:term":[{"taxonomy":"product_brand","embeddable":true,"href":"https:\/\/roveyayinevi.com.tr\/index.php\/wp-json\/wp\/v2\/product_brand?post=753152"},{"taxonomy":"product_cat","embeddable":true,"href":"https:\/\/roveyayinevi.com.tr\/index.php\/wp-json\/wp\/v2\/product_cat?post=753152"},{"taxonomy":"product_tag","embeddable":true,"href":"https:\/\/roveyayinevi.com.tr\/index.php\/wp-json\/wp\/v2\/product_tag?post=753152"}],"curies":[{"name":"wp","href":"https:\/\/api.w.org\/{rel}","templated":true}]}}