{"id":753151,"date":"2025-08-28T05:35:09","date_gmt":"2025-08-28T02:35:09","guid":{"rendered":"https:\/\/roveyayinevi.com.tr\/index.php\/urun\/antik-misir-tarihi\/"},"modified":"2026-04-16T03:06:40","modified_gmt":"2026-04-16T00:06:40","slug":"antik-misir-tarihi","status":"publish","type":"product","link":"https:\/\/roveyayinevi.com.tr\/index.php\/urun\/antik-misir-tarihi\/","title":{"rendered":"Antik M\u0131s\u0131r Tarihi"},"content":{"rendered":"<p>Elinizdeki, d\u00fcnyan\u0131n en b\u00fcy\u00fck medeniyetinin, d\u00fcnyay\u0131 \u015fekillendiren 4000 y\u0131l\u0131 a\u015fk\u0131n tarihini kaps\u0131yor. Kahraman\u0131 ve canisi, mucidi ve entelekt\u00fceli, sanatk\u00e2r\u0131 ve \u00f6nderi bol olan, s\u00fcrekli geli\u015fen bir toplumun destans\u0131 hik\u00e2yeleriyle ve g\u00f6z kama\u015ft\u0131ran mek\u00e2nlar\u0131yla dolu. Bu kitapla Profes\u00f6r Joann Fletcher, M\u0131s\u0131r Tarihi\u2019nin t\u00fcm par\u00e7alar\u0131n\u0131 bir araya getirip Antik M\u0131s\u0131rl\u0131lar\u0131n y\u00fckseli\u015fini ve y\u0131k\u0131l\u0131\u015f\u0131n\u0131, bu kadim medeniyetin t\u00fcm d\u00fcnyalar\u0131n\u0131 hepimizin bir ba\u011f kurabilece\u011fi bir ba\u011flama oturtarak g\u00f6zler \u00f6n\u00fcne seriyor. Joann Fletcher, M\u0131s\u0131r\u2019\u0131n en eski sanat\u0131ndan, mumyalaman\u0131n ba\u015flang\u0131c\u0131n\u0131n san\u0131ld\u0131\u011f\u0131ndan neredeyse iki bin y\u0131l \u00f6ncesine uzand\u0131\u011f\u0131na kadar baz\u0131 hayret verici bilgileri ortaya d\u00f6k\u00fcyor. Bunlar\u0131n d\u0131\u015f\u0131nda en az on kad\u0131n firavun oldu\u011funa, S\u00fcvey\u015f Kanal\u0131\u2019n\u0131 ilk M\u0131s\u0131rl\u0131lar\u0131n in\u015fa etti\u011fine, deniz yoluyla Afrika\u2019n\u0131n \u00e7evresini dola\u015ft\u0131klar\u0131na ve ilk Olimpiyat oyunlar\u0131nda zaferler kazand\u0131klar\u0131na dair bulgular\u0131 ortaya koyuyor. Joann Fletcher, II. Ramses\u2019in a\u011faran sa\u00e7lar\u0131n\u0131 boyama tutkusundan, Montuhotep\u2019in kar\u0131s\u0131n\u0131n t\u0131rnaklar\u0131n\u0131 yemesine, \u00e7ift\u00e7i Baki\u2019nin yatakta yemek yemeyi sevmesine kadar Antik M\u0131s\u0131r\u2019\u0131n tarihini ve insanlar\u0131n\u0131, hi\u00e7 kimsenin yapamayaca\u011f\u0131 \u00f6l\u00e7\u00fcde canl\u0131 bi\u00e7imde g\u00f6z\u00fcm\u00fcz\u00fcn \u00f6n\u00fcne getiriyor.   <\/p>\n","protected":false},"excerpt":{"rendered":"<p>Elinizdeki, d\u00fcnyan\u0131n en b\u00fcy\u00fck medeniyetinin, d\u00fcnyay\u0131 \u015fekillendiren 4000 y\u0131l\u0131 a\u015fk\u0131n tarihini kaps\u0131yor. Kahraman\u0131 ve canisi, mucidi ve entelekt\u00fceli, sanatk\u00e2r\u0131 ve \u00f6nderi bol olan, s\u00fcrekli geli\u015fen bir<span class=\"excerpt-hellip\"> [\u2026]<\/span><\/p>\n","protected":false},"featured_media":0,"template":"","meta":{"_monsterinsights_skip_tracking":false,"_monsterinsights_sitenote_active":false,"_monsterinsights_sitenote_note":"","_monsterinsights_sitenote_category":0},"product_brand":[],"product_cat":[12370,12304],"product_tag":[],"class_list":{"0":"post-753151","1":"product","2":"type-product","3":"status-publish","5":"product_cat-arastirma-inceleme","6":"product_cat-tarih","7":"pa_cilt-ciltsiz","8":"pa_tur-kitap","9":"pa_yayinevi-yeditepe-yayinevi","10":"pa_yazar-joann-fletcher","12":"first","13":"instock","14":"sale","15":"shipping-taxable","16":"purchasable","17":"product-type-simple"},"_links":{"self":[{"href":"https:\/\/roveyayinevi.com.tr\/index.php\/wp-json\/wp\/v2\/product\/753151","targetHints":{"allow":["GET"]}}],"collection":[{"href":"https:\/\/roveyayinevi.com.tr\/index.php\/wp-json\/wp\/v2\/product"}],"about":[{"href":"https:\/\/roveyayinevi.com.tr\/index.php\/wp-json\/wp\/v2\/types\/product"}],"wp:attachment":[{"href":"https:\/\/roveyayinevi.com.tr\/index.php\/wp-json\/wp\/v2\/media?parent=753151"}],"wp:term":[{"taxonomy":"product_brand","embeddable":true,"href":"https:\/\/roveyayinevi.com.tr\/index.php\/wp-json\/wp\/v2\/product_brand?post=753151"},{"taxonomy":"product_cat","embeddable":true,"href":"https:\/\/roveyayinevi.com.tr\/index.php\/wp-json\/wp\/v2\/product_cat?post=753151"},{"taxonomy":"product_tag","embeddable":true,"href":"https:\/\/roveyayinevi.com.tr\/index.php\/wp-json\/wp\/v2\/product_tag?post=753151"}],"curies":[{"name":"wp","href":"https:\/\/api.w.org\/{rel}","templated":true}]}}