{"id":753136,"date":"2025-08-28T05:34:45","date_gmt":"2025-08-28T02:34:45","guid":{"rendered":"https:\/\/roveyayinevi.com.tr\/index.php\/urun\/mektub\/"},"modified":"2026-04-16T03:06:39","modified_gmt":"2026-04-16T00:06:39","slug":"mektub","status":"publish","type":"product","link":"https:\/\/roveyayinevi.com.tr\/index.php\/urun\/mektub\/","title":{"rendered":"Mektub"},"content":{"rendered":"<p>\u201cT\u00fcrkiye\u2019den geliyorum,\u201d dedi \u00fcstada adam. \u201cBu yolculu\u011fu size bir tek soru sormak i\u00e7in yapt\u0131m.\u201dYa\u015fl\u0131 adam ona \u015fa\u015fk\u0131nl\u0131kla bakt\u0131:\u201c\u00c7ok g\u00fczel. Bana tek bir soru sorabilirsiniz.\u201d\u201cSize soraca\u011f\u0131m soruyu a\u00e7\u0131k se\u00e7ik sormal\u0131y\u0131m. Sorumu T\u00fcrk\u00e7e sorabilir miyim?\u201d\u201cSorabilirsiniz,\u201d diye yan\u0131tlad\u0131 bilge. \u201cTek sorunuzu yan\u0131tlam\u0131\u015f bulunuyorum. Ba\u015fka bir \u015fey \u00f6\u011frenmek istiyorsan\u0131z, onu y\u00fcre\u011finize sorun, sizi yan\u0131tlayacakt\u0131r.\u201dPaulo Coelho Mektub\u2019da farkl\u0131 k\u00fclt\u00fcrlerin g\u00f6z\u00fcnden reng\u00e2renk bir deneyim hazinesi sunuyor. Coelho\u2019nun ifadesiyle, \u201cMektub bir tavsiye kitab\u0131 olmaktan ziyade tecr\u00fcbeleri aktarmay\u0131 ama\u00e7l\u0131yor.\u201dS\u00f6zl\u00fc anlat\u0131n\u0131n her t\u00fcrl\u00fc kayna\u011f\u0131ndan k\u00f6ken ay\u0131rt etmeden beslenen bu duru metinler okura hem d\u00fcnyevi karma\u015fan\u0131n ortas\u0131nda soluklanma hem de kendini daha yak\u0131ndan tan\u0131ma f\u0131rsat\u0131 veriyor.<\/p>\n","protected":false},"excerpt":{"rendered":"<p>\u201cT\u00fcrkiye\u2019den geliyorum,\u201d dedi \u00fcstada adam. \u201cBu yolculu\u011fu size bir tek soru sormak i\u00e7in yapt\u0131m.\u201dYa\u015fl\u0131 adam ona \u015fa\u015fk\u0131nl\u0131kla bakt\u0131:\u201c\u00c7ok g\u00fczel. Bana tek bir soru sorabilirsiniz.\u201d\u201cSize soraca\u011f\u0131m soruyu<span class=\"excerpt-hellip\"> [\u2026]<\/span><\/p>\n","protected":false},"featured_media":0,"template":"","meta":{"_monsterinsights_skip_tracking":false,"_monsterinsights_sitenote_active":false,"_monsterinsights_sitenote_note":"","_monsterinsights_sitenote_category":0},"product_brand":[],"product_cat":[18545,12291],"product_tag":[],"class_list":{"0":"post-753136","1":"product","2":"type-product","3":"status-publish","5":"product_cat-anlati","6":"product_cat-edebiyat","7":"pa_cilt-ciltsiz","8":"pa_tur-kitap","9":"pa_yayinevi-can-yayinlari","10":"pa_yazar-paulo-coelho","12":"first","13":"instock","14":"sale","15":"shipping-taxable","16":"purchasable","17":"product-type-simple"},"_links":{"self":[{"href":"https:\/\/roveyayinevi.com.tr\/index.php\/wp-json\/wp\/v2\/product\/753136","targetHints":{"allow":["GET"]}}],"collection":[{"href":"https:\/\/roveyayinevi.com.tr\/index.php\/wp-json\/wp\/v2\/product"}],"about":[{"href":"https:\/\/roveyayinevi.com.tr\/index.php\/wp-json\/wp\/v2\/types\/product"}],"wp:attachment":[{"href":"https:\/\/roveyayinevi.com.tr\/index.php\/wp-json\/wp\/v2\/media?parent=753136"}],"wp:term":[{"taxonomy":"product_brand","embeddable":true,"href":"https:\/\/roveyayinevi.com.tr\/index.php\/wp-json\/wp\/v2\/product_brand?post=753136"},{"taxonomy":"product_cat","embeddable":true,"href":"https:\/\/roveyayinevi.com.tr\/index.php\/wp-json\/wp\/v2\/product_cat?post=753136"},{"taxonomy":"product_tag","embeddable":true,"href":"https:\/\/roveyayinevi.com.tr\/index.php\/wp-json\/wp\/v2\/product_tag?post=753136"}],"curies":[{"name":"wp","href":"https:\/\/api.w.org\/{rel}","templated":true}]}}