{"id":753127,"date":"2025-08-28T05:34:30","date_gmt":"2025-08-28T02:34:30","guid":{"rendered":"https:\/\/roveyayinevi.com.tr\/index.php\/urun\/minecraft-derine-dal\/"},"modified":"2026-04-16T03:06:39","modified_gmt":"2026-04-16T00:06:39","slug":"minecraft-derine-dal","status":"publish","type":"product","link":"https:\/\/roveyayinevi.com.tr\/index.php\/urun\/minecraft-derine-dal\/","title":{"rendered":"Minecraft &#8211; Derine Dal"},"content":{"rendered":"<p>HAZ\u0130NE VADEDEN B\u0130R HAR\u0130TA&#8230; D\u00d6N\u00dc\u015eT\u00dc B\u0130R MACERAYA! Be\u015f Minecraft oyuncusu bir define haritas\u0131n\u0131n pe\u015finden okyanusa dal\u0131nca kendilerini tehlikeli bir maceran\u0131n i\u00e7inde buldular. \u015eimdi hem ger\u00e7ek d\u00fcnyadaki okul \u00f6devleriyle hem de Minecraft okyanusundaki d\u00fc\u015fmanlarla ba\u015fa \u00e7\u0131kmak zorundalar! <\/p>\n","protected":false},"excerpt":{"rendered":"<p>HAZ\u0130NE VADEDEN B\u0130R HAR\u0130TA&#8230; D\u00d6N\u00dc\u015eT\u00dc B\u0130R MACERAYA! Be\u015f Minecraft oyuncusu bir define haritas\u0131n\u0131n pe\u015finden okyanusa dal\u0131nca kendilerini tehlikeli bir maceran\u0131n i\u00e7inde buldular. \u015eimdi hem ger\u00e7ek d\u00fcnyadaki<span class=\"excerpt-hellip\"> [\u2026]<\/span><\/p>\n","protected":false},"featured_media":0,"template":"","meta":{"_monsterinsights_skip_tracking":false,"_monsterinsights_sitenote_active":false,"_monsterinsights_sitenote_note":"","_monsterinsights_sitenote_category":0},"product_brand":[],"product_cat":[12291,12711],"product_tag":[],"class_list":{"0":"post-753127","1":"product","2":"type-product","3":"status-publish","5":"product_cat-edebiyat","6":"product_cat-roman-oyku","7":"pa_cilt-ciltsiz","8":"pa_tur-kitap","9":"pa_yayinevi-x-libris","10":"pa_yazar-nick-eliopulos","12":"first","13":"instock","14":"sale","15":"shipping-taxable","16":"purchasable","17":"product-type-simple"},"_links":{"self":[{"href":"https:\/\/roveyayinevi.com.tr\/index.php\/wp-json\/wp\/v2\/product\/753127","targetHints":{"allow":["GET"]}}],"collection":[{"href":"https:\/\/roveyayinevi.com.tr\/index.php\/wp-json\/wp\/v2\/product"}],"about":[{"href":"https:\/\/roveyayinevi.com.tr\/index.php\/wp-json\/wp\/v2\/types\/product"}],"wp:attachment":[{"href":"https:\/\/roveyayinevi.com.tr\/index.php\/wp-json\/wp\/v2\/media?parent=753127"}],"wp:term":[{"taxonomy":"product_brand","embeddable":true,"href":"https:\/\/roveyayinevi.com.tr\/index.php\/wp-json\/wp\/v2\/product_brand?post=753127"},{"taxonomy":"product_cat","embeddable":true,"href":"https:\/\/roveyayinevi.com.tr\/index.php\/wp-json\/wp\/v2\/product_cat?post=753127"},{"taxonomy":"product_tag","embeddable":true,"href":"https:\/\/roveyayinevi.com.tr\/index.php\/wp-json\/wp\/v2\/product_tag?post=753127"}],"curies":[{"name":"wp","href":"https:\/\/api.w.org\/{rel}","templated":true}]}}