{"id":753125,"date":"2025-08-28T05:34:27","date_gmt":"2025-08-28T02:34:27","guid":{"rendered":"https:\/\/roveyayinevi.com.tr\/index.php\/urun\/minecraft-yarasa-gecesi\/"},"modified":"2026-04-16T03:06:39","modified_gmt":"2026-04-16T00:06:39","slug":"minecraft-yarasa-gecesi","status":"publish","type":"product","link":"https:\/\/roveyayinevi.com.tr\/index.php\/urun\/minecraft-yarasa-gecesi\/","title":{"rendered":"Minecraft &#8211; Yarasa Gecesi"},"content":{"rendered":"<p>Yarasalar kalabal\u0131kt\u0131\u2026Zombiler de!Ger\u00e7ek d\u00fcnyadaki okullar\u0131n\u0131 yarasalar bast\u0131. Minecraft k\u00f6ylerini ise zombiler istila etti! Yetenekli Minecraft oyuncusu bir grup arkada\u015f, bu olaylar\u0131n gizemini \u00e7\u00f6zmek \u00fczere heyecan dolu bir maceraya at\u0131l\u0131yor. <\/p>\n","protected":false},"excerpt":{"rendered":"<p>Yarasalar kalabal\u0131kt\u0131\u2026Zombiler de!Ger\u00e7ek d\u00fcnyadaki okullar\u0131n\u0131 yarasalar bast\u0131. Minecraft k\u00f6ylerini ise zombiler istila etti! Yetenekli Minecraft oyuncusu bir grup arkada\u015f, bu olaylar\u0131n gizemini \u00e7\u00f6zmek \u00fczere heyecan dolu<span class=\"excerpt-hellip\"> [\u2026]<\/span><\/p>\n","protected":false},"featured_media":0,"template":"","meta":{"_monsterinsights_skip_tracking":false,"_monsterinsights_sitenote_active":false,"_monsterinsights_sitenote_note":"","_monsterinsights_sitenote_category":0},"product_brand":[],"product_cat":[12291,12711],"product_tag":[],"class_list":{"0":"post-753125","1":"product","2":"type-product","3":"status-publish","5":"product_cat-edebiyat","6":"product_cat-roman-oyku","7":"pa_cilt-ciltsiz","8":"pa_tur-kitap","9":"pa_yayinevi-x-libris","10":"pa_yazar-nick-eliopulos","12":"first","13":"instock","14":"sale","15":"shipping-taxable","16":"purchasable","17":"product-type-simple"},"_links":{"self":[{"href":"https:\/\/roveyayinevi.com.tr\/index.php\/wp-json\/wp\/v2\/product\/753125","targetHints":{"allow":["GET"]}}],"collection":[{"href":"https:\/\/roveyayinevi.com.tr\/index.php\/wp-json\/wp\/v2\/product"}],"about":[{"href":"https:\/\/roveyayinevi.com.tr\/index.php\/wp-json\/wp\/v2\/types\/product"}],"wp:attachment":[{"href":"https:\/\/roveyayinevi.com.tr\/index.php\/wp-json\/wp\/v2\/media?parent=753125"}],"wp:term":[{"taxonomy":"product_brand","embeddable":true,"href":"https:\/\/roveyayinevi.com.tr\/index.php\/wp-json\/wp\/v2\/product_brand?post=753125"},{"taxonomy":"product_cat","embeddable":true,"href":"https:\/\/roveyayinevi.com.tr\/index.php\/wp-json\/wp\/v2\/product_cat?post=753125"},{"taxonomy":"product_tag","embeddable":true,"href":"https:\/\/roveyayinevi.com.tr\/index.php\/wp-json\/wp\/v2\/product_tag?post=753125"}],"curies":[{"name":"wp","href":"https:\/\/api.w.org\/{rel}","templated":true}]}}