{"id":753102,"date":"2025-08-28T05:33:47","date_gmt":"2025-08-28T02:33:47","guid":{"rendered":"https:\/\/roveyayinevi.com.tr\/index.php\/urun\/bukowski\/"},"modified":"2026-04-16T03:06:39","modified_gmt":"2026-04-16T00:06:39","slug":"bukowski","status":"publish","type":"product","link":"https:\/\/roveyayinevi.com.tr\/index.php\/urun\/bukowski\/","title":{"rendered":"Bukowski"},"content":{"rendered":"<p>Ben Bukowski\u2019yim. Charles ya da Hank, hangisini tercih edersen. Evet ben O\u2019yum; yazar, \u015fair, ayya\u015f, kahpe, ille de bu s\u0131rayla de\u011fil. Peki ya benim hayat\u0131m? Hayat\u0131m damlatan bir musluk gibi, hi\u00e7bir zaman olmas\u0131 gerekti\u011fi gibi i\u015flemeyen\u2026 Ben bir avareyim. Birinci s\u0131n\u0131f bir pislik olan babam\u0131 su\u00e7lamak kolay olurdu. Ger\u00e7ek \u015fu ki k\u00f6t\u00fc bir karakterim var, alkol\u00fcn dibini buluyorum ve kazand\u0131\u011f\u0131m t\u00fcm paray\u0131 yar\u0131\u015flarda yiyorum. D\u00fczg\u00fcn bir i\u015fte diki\u015f tutturmay\u0131 bilmek \u015f\u00f6yle dursun, \u00e7enemi kapat\u0131p zaman\u0131nda i\u015fe gitmeyi bile beceremiyorum! Daha iyi hissetmek i\u00e7in yazmal\u0131y\u0131m. Bir de g\u00fczel hatunlar\u0131n yan\u0131nda olmal\u0131y\u0131m\u2026 Yine de \u00e7o\u011funlukla fahi\u015feleri \u00e7ekiyorum. Hal\u00e2 hayat\u0131m\u0131 bilmek istiyor musun?<\/p>\n","protected":false},"excerpt":{"rendered":"<p>Ben Bukowski\u2019yim. Charles ya da Hank, hangisini tercih edersen. Evet ben O\u2019yum; yazar, \u015fair, ayya\u015f, kahpe, ille de bu s\u0131rayla de\u011fil. Peki ya benim hayat\u0131m? Hayat\u0131m<span class=\"excerpt-hellip\"> [\u2026]<\/span><\/p>\n","protected":false},"featured_media":0,"template":"","meta":{"_monsterinsights_skip_tracking":false,"_monsterinsights_sitenote_active":false,"_monsterinsights_sitenote_note":"","_monsterinsights_sitenote_category":0},"product_brand":[],"product_cat":[12416,12291],"product_tag":[],"class_list":{"0":"post-753102","1":"product","2":"type-product","3":"status-publish","5":"product_cat-cizgi-roman","6":"product_cat-edebiyat","7":"pa_cilt-ciltsiz","8":"pa_tur-kitap","9":"pa_yayinevi-kara-karga-yayinlari","10":"pa_yazar-michele-botton-letizia-cadonici-francesco-segala","12":"first","13":"instock","14":"sale","15":"shipping-taxable","16":"purchasable","17":"product-type-simple"},"_links":{"self":[{"href":"https:\/\/roveyayinevi.com.tr\/index.php\/wp-json\/wp\/v2\/product\/753102","targetHints":{"allow":["GET"]}}],"collection":[{"href":"https:\/\/roveyayinevi.com.tr\/index.php\/wp-json\/wp\/v2\/product"}],"about":[{"href":"https:\/\/roveyayinevi.com.tr\/index.php\/wp-json\/wp\/v2\/types\/product"}],"wp:attachment":[{"href":"https:\/\/roveyayinevi.com.tr\/index.php\/wp-json\/wp\/v2\/media?parent=753102"}],"wp:term":[{"taxonomy":"product_brand","embeddable":true,"href":"https:\/\/roveyayinevi.com.tr\/index.php\/wp-json\/wp\/v2\/product_brand?post=753102"},{"taxonomy":"product_cat","embeddable":true,"href":"https:\/\/roveyayinevi.com.tr\/index.php\/wp-json\/wp\/v2\/product_cat?post=753102"},{"taxonomy":"product_tag","embeddable":true,"href":"https:\/\/roveyayinevi.com.tr\/index.php\/wp-json\/wp\/v2\/product_tag?post=753102"}],"curies":[{"name":"wp","href":"https:\/\/api.w.org\/{rel}","templated":true}]}}