{"id":753073,"date":"2025-08-28T05:33:05","date_gmt":"2025-08-28T02:33:05","guid":{"rendered":"https:\/\/roveyayinevi.com.tr\/index.php\/urun\/almanca-sozluk\/"},"modified":"2026-04-16T03:06:38","modified_gmt":"2026-04-16T00:06:38","slug":"almanca-sozluk","status":"publish","type":"product","link":"https:\/\/roveyayinevi.com.tr\/index.php\/urun\/almanca-sozluk\/","title":{"rendered":"Almanca S\u00f6zl\u00fck"},"content":{"rendered":"<p>Elinizde tuttu\u011funuz bu s\u00f6zl\u00fck, Almancada g\u00fcnl\u00fck hayatta en \u00e7ok kullan\u0131lan s\u00f6zc\u00fckler se\u00e7ilerek haz\u0131rlanm\u0131\u015ft\u0131r.Kelimelerin ger\u00e7ek anlamlar\u0131n\u0131n yan\u0131nda mecaz kullan\u0131mlara da yer verilmi\u015ftir.S\u00f6zc\u00fcklerin t\u00fcrleri ile ilgili k\u0131saltmalar da o kelimenin hemen yan\u0131nda verilmi\u015ftir.30.000\u2019e yak\u0131n kelimenin bulundu\u011fu bu s\u00f6zl\u00fck, Almanca ile ilgilenen herkes i\u00e7in konu\u015fma kolayl\u0131\u011f\u0131 sa\u011flayacak g\u00fcvenilir bir kaynakt\u0131r.<\/p>\n","protected":false},"excerpt":{"rendered":"<p>Elinizde tuttu\u011funuz bu s\u00f6zl\u00fck, Almancada g\u00fcnl\u00fck hayatta en \u00e7ok kullan\u0131lan s\u00f6zc\u00fckler se\u00e7ilerek haz\u0131rlanm\u0131\u015ft\u0131r.Kelimelerin ger\u00e7ek anlamlar\u0131n\u0131n yan\u0131nda mecaz kullan\u0131mlara da yer verilmi\u015ftir.S\u00f6zc\u00fcklerin t\u00fcrleri ile ilgili k\u0131saltmalar da<span class=\"excerpt-hellip\"> [\u2026]<\/span><\/p>\n","protected":false},"featured_media":0,"template":"","meta":{"_monsterinsights_skip_tracking":false,"_monsterinsights_sitenote_active":false,"_monsterinsights_sitenote_note":"","_monsterinsights_sitenote_category":0},"product_brand":[],"product_cat":[12566,13611],"product_tag":[],"class_list":{"0":"post-753073","1":"product","2":"type-product","3":"status-publish","5":"product_cat-egitim","6":"product_cat-sozlukler-ve-konusma-kilavuzlari","7":"pa_cilt-ciltsiz","8":"pa_tur-kitap","9":"pa_yayinevi-ema-kitap","10":"pa_yazar-dilara-dikmetas","12":"first","13":"instock","14":"sale","15":"shipping-taxable","16":"purchasable","17":"product-type-simple"},"_links":{"self":[{"href":"https:\/\/roveyayinevi.com.tr\/index.php\/wp-json\/wp\/v2\/product\/753073","targetHints":{"allow":["GET"]}}],"collection":[{"href":"https:\/\/roveyayinevi.com.tr\/index.php\/wp-json\/wp\/v2\/product"}],"about":[{"href":"https:\/\/roveyayinevi.com.tr\/index.php\/wp-json\/wp\/v2\/types\/product"}],"wp:attachment":[{"href":"https:\/\/roveyayinevi.com.tr\/index.php\/wp-json\/wp\/v2\/media?parent=753073"}],"wp:term":[{"taxonomy":"product_brand","embeddable":true,"href":"https:\/\/roveyayinevi.com.tr\/index.php\/wp-json\/wp\/v2\/product_brand?post=753073"},{"taxonomy":"product_cat","embeddable":true,"href":"https:\/\/roveyayinevi.com.tr\/index.php\/wp-json\/wp\/v2\/product_cat?post=753073"},{"taxonomy":"product_tag","embeddable":true,"href":"https:\/\/roveyayinevi.com.tr\/index.php\/wp-json\/wp\/v2\/product_tag?post=753073"}],"curies":[{"name":"wp","href":"https:\/\/api.w.org\/{rel}","templated":true}]}}