{"id":753071,"date":"2025-08-28T05:33:02","date_gmt":"2025-08-28T02:33:02","guid":{"rendered":"https:\/\/roveyayinevi.com.tr\/index.php\/urun\/yazim-kilavuzu-5\/"},"modified":"2026-04-16T03:06:38","modified_gmt":"2026-04-16T00:06:38","slug":"yazim-kilavuzu-5","status":"publish","type":"product","link":"https:\/\/roveyayinevi.com.tr\/index.php\/urun\/yazim-kilavuzu-5\/","title":{"rendered":"Yaz\u0131m K\u0131lavuzu"},"content":{"rendered":"<p>Sevgili \u00d6\u011frenciler,Sizler i\u00e7in haz\u0131rlad\u0131\u011f\u0131m\u0131z bu k\u0131lavuz, ana dilimizin do\u011fru ve g\u00fczel kullan\u0131lmas\u0131 i\u00e7in ba\u015fvuraca\u011f\u0131n\u0131z temel kaynakt\u0131r. Yaz\u0131m\u0131nda teredd\u00fcte d\u00fc\u015ft\u00fc\u011f\u00fcn\u00fcz her kelime i\u00e7in Genel Dizine bakman\u0131z ve oradaki bi\u00e7imiyle yazmay\u0131 al\u0131\u015fkanl\u0131k h\u00e2line getirmemiz gereklidir. Bu \u00f6zeni, yaln\u0131zca T\u00fcrk\u00e7e ve edebiyat derslerinde de\u011fil, t\u00fcm dersler i\u00e7in de g\u00f6stermelisiniz.Yaz\u0131m K\u0131lavuzunun yan\u0131nda, di\u011fer ba\u015fvuru kayna\u011f\u0131 ise T\u00fcrk\u00e7e S\u00f6zl\u00fck&#8217;t\u00fcr Anlam\u0131n\u0131 bilmedi\u011finiz her kelime i\u00e7in muhakkak T\u00fcrk\u00e7e S\u00f6zl\u00fck&#8217;e ba\u015fvurmal\u0131s\u0131n\u0131z. B\u00f6ylece, hem s\u00f6z varl\u0131\u011f\u0131n\u0131z geli\u015fir hem de kelimeleri do\u011fru bi\u00e7imde yazars\u0131n\u0131z. T\u00fcrk Dil Kurumunun yay\u0131mlad\u0131\u011f\u0131 &#8220;Yaz\u0131m K\u0131lavuzundaki kurallar\u0131 esas almak, T\u00fcrkiye T\u00fcrk\u00e7esinin yaz\u0131m\u0131nda ve kullan\u0131lmas\u0131nda son derece \u00f6nemlidir. Aksi h\u00e2lde, \u00e7e\u015fitli g\u00f6r\u00fc\u015f ve a\u011f\u0131z \u00f6zelliklerini \u00f6n plana almak dilimizde bir karga\u015fa yarat\u0131r ve ortak yaz\u0131 dilinin yayg\u0131nla\u015fmas\u0131n\u0131 engeller. Yaz\u0131m K\u0131lavuzundaki kurallara uyar ve uyar\u0131lar\u0131 dikkate al\u0131rsan\u0131z, dilimizi do\u011fru ve g\u00fczel kullan\u0131rs\u0131n\u0131z.Sevgi ve ba\u015far\u0131 dileklerimizle&#8230;<\/p>\n","protected":false},"excerpt":{"rendered":"<p>Sevgili \u00d6\u011frenciler,Sizler i\u00e7in haz\u0131rlad\u0131\u011f\u0131m\u0131z bu k\u0131lavuz, ana dilimizin do\u011fru ve g\u00fczel kullan\u0131lmas\u0131 i\u00e7in ba\u015fvuraca\u011f\u0131n\u0131z temel kaynakt\u0131r. Yaz\u0131m\u0131nda teredd\u00fcte d\u00fc\u015ft\u00fc\u011f\u00fcn\u00fcz her kelime i\u00e7in Genel Dizine bakman\u0131z ve<span class=\"excerpt-hellip\"> [\u2026]<\/span><\/p>\n","protected":false},"featured_media":0,"template":"","meta":{"_monsterinsights_skip_tracking":false,"_monsterinsights_sitenote_active":false,"_monsterinsights_sitenote_note":"","_monsterinsights_sitenote_category":0},"product_brand":[],"product_cat":[12566,13611],"product_tag":[],"class_list":{"0":"post-753071","1":"product","2":"type-product","3":"status-publish","5":"product_cat-egitim","6":"product_cat-sozlukler-ve-konusma-kilavuzlari","7":"pa_cilt-ciltsiz","8":"pa_tur-kitap","9":"pa_yayinevi-ema-kitap","10":"pa_yazar-kolektif","12":"first","13":"instock","14":"sale","15":"shipping-taxable","16":"purchasable","17":"product-type-simple"},"_links":{"self":[{"href":"https:\/\/roveyayinevi.com.tr\/index.php\/wp-json\/wp\/v2\/product\/753071","targetHints":{"allow":["GET"]}}],"collection":[{"href":"https:\/\/roveyayinevi.com.tr\/index.php\/wp-json\/wp\/v2\/product"}],"about":[{"href":"https:\/\/roveyayinevi.com.tr\/index.php\/wp-json\/wp\/v2\/types\/product"}],"wp:attachment":[{"href":"https:\/\/roveyayinevi.com.tr\/index.php\/wp-json\/wp\/v2\/media?parent=753071"}],"wp:term":[{"taxonomy":"product_brand","embeddable":true,"href":"https:\/\/roveyayinevi.com.tr\/index.php\/wp-json\/wp\/v2\/product_brand?post=753071"},{"taxonomy":"product_cat","embeddable":true,"href":"https:\/\/roveyayinevi.com.tr\/index.php\/wp-json\/wp\/v2\/product_cat?post=753071"},{"taxonomy":"product_tag","embeddable":true,"href":"https:\/\/roveyayinevi.com.tr\/index.php\/wp-json\/wp\/v2\/product_tag?post=753071"}],"curies":[{"name":"wp","href":"https:\/\/api.w.org\/{rel}","templated":true}]}}