{"id":753060,"date":"2025-08-28T05:32:47","date_gmt":"2025-08-28T02:32:47","guid":{"rendered":"https:\/\/roveyayinevi.com.tr\/index.php\/urun\/yarinin-adami\/"},"modified":"2026-04-16T03:06:38","modified_gmt":"2026-04-16T00:06:38","slug":"yarinin-adami","status":"publish","type":"product","link":"https:\/\/roveyayinevi.com.tr\/index.php\/urun\/yarinin-adami\/","title":{"rendered":"Yar\u0131n\u0131n Adam\u0131"},"content":{"rendered":"<p>\u201cG\u00f6r\u00fcn\u00fcrde \u00fclkeyi i\u015fgal etmedi\u011fimiz halde, \u015fimdi valilerini at\u0131yor veya g\u00f6revlerinden uzakla\u015ft\u0131r\u0131yoruz; polislerini y\u00f6netiyor, bas\u0131nlar\u0131n\u0131 denetliyor, zindanlar\u0131na girerek Rum ve Ermeni tutuklular\u0131, i\u015flemi\u015f olduklar\u0131 su\u00e7lara ald\u0131rmadan \u00f6zg\u00fcr b\u0131rak\u0131yoruz\u2026 Demiryollar\u0131n\u0131 s\u0131k\u0131ca denetimimizde tutuyor ve istedi\u011fimiz her \u015feye el koyuyoruz\u2026 Politikam\u0131z, s\u00fcng\u00fcn\u00fcn keskin ucuna dayan\u0131r\u2026 Halife elimizin alt\u0131nda bulunduk\u00e7a \u0130slam d\u00fcnyas\u0131 \u00fczerinde ek bir denetim arac\u0131na sahibiz\u2026 Bildi\u011finiz \u00fczere Padi\u015fah, bizi buraya yerle\u015ftirmeyi diliyor.\u201dAmiral Richard Webb, 19 Ocak 1919 \u201cPadi\u015fah \u0130ngilizlerin T\u00fcrkiye\u2019nin idaresini m\u00fcmk\u00fcn oldu\u011fu kadar \u00e7abuk ellerine almas\u0131 i\u00e7in istirhamda bulundu&#8230; \u0130\u00e7 k\u0131s\u0131mlara \u0130ngiliz subaylar\u0131n\u0131n g\u00f6nderilmesini ve idareye yard\u0131mc\u0131 olmalar\u0131n\u0131 rica etti. \u0130stenmeyen subaylar\u0131 g\u00f6revlerinden almaya ve birlikleri \u0130ngiliz subaylar\u0131n\u0131n komutas\u0131 alt\u0131na vermeye haz\u0131r.\u201dGeneral George Milne, 16 Aral\u0131k 1918 \u201c\u00c7\u00f6l san\u0131lan bu \u00e2lemde sakl\u0131 ve kuvvetli hayat vard\u0131r. O, millettir. O T\u00fcrk milletidir. Eksik olan \u015fey te\u015fkilatt\u0131r. Bu te\u015fkilat, organize edilebilirse vatan da millet de kurtulur.\u201dMustafa Kemal Pa\u015fa, \u015eubat 1919<\/p>\n","protected":false},"excerpt":{"rendered":"<p>\u201cG\u00f6r\u00fcn\u00fcrde \u00fclkeyi i\u015fgal etmedi\u011fimiz halde, \u015fimdi valilerini at\u0131yor veya g\u00f6revlerinden uzakla\u015ft\u0131r\u0131yoruz; polislerini y\u00f6netiyor, bas\u0131nlar\u0131n\u0131 denetliyor, zindanlar\u0131na girerek Rum ve Ermeni tutuklular\u0131, i\u015flemi\u015f olduklar\u0131 su\u00e7lara ald\u0131rmadan \u00f6zg\u00fcr<span class=\"excerpt-hellip\"> [\u2026]<\/span><\/p>\n","protected":false},"featured_media":0,"template":"","meta":{"_monsterinsights_skip_tracking":false,"_monsterinsights_sitenote_active":false,"_monsterinsights_sitenote_note":"","_monsterinsights_sitenote_category":0},"product_brand":[],"product_cat":[14009,12291],"product_tag":[],"class_list":{"0":"post-753060","1":"product","2":"type-product","3":"status-publish","5":"product_cat-biyografi-otobiyografi-edebiyat","6":"product_cat-edebiyat","7":"pa_cilt-ciltsiz","8":"pa_tur-kitap","9":"pa_yayinevi-masa-kitap","10":"pa_yazar-con-sinov","12":"first","13":"instock","14":"sale","15":"shipping-taxable","16":"purchasable","17":"product-type-simple"},"_links":{"self":[{"href":"https:\/\/roveyayinevi.com.tr\/index.php\/wp-json\/wp\/v2\/product\/753060","targetHints":{"allow":["GET"]}}],"collection":[{"href":"https:\/\/roveyayinevi.com.tr\/index.php\/wp-json\/wp\/v2\/product"}],"about":[{"href":"https:\/\/roveyayinevi.com.tr\/index.php\/wp-json\/wp\/v2\/types\/product"}],"wp:attachment":[{"href":"https:\/\/roveyayinevi.com.tr\/index.php\/wp-json\/wp\/v2\/media?parent=753060"}],"wp:term":[{"taxonomy":"product_brand","embeddable":true,"href":"https:\/\/roveyayinevi.com.tr\/index.php\/wp-json\/wp\/v2\/product_brand?post=753060"},{"taxonomy":"product_cat","embeddable":true,"href":"https:\/\/roveyayinevi.com.tr\/index.php\/wp-json\/wp\/v2\/product_cat?post=753060"},{"taxonomy":"product_tag","embeddable":true,"href":"https:\/\/roveyayinevi.com.tr\/index.php\/wp-json\/wp\/v2\/product_tag?post=753060"}],"curies":[{"name":"wp","href":"https:\/\/api.w.org\/{rel}","templated":true}]}}