{"id":753034,"date":"2025-08-28T05:32:07","date_gmt":"2025-08-28T02:32:07","guid":{"rendered":"https:\/\/roveyayinevi.com.tr\/index.php\/urun\/gecenin-resmi\/"},"modified":"2026-04-16T03:06:37","modified_gmt":"2026-04-16T00:06:37","slug":"gecenin-resmi","status":"publish","type":"product","link":"https:\/\/roveyayinevi.com.tr\/index.php\/urun\/gecenin-resmi\/","title":{"rendered":"Gecenin Resmi"},"content":{"rendered":"<p>m\u00fcteahhide mi k\u0131zmal\u0131 izin verenlere mi hepsine hepsine en \u015fiddetle a\u011f\u0131r \u00f6l\u00fcmden beter hepsine en \u015fiddetle   bilmezler a\u011f\u0131r \u00f6l\u00fcm\u00fc bilmezler beton kokusunu \u00f6l\u00fcm\u00fc bilmezler karanl\u0131k, a\u011f\u0131r \u00f6l\u00fcm\u00fc&#8230;<\/p>\n","protected":false},"excerpt":{"rendered":"<p>m\u00fcteahhide mi k\u0131zmal\u0131 izin verenlere mi hepsine hepsine en \u015fiddetle a\u011f\u0131r \u00f6l\u00fcmden beter hepsine en \u015fiddetle bilmezler a\u011f\u0131r \u00f6l\u00fcm\u00fc bilmezler beton kokusunu \u00f6l\u00fcm\u00fc bilmezler karanl\u0131k, a\u011f\u0131r<span class=\"excerpt-hellip\"> [\u2026]<\/span><\/p>\n","protected":false},"featured_media":0,"template":"","meta":{"_monsterinsights_skip_tracking":false,"_monsterinsights_sitenote_active":false,"_monsterinsights_sitenote_note":"","_monsterinsights_sitenote_category":0},"product_brand":[],"product_cat":[12291,12509],"product_tag":[],"class_list":{"0":"post-753034","1":"product","2":"type-product","3":"status-publish","5":"product_cat-edebiyat","6":"product_cat-siir","7":"pa_cilt-ciltsiz","8":"pa_tur-kitap","9":"pa_yayinevi-luna-yayinlari","10":"pa_yazar-nebih-nafile","12":"first","13":"instock","14":"sale","15":"shipping-taxable","16":"purchasable","17":"product-type-simple"},"_links":{"self":[{"href":"https:\/\/roveyayinevi.com.tr\/index.php\/wp-json\/wp\/v2\/product\/753034","targetHints":{"allow":["GET"]}}],"collection":[{"href":"https:\/\/roveyayinevi.com.tr\/index.php\/wp-json\/wp\/v2\/product"}],"about":[{"href":"https:\/\/roveyayinevi.com.tr\/index.php\/wp-json\/wp\/v2\/types\/product"}],"wp:attachment":[{"href":"https:\/\/roveyayinevi.com.tr\/index.php\/wp-json\/wp\/v2\/media?parent=753034"}],"wp:term":[{"taxonomy":"product_brand","embeddable":true,"href":"https:\/\/roveyayinevi.com.tr\/index.php\/wp-json\/wp\/v2\/product_brand?post=753034"},{"taxonomy":"product_cat","embeddable":true,"href":"https:\/\/roveyayinevi.com.tr\/index.php\/wp-json\/wp\/v2\/product_cat?post=753034"},{"taxonomy":"product_tag","embeddable":true,"href":"https:\/\/roveyayinevi.com.tr\/index.php\/wp-json\/wp\/v2\/product_tag?post=753034"}],"curies":[{"name":"wp","href":"https:\/\/api.w.org\/{rel}","templated":true}]}}