{"id":752977,"date":"2025-08-28T05:30:04","date_gmt":"2025-08-28T02:30:04","guid":{"rendered":"https:\/\/roveyayinevi.com.tr\/index.php\/urun\/tanricalar-tanrilar-ve-koruyucu-ruhlar\/"},"modified":"2026-04-16T03:06:36","modified_gmt":"2026-04-16T00:06:36","slug":"tanricalar-tanrilar-ve-koruyucu-ruhlar","status":"publish","type":"product","link":"https:\/\/roveyayinevi.com.tr\/index.php\/urun\/tanricalar-tanrilar-ve-koruyucu-ruhlar\/","title":{"rendered":"Tanr\u0131\u00e7alar Tanr\u0131lar ve Koruyucu Ruhlar"},"content":{"rendered":"<p>Tanr\u0131\u00e7alar, Tanr\u0131lar ve Koruyucu Ruhlar&#8217;dan olu\u015fan manevi rehberler ile tan\u0131\u015fmaya ve onlar\u0131n rehberli\u011fi ile ya\u015fam haritan\u0131z\u0131 \u015fekillendirmeye haz\u0131r olun. Bu deste arac\u0131l\u0131\u011f\u0131yla ilahi di\u015fil ve ilahi erilin enerjileriyle ba\u011flant\u0131 kurun ve i\u00e7sel \u015fifa ve ruhsal geli\u015fim i\u00e7in onlardan rehberlik al\u0131n. Birbirinden g\u00fc\u00e7l\u00fc 44 karttan olu\u015fan bu deste, ya\u015fam yolunuzda sizi desteklemek, g\u00fc\u00e7lendirmek ve size ilham vermek i\u00e7in haz\u0131rland\u0131. Tanr\u0131\u00e7alar, Tanr\u0131lar ve Koruyucu Ruhlar destesinin kitap\u00e7\u0131\u011f\u0131 arac\u0131l\u0131\u011f\u0131yla her bir manevi rehberin k\u00f6kenleri hakk\u0131nda bilgi sahibi olabilir, onlar\u0131n mesajlar\u0131n\u0131 nas\u0131l yorumlayaca\u011f\u0131n\u0131z konusunda destek alabilirsiniz. <\/p>\n","protected":false},"excerpt":{"rendered":"<p>Tanr\u0131\u00e7alar, Tanr\u0131lar ve Koruyucu Ruhlar&#8217;dan olu\u015fan manevi rehberler ile tan\u0131\u015fmaya ve onlar\u0131n rehberli\u011fi ile ya\u015fam haritan\u0131z\u0131 \u015fekillendirmeye haz\u0131r olun. Bu deste arac\u0131l\u0131\u011f\u0131yla ilahi di\u015fil ve ilahi<span class=\"excerpt-hellip\"> [\u2026]<\/span><\/p>\n","protected":false},"featured_media":0,"template":"","meta":{"_monsterinsights_skip_tracking":false,"_monsterinsights_sitenote_active":false,"_monsterinsights_sitenote_note":"","_monsterinsights_sitenote_category":0},"product_brand":[],"product_cat":[19840,12364],"product_tag":[],"class_list":{"0":"post-752977","1":"product","2":"type-product","3":"status-publish","5":"product_cat-astroloji","6":"product_cat-genel-konular","7":"pa_cilt-ciltsiz","8":"pa_tur-kitap","9":"pa_yayinevi-omega","10":"pa_yazar-sophie-bashford","12":"first","13":"instock","14":"sale","15":"shipping-taxable","16":"purchasable","17":"product-type-simple"},"_links":{"self":[{"href":"https:\/\/roveyayinevi.com.tr\/index.php\/wp-json\/wp\/v2\/product\/752977","targetHints":{"allow":["GET"]}}],"collection":[{"href":"https:\/\/roveyayinevi.com.tr\/index.php\/wp-json\/wp\/v2\/product"}],"about":[{"href":"https:\/\/roveyayinevi.com.tr\/index.php\/wp-json\/wp\/v2\/types\/product"}],"wp:attachment":[{"href":"https:\/\/roveyayinevi.com.tr\/index.php\/wp-json\/wp\/v2\/media?parent=752977"}],"wp:term":[{"taxonomy":"product_brand","embeddable":true,"href":"https:\/\/roveyayinevi.com.tr\/index.php\/wp-json\/wp\/v2\/product_brand?post=752977"},{"taxonomy":"product_cat","embeddable":true,"href":"https:\/\/roveyayinevi.com.tr\/index.php\/wp-json\/wp\/v2\/product_cat?post=752977"},{"taxonomy":"product_tag","embeddable":true,"href":"https:\/\/roveyayinevi.com.tr\/index.php\/wp-json\/wp\/v2\/product_tag?post=752977"}],"curies":[{"name":"wp","href":"https:\/\/api.w.org\/{rel}","templated":true}]}}