{"id":752975,"date":"2025-08-28T05:30:02","date_gmt":"2025-08-28T02:30:02","guid":{"rendered":"https:\/\/roveyayinevi.com.tr\/index.php\/urun\/rehber-hayvanlar\/"},"modified":"2026-04-16T03:06:36","modified_gmt":"2026-04-16T00:06:36","slug":"rehber-hayvanlar","status":"publish","type":"product","link":"https:\/\/roveyayinevi.com.tr\/index.php\/urun\/rehber-hayvanlar\/","title":{"rendered":"Rehber Hayvanlar"},"content":{"rendered":"<p>Hayat\u0131n Mesajlar\u0131n\u0131 Okumay\u0131 \u00d6\u011frenin! \u0130nsanlar olarak d\u00fcnyadaki ser\u00fcvenimize ba\u015flad\u0131\u011f\u0131m\u0131zdan beri, do\u011fay\u0131, gelece\u011fi ve an\u0131 okumak i\u00e7in hayvan rehberli\u011fine ba\u015fvuruyoruz. Hayvanlar\u0131n bilgeli\u011finden ald\u0131\u011f\u0131m\u0131z ilhamla hayallerimize dair yarat\u0131mlar yapabilir, saplan\u0131p kald\u0131\u011f\u0131m\u0131z sorunlar\u0131n \u00fcstesinden gelebilir, hayata geli\u015f amac\u0131m\u0131z\u0131 ve d\u00fcnyaya sunaca\u011f\u0131m\u0131z arma\u011fanlar\u0131 daha net \u015fekilde anlamland\u0131rabiliriz.   Hayvanlardan insanlara akan bir\u00e7ok rehberlik vard\u0131r ancak bu rehberli\u011fi do\u011fru okuyabilmenin yolu, onlar\u0131n dilini anlamaktan ge\u00e7er. Kalbinizi ve zihninizi hayvanlar d\u00fcnyas\u0131n\u0131n bilgeli\u011fine a\u00e7\u0131n. \u00c7akallar, bizi de\u011fi\u015fen ko\u015fullara uyum sa\u011flamaya te\u015fvik ederler. Aslanlar, g\u00fc\u00e7 ve cesareti simgeler. Su samurlar\u0131, bize, oyun oynamaya zaman ay\u0131rmay\u0131 hat\u0131rlat\u0131rlar.   Rehber Hayvanlar kitab\u0131nda sunulan teknikler sayesinde art\u0131k do\u011fal d\u00fcnyan\u0131n i\u015faretlerini, alametleri ve size g\u00f6nderilen mesajlar\u0131 tan\u0131y\u0131p yorumlayabilirsiniz. Hayvanlar\u0131n al\u0131\u015fkanl\u0131klar\u0131n\u0131, avlanma d\u00f6ng\u00fclerini, beslenme ve \u00fcreme y\u00f6ntemlerini \u00f6\u011frenerek hayvan totemleriniz ve ruh hayvanlar\u0131n\u0131zla tan\u0131\u015f\u0131p onlar\u0131n erki ile uyumlanabilirsiniz. <\/p>\n","protected":false},"excerpt":{"rendered":"<p>Hayat\u0131n Mesajlar\u0131n\u0131 Okumay\u0131 \u00d6\u011frenin! \u0130nsanlar olarak d\u00fcnyadaki ser\u00fcvenimize ba\u015flad\u0131\u011f\u0131m\u0131zdan beri, do\u011fay\u0131, gelece\u011fi ve an\u0131 okumak i\u00e7in hayvan rehberli\u011fine ba\u015fvuruyoruz. Hayvanlar\u0131n bilgeli\u011finden ald\u0131\u011f\u0131m\u0131z ilhamla hayallerimize dair yarat\u0131mlar<span class=\"excerpt-hellip\"> [\u2026]<\/span><\/p>\n","protected":false},"featured_media":0,"template":"","meta":{"_monsterinsights_skip_tracking":false,"_monsterinsights_sitenote_active":false,"_monsterinsights_sitenote_note":"","_monsterinsights_sitenote_category":0},"product_brand":[],"product_cat":[12364,12376],"product_tag":[],"class_list":{"0":"post-752975","1":"product","2":"type-product","3":"status-publish","5":"product_cat-genel-konular","6":"product_cat-kisisel-gelisim","7":"pa_cilt-ciltsiz","8":"pa_tur-kitap","9":"pa_yayinevi-omega","10":"pa_yazar-ted-andrews","12":"first","13":"instock","14":"sale","15":"shipping-taxable","16":"purchasable","17":"product-type-simple"},"_links":{"self":[{"href":"https:\/\/roveyayinevi.com.tr\/index.php\/wp-json\/wp\/v2\/product\/752975","targetHints":{"allow":["GET"]}}],"collection":[{"href":"https:\/\/roveyayinevi.com.tr\/index.php\/wp-json\/wp\/v2\/product"}],"about":[{"href":"https:\/\/roveyayinevi.com.tr\/index.php\/wp-json\/wp\/v2\/types\/product"}],"wp:attachment":[{"href":"https:\/\/roveyayinevi.com.tr\/index.php\/wp-json\/wp\/v2\/media?parent=752975"}],"wp:term":[{"taxonomy":"product_brand","embeddable":true,"href":"https:\/\/roveyayinevi.com.tr\/index.php\/wp-json\/wp\/v2\/product_brand?post=752975"},{"taxonomy":"product_cat","embeddable":true,"href":"https:\/\/roveyayinevi.com.tr\/index.php\/wp-json\/wp\/v2\/product_cat?post=752975"},{"taxonomy":"product_tag","embeddable":true,"href":"https:\/\/roveyayinevi.com.tr\/index.php\/wp-json\/wp\/v2\/product_tag?post=752975"}],"curies":[{"name":"wp","href":"https:\/\/api.w.org\/{rel}","templated":true}]}}