{"id":752973,"date":"2025-08-28T05:29:58","date_gmt":"2025-08-28T02:29:58","guid":{"rendered":"https:\/\/roveyayinevi.com.tr\/index.php\/urun\/gercek-renkler-2\/"},"modified":"2026-04-16T03:06:07","modified_gmt":"2026-04-16T00:06:07","slug":"gercek-renkler-2","status":"publish","type":"product","link":"https:\/\/roveyayinevi.com.tr\/index.php\/urun\/gercek-renkler-2\/","title":{"rendered":"Ger\u00e7ek Renkler"},"content":{"rendered":"<p>BU K\u0130TAP HATALI!   RENKLER AYAKLANDI. KARMAN \u00c7ORMAN B\u0130R MANZARA   Gon\u00e7alo Viana\u2019n\u0131n yazd\u0131\u011f\u0131 ve resimledi\u011fi bu capcanl\u0131 kitap e\u011flenceli ve merak uyand\u0131ran harika bir okuma \u015f\u00f6leni sunuyor.   \u201cSiz hi\u00e7 ye\u015fil bir bulut ve beyaz bir a\u011fa\u00e7 g\u00f6rd\u00fcn\u00fcz m\u00fc? Peki turuncu ya da mor bir k\u00f6pek? D\u00fcnyadaki renklere neler oluyor dersiniz? Gelin \u015fu gizemli durumu birlikte ara\u015ft\u0131ral\u0131m.\u201d <\/p>\n","protected":false},"excerpt":{"rendered":"<p>BU K\u0130TAP HATALI! RENKLER AYAKLANDI. KARMAN \u00c7ORMAN B\u0130R MANZARA Gon\u00e7alo Viana\u2019n\u0131n yazd\u0131\u011f\u0131 ve resimledi\u011fi bu capcanl\u0131 kitap e\u011flenceli ve merak uyand\u0131ran harika bir okuma \u015f\u00f6leni sunuyor.<span class=\"excerpt-hellip\"> [\u2026]<\/span><\/p>\n","protected":false},"featured_media":0,"template":"","meta":{"_monsterinsights_skip_tracking":false,"_monsterinsights_sitenote_active":false,"_monsterinsights_sitenote_note":"","_monsterinsights_sitenote_category":0},"product_brand":[],"product_cat":[12274,12284],"product_tag":[],"class_list":{"0":"post-752973","1":"product","2":"type-product","3":"status-publish","5":"product_cat-cocuk-ve-genclik-kitaplari","6":"product_cat-hikayeler","7":"pa_cilt-ciltsiz","8":"pa_tur-kitap","9":"pa_yayinevi-yapi-kredi-yayinlari","10":"pa_yazar-goncalo-viana","12":"first","13":"instock","14":"sale","15":"shipping-taxable","16":"purchasable","17":"product-type-simple"},"_links":{"self":[{"href":"https:\/\/roveyayinevi.com.tr\/index.php\/wp-json\/wp\/v2\/product\/752973","targetHints":{"allow":["GET"]}}],"collection":[{"href":"https:\/\/roveyayinevi.com.tr\/index.php\/wp-json\/wp\/v2\/product"}],"about":[{"href":"https:\/\/roveyayinevi.com.tr\/index.php\/wp-json\/wp\/v2\/types\/product"}],"wp:attachment":[{"href":"https:\/\/roveyayinevi.com.tr\/index.php\/wp-json\/wp\/v2\/media?parent=752973"}],"wp:term":[{"taxonomy":"product_brand","embeddable":true,"href":"https:\/\/roveyayinevi.com.tr\/index.php\/wp-json\/wp\/v2\/product_brand?post=752973"},{"taxonomy":"product_cat","embeddable":true,"href":"https:\/\/roveyayinevi.com.tr\/index.php\/wp-json\/wp\/v2\/product_cat?post=752973"},{"taxonomy":"product_tag","embeddable":true,"href":"https:\/\/roveyayinevi.com.tr\/index.php\/wp-json\/wp\/v2\/product_tag?post=752973"}],"curies":[{"name":"wp","href":"https:\/\/api.w.org\/{rel}","templated":true}]}}