{"id":752952,"date":"2025-08-28T05:29:27","date_gmt":"2025-08-28T02:29:27","guid":{"rendered":"https:\/\/roveyayinevi.com.tr\/index.php\/urun\/hunasamzade\/"},"modified":"2026-04-16T03:06:06","modified_gmt":"2026-04-16T00:06:06","slug":"hunasamzade","status":"publish","type":"product","link":"https:\/\/roveyayinevi.com.tr\/index.php\/urun\/hunasamzade\/","title":{"rendered":"Huna\u015famzade"},"content":{"rendered":"<p>Gececi ku\u015flar\u0131n ve bayku\u015flar\u0131n bile uzak durdu\u011fu Mezarhisar k\u00f6y\u00fcnde ya\u015fanan vah\u015fetin ve o harap k\u00f6ydeki yoku\u015flar\u0131n en tepesinde yer alan, Hun\u00e2\u015famzade dedikleri ailenin u\u011fursuz kona\u011f\u0131n\u0131n hik\u00e2yesi&#8230; Tuna boylar\u0131ndan Edirne\u2019ye uzanan as\u0131rl\u0131k deh\u015fet\u2026   I\u015f\u0131ldayan g\u00f6zl\u00fc hortlaklar\u0131n, kan\u0131 \u00e7ekilmi\u015f cesetlerin, \u00f6te \u00e2lemden sivri di\u015flilerin, gecenin deh\u015fetli yarat\u0131klar\u0131n\u0131n e\u015fli\u011finde Hun\u00e2\u015famzade ailesinin as\u0131rl\u0131k musibetinin pe\u015fine d\u00fc\u015f\u00fcyor, Istrancal\u0131 Abd\u00fclharis Pa\u015fa ile birlikte nesilden nesle aktar\u0131lan lanetin sebebini ara\u015ft\u0131r\u0131yoruz.   \u201cBulutlar da\u011f\u0131lm\u0131\u015f ve dolunay meydana \u00e7\u0131km\u0131\u015fken, bir kere daha manast\u0131r\u0131n \u00fczerinde bir karalt\u0131 tekinsiz kanat \u00e7\u0131rpma sesleri e\u015fli\u011finde \u00e7\u00f6kt\u00fc. Puhudan, azim akbabalarla kartallardan daha b\u00fcy\u00fck, kanatl\u0131 bir \u015fekil harap manast\u0131r\u0131n \u00e7at\u0131s\u0131na t\u00fcneyip ate\u015f k\u0131z\u0131l\u0131 g\u00f6zleri ve sivri di\u015fleri ta tepeden fark edilen ihtiyar kocakar\u0131 suretiyle a\u015fa\u011f\u0131dakilere bakt\u0131. Belden a\u015fa\u011f\u0131s\u0131 koca pen\u00e7eleriyle ve kanatlar\u0131yla ku\u015fu, belden yukar\u0131s\u0131 da neredeyse pen\u00e7elerine dek sarkan memeleri, ihtiyar ancak sa\u011flam bedeni ve \u00f6r\u00fcklerine toz toprak kemik dolmu\u015f, yerleri s\u00fcp\u00fcren uzun kara sa\u00e7lar\u0131yla, iki yang\u0131n yeri koca g\u00f6zleri ve dikenli dallar\u0131 and\u0131ran siyah siyah sivri di\u015fleriyle \u00e7\u00f6reklenmi\u015f ejderha misali tepeye t\u00fcneyen heyula bir \u00e7\u0131\u011fl\u0131k kopard\u0131.\u201d    Mehmet Berk Yalt\u0131r\u0131k\u2019\u0131n novellas\u0131, onun evrenine a\u015fina okurlar\u0131n ad\u0131mlamaktan heyecan duyaca\u011f\u0131 yeni bir patika; yeni okurlar i\u00e7in de kestirme bir giri\u015f! <\/p>\n","protected":false},"excerpt":{"rendered":"<p>Gececi ku\u015flar\u0131n ve bayku\u015flar\u0131n bile uzak durdu\u011fu Mezarhisar k\u00f6y\u00fcnde ya\u015fanan vah\u015fetin ve o harap k\u00f6ydeki yoku\u015flar\u0131n en tepesinde yer alan, Hun\u00e2\u015famzade dedikleri ailenin u\u011fursuz kona\u011f\u0131n\u0131n hik\u00e2yesi&#8230;<span class=\"excerpt-hellip\"> [\u2026]<\/span><\/p>\n","protected":false},"featured_media":0,"template":"","meta":{"_monsterinsights_skip_tracking":false,"_monsterinsights_sitenote_active":false,"_monsterinsights_sitenote_note":"","_monsterinsights_sitenote_category":0},"product_brand":[],"product_cat":[12291,17033],"product_tag":[],"class_list":{"0":"post-752952","1":"product","2":"type-product","3":"status-publish","5":"product_cat-edebiyat","6":"product_cat-korku-gerilim","7":"pa_cilt-ciltsiz","8":"pa_tur-kitap","9":"pa_yayinevi-ithaki-yayinlari","10":"pa_yazar-mehmet-berk-yaltirik","12":"first","13":"instock","14":"sale","15":"shipping-taxable","16":"purchasable","17":"product-type-simple"},"_links":{"self":[{"href":"https:\/\/roveyayinevi.com.tr\/index.php\/wp-json\/wp\/v2\/product\/752952","targetHints":{"allow":["GET"]}}],"collection":[{"href":"https:\/\/roveyayinevi.com.tr\/index.php\/wp-json\/wp\/v2\/product"}],"about":[{"href":"https:\/\/roveyayinevi.com.tr\/index.php\/wp-json\/wp\/v2\/types\/product"}],"wp:attachment":[{"href":"https:\/\/roveyayinevi.com.tr\/index.php\/wp-json\/wp\/v2\/media?parent=752952"}],"wp:term":[{"taxonomy":"product_brand","embeddable":true,"href":"https:\/\/roveyayinevi.com.tr\/index.php\/wp-json\/wp\/v2\/product_brand?post=752952"},{"taxonomy":"product_cat","embeddable":true,"href":"https:\/\/roveyayinevi.com.tr\/index.php\/wp-json\/wp\/v2\/product_cat?post=752952"},{"taxonomy":"product_tag","embeddable":true,"href":"https:\/\/roveyayinevi.com.tr\/index.php\/wp-json\/wp\/v2\/product_tag?post=752952"}],"curies":[{"name":"wp","href":"https:\/\/api.w.org\/{rel}","templated":true}]}}