{"id":752900,"date":"2025-08-28T05:28:03","date_gmt":"2025-08-28T02:28:03","guid":{"rendered":"https:\/\/roveyayinevi.com.tr\/index.php\/urun\/zihnin-arka-bahcesi\/"},"modified":"2026-04-16T03:06:05","modified_gmt":"2026-04-16T00:06:05","slug":"zihnin-arka-bahcesi","status":"publish","type":"product","link":"https:\/\/roveyayinevi.com.tr\/index.php\/urun\/zihnin-arka-bahcesi\/","title":{"rendered":"Zihnin Arka Bah\u00e7esi"},"content":{"rendered":"<p>S\u0131k\u0131nt\u0131lar\u0131m\u0131z\u0131n k\u00f6kenlerine dair derinlemesine bir ke\u015ffe haz\u0131r m\u0131s\u0131n\u0131z? Beden sa\u011fl\u0131\u011f\u0131m\u0131z kadar ruh sa\u011fl\u0131\u011f\u0131m\u0131z da \u00f6nemlidir ve ruh sa\u011fl\u0131\u011f\u0131, sadece ruhsal bir bozuklu\u011fa sahip olup olmamaktan ibaret de\u011fildir. Genel bir iyilik hali, ya\u015famdan memnuniyet ve ki\u015finin kendi potansiyelini ger\u00e7ekle\u015ftirmesidir.Ruhsal bozukluk denince akl\u0131m\u0131za neler gelir? \u015eizofreni, depresyon, bipolar bozukluk ve kayg\u0131 gibi durumlar insanlar\u0131 neden bu kadar derinden etkiler? Bu durumlar bize kendi varolu\u015fumuz ve insan do\u011fas\u0131n\u0131n \u00f6z\u00fc hakk\u0131nda ne anlat\u0131r?Psikiyatrist Neel Burton, bu zorlu sorular \u0131\u015f\u0131\u011f\u0131nda ruhsal bozukluklar\u0131 mercek alt\u0131na al\u0131yor ve okuru, ya\u015fam hakk\u0131nda daha fazla d\u00fc\u015f\u00fcnmeye davet ediyor.<\/p>\n","protected":false},"excerpt":{"rendered":"<p>S\u0131k\u0131nt\u0131lar\u0131m\u0131z\u0131n k\u00f6kenlerine dair derinlemesine bir ke\u015ffe haz\u0131r m\u0131s\u0131n\u0131z? Beden sa\u011fl\u0131\u011f\u0131m\u0131z kadar ruh sa\u011fl\u0131\u011f\u0131m\u0131z da \u00f6nemlidir ve ruh sa\u011fl\u0131\u011f\u0131, sadece ruhsal bir bozuklu\u011fa sahip olup olmamaktan ibaret<span class=\"excerpt-hellip\"> [\u2026]<\/span><\/p>\n","protected":false},"featured_media":0,"template":"","meta":{"_monsterinsights_skip_tracking":false,"_monsterinsights_sitenote_active":false,"_monsterinsights_sitenote_note":"","_monsterinsights_sitenote_category":0},"product_brand":[],"product_cat":[12364,12376],"product_tag":[],"class_list":{"0":"post-752900","1":"product","2":"type-product","3":"status-publish","5":"product_cat-genel-konular","6":"product_cat-kisisel-gelisim","7":"pa_cilt-ciltsiz","8":"pa_tur-kitap","9":"pa_yayinevi-nemesis-kitap","10":"pa_yazar-neel-burton","12":"first","13":"instock","14":"sale","15":"shipping-taxable","16":"purchasable","17":"product-type-simple"},"_links":{"self":[{"href":"https:\/\/roveyayinevi.com.tr\/index.php\/wp-json\/wp\/v2\/product\/752900","targetHints":{"allow":["GET"]}}],"collection":[{"href":"https:\/\/roveyayinevi.com.tr\/index.php\/wp-json\/wp\/v2\/product"}],"about":[{"href":"https:\/\/roveyayinevi.com.tr\/index.php\/wp-json\/wp\/v2\/types\/product"}],"wp:attachment":[{"href":"https:\/\/roveyayinevi.com.tr\/index.php\/wp-json\/wp\/v2\/media?parent=752900"}],"wp:term":[{"taxonomy":"product_brand","embeddable":true,"href":"https:\/\/roveyayinevi.com.tr\/index.php\/wp-json\/wp\/v2\/product_brand?post=752900"},{"taxonomy":"product_cat","embeddable":true,"href":"https:\/\/roveyayinevi.com.tr\/index.php\/wp-json\/wp\/v2\/product_cat?post=752900"},{"taxonomy":"product_tag","embeddable":true,"href":"https:\/\/roveyayinevi.com.tr\/index.php\/wp-json\/wp\/v2\/product_tag?post=752900"}],"curies":[{"name":"wp","href":"https:\/\/api.w.org\/{rel}","templated":true}]}}