{"id":752887,"date":"2025-08-28T05:27:41","date_gmt":"2025-08-28T02:27:41","guid":{"rendered":"https:\/\/roveyayinevi.com.tr\/index.php\/urun\/bitmeyen-kis\/"},"modified":"2026-04-16T03:06:05","modified_gmt":"2026-04-16T00:06:05","slug":"bitmeyen-kis","status":"publish","type":"product","link":"https:\/\/roveyayinevi.com.tr\/index.php\/urun\/bitmeyen-kis\/","title":{"rendered":"Bitmeyen K\u0131\u015f"},"content":{"rendered":"<p>\u201cAk\u0131c\u0131, anla\u015f\u0131l\u0131r, duru bir anlat\u0131m diliyle de pekala siyasi g\u00f6zlem ve inceleme yap\u0131labilece\u011finin iyi bir \u00f6rne\u011fi\u2026 Yeri geldi\u011finde tarihsel k\u00f6klerine i\u015faret eden, yeri geldi\u011finde konunun a\u011f\u0131rl\u0131\u011f\u0131n\u0131 ve b\u00fct\u00fcnl\u00fc\u011f\u00fcn\u00fc bozmadan ince dokunu\u015flarla ak\u0131\u015f\u0131 s\u00fcrd\u00fcren bir \u00fcslubu var. Oysa \u201ca\u011f\u0131r\u201d konularda b\u00f6yle bir \u00fcslupla okuyucuyu konudan koparmamak zordur\u2026 Bu anlamda her biri nisan\u0131 nefessiz b\u0131rakan siyasi geli\u015fmeler ele al\u0131n\u0131rken, buna edebi bir dilde e\u015flik ediyor.\u201d   Baki Alt\u0131n <\/p>\n","protected":false},"excerpt":{"rendered":"<p>\u201cAk\u0131c\u0131, anla\u015f\u0131l\u0131r, duru bir anlat\u0131m diliyle de pekala siyasi g\u00f6zlem ve inceleme yap\u0131labilece\u011finin iyi bir \u00f6rne\u011fi\u2026 Yeri geldi\u011finde tarihsel k\u00f6klerine i\u015faret eden, yeri geldi\u011finde konunun a\u011f\u0131rl\u0131\u011f\u0131n\u0131<span class=\"excerpt-hellip\"> [\u2026]<\/span><\/p>\n","protected":false},"featured_media":0,"template":"","meta":{"_monsterinsights_skip_tracking":false,"_monsterinsights_sitenote_active":false,"_monsterinsights_sitenote_note":"","_monsterinsights_sitenote_category":0},"product_brand":[],"product_cat":[18545,12291],"product_tag":[],"class_list":{"0":"post-752887","1":"product","2":"type-product","3":"status-publish","5":"product_cat-anlati","6":"product_cat-edebiyat","7":"pa_cilt-ciltsiz","8":"pa_tur-kitap","9":"pa_yayinevi-sinirsiz-kitap","10":"pa_yazar-suleyman-altunoglu","12":"first","13":"instock","14":"sale","15":"shipping-taxable","16":"purchasable","17":"product-type-simple"},"_links":{"self":[{"href":"https:\/\/roveyayinevi.com.tr\/index.php\/wp-json\/wp\/v2\/product\/752887","targetHints":{"allow":["GET"]}}],"collection":[{"href":"https:\/\/roveyayinevi.com.tr\/index.php\/wp-json\/wp\/v2\/product"}],"about":[{"href":"https:\/\/roveyayinevi.com.tr\/index.php\/wp-json\/wp\/v2\/types\/product"}],"wp:attachment":[{"href":"https:\/\/roveyayinevi.com.tr\/index.php\/wp-json\/wp\/v2\/media?parent=752887"}],"wp:term":[{"taxonomy":"product_brand","embeddable":true,"href":"https:\/\/roveyayinevi.com.tr\/index.php\/wp-json\/wp\/v2\/product_brand?post=752887"},{"taxonomy":"product_cat","embeddable":true,"href":"https:\/\/roveyayinevi.com.tr\/index.php\/wp-json\/wp\/v2\/product_cat?post=752887"},{"taxonomy":"product_tag","embeddable":true,"href":"https:\/\/roveyayinevi.com.tr\/index.php\/wp-json\/wp\/v2\/product_tag?post=752887"}],"curies":[{"name":"wp","href":"https:\/\/api.w.org\/{rel}","templated":true}]}}