{"id":752848,"date":"2025-08-28T05:26:49","date_gmt":"2025-08-28T02:26:49","guid":{"rendered":"https:\/\/roveyayinevi.com.tr\/index.php\/urun\/jansen-ve-ankara-planlar-yazismalar\/"},"modified":"2026-04-16T03:06:04","modified_gmt":"2026-04-16T00:06:04","slug":"jansen-ve-ankara-planlar-yazismalar","status":"publish","type":"product","link":"https:\/\/roveyayinevi.com.tr\/index.php\/urun\/jansen-ve-ankara-planlar-yazismalar\/","title":{"rendered":"Jansen ve Ankara Planlar -Yaz\u0131\u015fmalar"},"content":{"rendered":"<p>Bu kitapta, erken Cumhuriyet d\u00f6neminde Ankara\u2019n\u0131n imar planlar\u0131n\u0131n haz\u0131rlanmas\u0131 ve uygulanmas\u0131 s\u00fcrecine \u0131\u015f\u0131k tutmak amac\u0131yla ba\u015fkentin fiziksel planlamas\u0131n\u0131 \u00fcstlenen Hermann Jansen ve Ankara \u015eehri \u0130mar M\u00fcd\u00fcrl\u00fc\u011f\u00fc aras\u0131nda yap\u0131lan yaz\u0131\u015fmalar, bu yaz\u0131\u015fmalara konu olan \u00e7e\u015fitli \u00f6l\u00e7eklerdeki planlar, eskiz ve perspektif \u00e7izimleri derlenmi\u015ftir. Bu kapsamda do\u011frudan \u015fehircilik ve \u015fehir imar\u0131 ile ilgili 77 yaz\u0131\u015fma okuyucuya sunulmaktad\u0131r. Ara\u015ft\u0131rmac\u0131lara yararl\u0131 olaca\u011f\u0131 d\u00fc\u015f\u00fcncesiyle, ayr\u0131ca plan ve yaz\u0131\u015fmalardan hareketle konu, kavram, yer ve ki\u015fi isimleri dizini \u00fcretilmi\u015ftir. ODT\u00dc Mimarl\u0131k Fak\u00fcltesi Harita ve Plan Belgeleme Birimi ve Berlin Teknik \u00dcniversitesi Mimarl\u0131k M\u00fczesi Ar\u015fivi\u2019ndeki Jansen planlar\u0131 incelenerek bu yaz\u0131\u015fmalarda g\u00f6nderme yap\u0131lan planlar ile e\u015fle\u015ftirilmi\u015ftir. Kitapta yer alan plan ve eskizler \u00e7evrimi\u00e7i uydu g\u00f6r\u00fcnt\u00fcs\u00fc \u00fczerinde co\u011frafi olarak konumland\u0131r\u0131lm\u0131\u015f ve etkile\u015fimli olarak eri\u015fime sunulmu\u015ftur. Di\u011fer yandan yaz\u0131\u015fmalarda ele al\u0131nan yerlerle ilgili o d\u00f6neme ait foto\u011fraflar ve hava foto\u011fraflar\u0131 o yere ait bilgi vermesi ve imge olu\u015fturmas\u0131 a\u00e7\u0131s\u0131ndan ilgili yaz\u0131\u015fma ve planlarla e\u015fle\u015ftirilmi\u015ftir.1930-1938 y\u0131llar\u0131 aras\u0131nda ge\u00e7en yaz\u0131\u015fmalarda kentin planlamas\u0131 ve b\u00f6lgeleme, tarihi kentin korunmas\u0131, kent ya\u015fam\u0131, kentsel hizmetler ve halk sa\u011fl\u0131\u011f\u0131, planlar\u0131n uygulanmas\u0131 ve yap\u0131la\u015fma, kent g\u00fczelli\u011fi ve yap\u0131 d\u00fczeni \u00f6nemli kavram ve konular olarak \u00f6ne \u00e7\u0131kmaktad\u0131r. Hermann Jansen\u2019in yar\u0131\u015fma ko\u015fullar\u0131n\u0131 yerine getirirken abart\u0131s\u0131z ve kentin olu\u015fumunda iktisadi boyutu \u00f6nemseyen, kentsel mek\u00e2n\u0131n \u00fcretiminde sadeli\u011fe ve ak\u0131lc\u0131 \u00e7\u00f6z\u00fcmlere \u00f6zen g\u00f6steren, b\u00fct\u00fcne bi\u00e7im verme kayg\u0131s\u0131 ve toplumsal yakla\u015f\u0131m\u0131 esas alan imar yakla\u015f\u0131m\u0131 yaz\u0131\u015fmalarda ortaya \u00e7\u0131kmakta ve bu yakla\u015f\u0131m\u0131n Ankara \u0130mar Plan\u0131 yar\u0131\u015fma sonucunun belirlenmesindeki etkileri g\u00f6zlenmektedir. \u00d6te yandan yaz\u0131\u015fmalar, Cumhuriyet\u2019in ilk y\u0131llar\u0131ndaki zorlu d\u00f6nem ko\u015fullar\u0131 i\u00e7inde var olan planlamaya ilkesel bak\u0131\u015f ve modern aray\u0131\u015f\u0131n \u015fehircilik a\u00e7\u0131s\u0131ndan kazand\u0131\u011f\u0131 anlamlar\u0131 yans\u0131tmaktad\u0131r. <\/p>\n","protected":false},"excerpt":{"rendered":"<p>Bu kitapta, erken Cumhuriyet d\u00f6neminde Ankara\u2019n\u0131n imar planlar\u0131n\u0131n haz\u0131rlanmas\u0131 ve uygulanmas\u0131 s\u00fcrecine \u0131\u015f\u0131k tutmak amac\u0131yla ba\u015fkentin fiziksel planlamas\u0131n\u0131 \u00fcstlenen Hermann Jansen ve Ankara \u015eehri \u0130mar M\u00fcd\u00fcrl\u00fc\u011f\u00fc<span class=\"excerpt-hellip\"> [\u2026]<\/span><\/p>\n","protected":false},"featured_media":0,"template":"","meta":{"_monsterinsights_skip_tracking":false,"_monsterinsights_sitenote_active":false,"_monsterinsights_sitenote_note":"","_monsterinsights_sitenote_category":0},"product_brand":[],"product_cat":[13512,12408],"product_tag":[],"class_list":{"0":"post-752848","1":"product","2":"type-product","3":"status-publish","5":"product_cat-mimarlik","6":"product_cat-sanat","7":"pa_cilt-ciltsiz","8":"pa_tur-kitap","9":"pa_yayinevi-koc-universitesi-yayinlari","10":"pa_yazar-kolektif","12":"first","13":"instock","14":"sale","15":"shipping-taxable","16":"purchasable","17":"product-type-simple"},"_links":{"self":[{"href":"https:\/\/roveyayinevi.com.tr\/index.php\/wp-json\/wp\/v2\/product\/752848","targetHints":{"allow":["GET"]}}],"collection":[{"href":"https:\/\/roveyayinevi.com.tr\/index.php\/wp-json\/wp\/v2\/product"}],"about":[{"href":"https:\/\/roveyayinevi.com.tr\/index.php\/wp-json\/wp\/v2\/types\/product"}],"wp:attachment":[{"href":"https:\/\/roveyayinevi.com.tr\/index.php\/wp-json\/wp\/v2\/media?parent=752848"}],"wp:term":[{"taxonomy":"product_brand","embeddable":true,"href":"https:\/\/roveyayinevi.com.tr\/index.php\/wp-json\/wp\/v2\/product_brand?post=752848"},{"taxonomy":"product_cat","embeddable":true,"href":"https:\/\/roveyayinevi.com.tr\/index.php\/wp-json\/wp\/v2\/product_cat?post=752848"},{"taxonomy":"product_tag","embeddable":true,"href":"https:\/\/roveyayinevi.com.tr\/index.php\/wp-json\/wp\/v2\/product_tag?post=752848"}],"curies":[{"name":"wp","href":"https:\/\/api.w.org\/{rel}","templated":true}]}}