{"id":752840,"date":"2025-08-28T05:26:38","date_gmt":"2025-08-28T02:26:38","guid":{"rendered":"https:\/\/roveyayinevi.com.tr\/index.php\/urun\/deyimler-atolyesi\/"},"modified":"2026-04-16T03:06:04","modified_gmt":"2026-04-16T00:06:04","slug":"deyimler-atolyesi","status":"publish","type":"product","link":"https:\/\/roveyayinevi.com.tr\/index.php\/urun\/deyimler-atolyesi\/","title":{"rendered":"Deyimler At\u00f6lyesi"},"content":{"rendered":"<p>Deyimleri g\u00fcnl\u00fck hayatta hem konu\u015furken hem de yazarken s\u0131kl\u0131kla kullan\u0131yoruz. Peki, ileti\u015fimin temelini olu\u015fturan dilde b\u00fcy\u00fck \u00f6neme sahip deyimler \u00fczerine birlikte d\u00fc\u015f\u00fcnmeye ne dersiniz?\u2022    Deyim nedir?\u2022    Mecaz anlam nedir ve deyimlerle ba\u011flant\u0131s\u0131 nas\u0131ld\u0131r?\u2022    Anlat\u0131mlarda neden deyimlere ihtiya\u00e7 duyulur?\u2022    Deyimler nas\u0131l ortaya \u00e7\u0131km\u0131\u015ft\u0131r?\u2022    Deyimlerle atas\u00f6zlerinin fark\u0131 nedir?\u2022    Di\u011fer dillerde de deyimler var m\u0131d\u0131r?Bu sorular\u0131n ve daha pek \u00e7ok sorunun yan\u0131t\u0131; deyimlerin yap\u0131, anlam, s\u00f6zc\u00fck, c\u00fcmle ve metin boyutlar\u0131nda ad\u0131m ad\u0131m incelendi\u011fi bu kitapta sizleri bekliyor!<\/p>\n","protected":false},"excerpt":{"rendered":"<p>Deyimleri g\u00fcnl\u00fck hayatta hem konu\u015furken hem de yazarken s\u0131kl\u0131kla kullan\u0131yoruz. Peki, ileti\u015fimin temelini olu\u015fturan dilde b\u00fcy\u00fck \u00f6neme sahip deyimler \u00fczerine birlikte d\u00fc\u015f\u00fcnmeye ne dersiniz?\u2022 Deyim nedir?\u2022<span class=\"excerpt-hellip\"> [\u2026]<\/span><\/p>\n","protected":false},"featured_media":0,"template":"","meta":{"_monsterinsights_skip_tracking":false,"_monsterinsights_sitenote_active":false,"_monsterinsights_sitenote_note":"","_monsterinsights_sitenote_category":0},"product_brand":[],"product_cat":[12274,15842],"product_tag":[],"class_list":{"0":"post-752840","1":"product","2":"type-product","3":"status-publish","5":"product_cat-cocuk-ve-genclik-kitaplari","6":"product_cat-egitici-kitaplar","7":"pa_cilt-ciltsiz","8":"pa_tur-kitap","9":"pa_yayinevi-tudem-yayinlari","10":"pa_yazar-kollektif","12":"first","13":"instock","14":"sale","15":"shipping-taxable","16":"purchasable","17":"product-type-simple"},"_links":{"self":[{"href":"https:\/\/roveyayinevi.com.tr\/index.php\/wp-json\/wp\/v2\/product\/752840","targetHints":{"allow":["GET"]}}],"collection":[{"href":"https:\/\/roveyayinevi.com.tr\/index.php\/wp-json\/wp\/v2\/product"}],"about":[{"href":"https:\/\/roveyayinevi.com.tr\/index.php\/wp-json\/wp\/v2\/types\/product"}],"wp:attachment":[{"href":"https:\/\/roveyayinevi.com.tr\/index.php\/wp-json\/wp\/v2\/media?parent=752840"}],"wp:term":[{"taxonomy":"product_brand","embeddable":true,"href":"https:\/\/roveyayinevi.com.tr\/index.php\/wp-json\/wp\/v2\/product_brand?post=752840"},{"taxonomy":"product_cat","embeddable":true,"href":"https:\/\/roveyayinevi.com.tr\/index.php\/wp-json\/wp\/v2\/product_cat?post=752840"},{"taxonomy":"product_tag","embeddable":true,"href":"https:\/\/roveyayinevi.com.tr\/index.php\/wp-json\/wp\/v2\/product_tag?post=752840"}],"curies":[{"name":"wp","href":"https:\/\/api.w.org\/{rel}","templated":true}]}}

Deyimler Atölyesi

<p>Deyimleri günlük hayatta hem konuşurken hem de yazarken sıklıkla kullanıyoruz. Peki, iletişimin temelini oluşturan dilde büyük öneme sahip deyimler üzerine birlikte düşünmeye ne dersiniz?•    Deyim nedir?•    Mecaz anlam nedir ve deyimlerle bağlantısı nasıldır?•    Anlatımlarda neden deyimlere ihtiyaç duyulur?•    Deyimler nasıl ortaya çıkmıştır?•    Deyimlerle atasözlerinin farkı nedir?•    Diğer dillerde de deyimler var mıdır?Bu soruların ve daha pek çok sorunun yanıtı; deyimlerin yapı, anlam, sözcük, cümle ve metin boyutlarında adım adım incelendiği bu kitapta sizleri bekliyor!</p>

<p>Deyimleri günlük hayatta hem konuşurken hem de yazarken sıklıkla kullanıyoruz. Peki, iletişimin temelini oluşturan dilde büyük öneme sahip deyimler üzerine birlikte düşünmeye ne dersiniz?• Deyim nedir?•<span class="excerpt-hellip"> […]</span></p>
