{"id":752813,"date":"2025-08-28T05:25:45","date_gmt":"2025-08-28T02:25:45","guid":{"rendered":"https:\/\/roveyayinevi.com.tr\/index.php\/urun\/lozan-baris-konferansi-tutanaklar-belgeler-sert-kapak-4-cilt-kutulu\/"},"modified":"2025-08-29T16:12:46","modified_gmt":"2025-08-29T13:12:46","slug":"lozan-baris-konferansi-tutanaklar-belgeler-sert-kapak-4-cilt-kutulu","status":"publish","type":"product","link":"https:\/\/roveyayinevi.com.tr\/index.php\/urun\/lozan-baris-konferansi-tutanaklar-belgeler-sert-kapak-4-cilt-kutulu\/","title":{"rendered":"Lozan Bari\u015f Konferans\u0131 \u2013 Tutanaklar, Belgeler \u2013 Sert Kapak (4 Cilt) \u2013 Kutulu"},"content":{"rendered":"<p>Bu muahedename, T\u00fcrk Milleti aleyhine, as\u0131rlardan beri haz\u0131rlanm\u0131\u015f ve Sevr muahedenamesiyle ikmal edildi\u011fi zannedilmi\u015f, b\u00fcy\u00fck bir suikasd\u0131n inhidam\u0131n\u0131 (y\u0131k\u0131l\u0131\u015f\u0131n\u0131) ifade eder bir vesikad\u0131r. Osmanl\u0131 devrine ait tarihte emsali n\u00e2mesbuk (benzeri g\u00f6r\u00fclmemi\u015f) bir siyas\u00ee zafer eseridir.                                                                                                        Mustafa Kemal Atat\u00fcrk                                                                                                                                                                                                                                                                                                                            Nutuk, Ekim 1927 2023, T\u00fcrkiye Cumhuriyeti\u2019nin y\u00fcz\u00fcnc\u00fc kurulu\u015f y\u0131l\u0131 oldu\u011fu kadar, cumhuriyetin kurulmas\u0131n\u0131 sa\u011flayan Lozan Antla\u015fmas\u0131\u2019n\u0131n da y\u00fcz\u00fcnc\u00fc y\u0131l\u0131d\u0131r. Hakl\u0131 olarak \u201cT\u00fcrkiye\u2019nin tapusu\u201d diye de onurland\u0131r\u0131lan bu \u00f6nemli belge, Atat\u00fcrk \u00f6nderli\u011findeki Kurtulu\u015f Sava\u015f\u0131\u2019nda Anadolu halk\u0131n\u0131n i\u015fgalcilere kar\u015f\u0131 verdi\u011fi b\u00fcy\u00fck m\u00fccadelenin siyasi sonucudur. Sava\u015f meydanlar\u0131nda elde edilen zaferin masada korundu\u011funun kan\u0131t\u0131d\u0131r. Birinci D\u00fcnya Sava\u015f\u0131\u2019ndan yenik \u00e7\u0131kan Osmanl\u0131 Devleti\u2019ne imzalat\u0131lan Mondros M\u00fctarekesi ile Sevr Antla\u015fmas\u0131, d\u00fcnyan\u0131n en g\u00fc\u00e7l\u00fc devletlerinin Anadolu\u2019yu i\u015fgal ve ilhak emellerinin siyasi belgeleriydi. Lozan Antla\u015fmas\u0131 ise Mustafa Kemal Pa\u015fa\u2019n\u0131n \u00f6nderli\u011finde y\u0131llarca s\u00fcren Milli M\u00fccadele\u2019nin sonucunda i\u015fgalden kurtulan T\u00fcrkiye\u2019nin ba\u011f\u0131ms\u0131z ve egemen bir \u00f6zne olarak b\u00fct\u00fcn hak ve sorumluluklar\u0131yla sayg\u0131n devletlerin aras\u0131nda yerini alaca\u011f\u0131n\u0131n D\u00fcvel-i Muazzama\u2019ya kabul ettirildi\u011finin belgesidir. Sava\u015f meydanlar\u0131nda y\u0131llarca s\u00fcren m\u00fccadelenin ard\u0131ndan, masada aylarca s\u00fcren m\u00fczakerelerde elde edilen bu diplomatik zafer, T\u00fcrkiye Cumhuriyeti\u2019nin kurulu\u015funun tescilidir. Ankara \u00dcniversitesi Siyasal Bilgiler Fak\u00fcltesi\u2019nin, bilinen yayg\u0131n ad\u0131yla M\u00fclkiye\u2019nin efsane hocalar\u0131ndan, Devletler Hukuku Profes\u00f6r\u00fc Seha L. Meray, Lozan Antla\u015fmas\u0131\u2019n\u0131n yan\u0131 s\u0131ra, antla\u015fman\u0131n h\u00fck\u00fcmlerini gere\u011fi gibi anlamak ve o zor ko\u015fullar alt\u0131nda harcanm\u0131\u015f \u00e7abalar\u0131 gere\u011fi gibi de\u011ferlendirmek i\u00e7in mutlaka okunmas\u0131 gereken Lozan Konferans\u0131\u2019n\u0131n tutanaklar\u0131n\u0131 da y\u0131llarca s\u00fcren bir \u00e7abayla Frans\u0131zcadan ar\u0131 bir T\u00fcrk\u00e7eye \u00e7evirerek 1969 y\u0131l\u0131nda yay\u0131mlam\u0131\u015ft\u0131. T\u00fcrkiye \u0130\u015f Bankas\u0131 K\u00fclt\u00fcr Yay\u0131nlar\u0131, Cumhuriyetimizin ve Lozan\u2019\u0131n y\u00fcz\u00fcnc\u00fc y\u0131l\u0131nda bu kurucu belgeyi ve tutanaklar\u0131 yeniden yay\u0131mlarken, Prof. Dr. Sevtap Demirci\u2019nin Lozan Antla\u015fmas\u0131\u2019n\u0131n elde edili\u015f ve yap\u0131l\u0131\u015f ko\u015fullar\u0131n\u0131, Lozan\u2019daki zorlu m\u00fczakereleri ve bunlar\u0131n Ankara\u2019daki yans\u0131malar\u0131n\u0131 nesnel bi\u00e7imde de\u011ferlendiren \u00f6ns\u00f6z\u00fc de yak\u0131n tarihimizin en \u00f6nemli olaylar\u0131ndan biri olan Lozan s\u00fcrecini tarihsel \u00e7er\u00e7evesine oturtuyor. Lozan Antla\u015fmas\u0131\u2019n\u0131n Frans\u0131zca \u00f6zg\u00fcn metninin t\u0131pk\u0131bas\u0131m\u0131 da bu vesileyle ilk kez okuyucuya sunuluyor. <\/p>\n","protected":false},"excerpt":{"rendered":"<p>Bu muahedename, T\u00fcrk Milleti aleyhine, as\u0131rlardan beri haz\u0131rlanm\u0131\u015f ve Sevr muahedenamesiyle ikmal edildi\u011fi zannedilmi\u015f, b\u00fcy\u00fck bir suikasd\u0131n inhidam\u0131n\u0131 (y\u0131k\u0131l\u0131\u015f\u0131n\u0131) ifade eder bir vesikad\u0131r. Osmanl\u0131 devrine ait<span class=\"excerpt-hellip\"> [\u2026]<\/span><\/p>\n","protected":false},"featured_media":0,"template":"","meta":{"_monsterinsights_skip_tracking":false,"_monsterinsights_sitenote_active":false,"_monsterinsights_sitenote_note":"","_monsterinsights_sitenote_category":0},"product_brand":[],"product_cat":[12304],"product_tag":[],"class_list":{"0":"post-752813","1":"product","2":"type-product","3":"status-publish","5":"product_cat-tarih","6":"pa_cilt-set","7":"pa_tur-kitap","8":"pa_yayinevi-is-bankasi-kultur-yayinlari","9":"pa_yazar-kolektif","11":"first","12":"instock","13":"sale","14":"shipping-taxable","15":"purchasable","16":"product-type-simple"},"_links":{"self":[{"href":"https:\/\/roveyayinevi.com.tr\/index.php\/wp-json\/wp\/v2\/product\/752813","targetHints":{"allow":["GET"]}}],"collection":[{"href":"https:\/\/roveyayinevi.com.tr\/index.php\/wp-json\/wp\/v2\/product"}],"about":[{"href":"https:\/\/roveyayinevi.com.tr\/index.php\/wp-json\/wp\/v2\/types\/product"}],"wp:attachment":[{"href":"https:\/\/roveyayinevi.com.tr\/index.php\/wp-json\/wp\/v2\/media?parent=752813"}],"wp:term":[{"taxonomy":"product_brand","embeddable":true,"href":"https:\/\/roveyayinevi.com.tr\/index.php\/wp-json\/wp\/v2\/product_brand?post=752813"},{"taxonomy":"product_cat","embeddable":true,"href":"https:\/\/roveyayinevi.com.tr\/index.php\/wp-json\/wp\/v2\/product_cat?post=752813"},{"taxonomy":"product_tag","embeddable":true,"href":"https:\/\/roveyayinevi.com.tr\/index.php\/wp-json\/wp\/v2\/product_tag?post=752813"}],"curies":[{"name":"wp","href":"https:\/\/api.w.org\/{rel}","templated":true}]}}