{"id":752774,"date":"2025-08-28T05:24:46","date_gmt":"2025-08-28T02:24:46","guid":{"rendered":"https:\/\/roveyayinevi.com.tr\/index.php\/urun\/bizans-ve-haclilar\/"},"modified":"2026-04-16T03:06:02","modified_gmt":"2026-04-16T00:06:02","slug":"bizans-ve-haclilar","status":"publish","type":"product","link":"https:\/\/roveyayinevi.com.tr\/index.php\/urun\/bizans-ve-haclilar\/","title":{"rendered":"Bizans ve Ha\u00e7l\u0131lar"},"content":{"rendered":"<p>Jonathan Harris, \u0130stanbul ve Anadolu tarihinin belki de en \u00e7alkant\u0131l\u0131 d\u00f6nemini anlat\u0131yor. Ya\u015flanmakta olan Bizans \u0130mparatorlu\u011fu hem Bat\u0131dan hem de Do\u011fudan gelen, ayn\u0131 zamanda dost ve d\u00fc\u015fman olabilen ak\u0131nlarla m\u00fccadele ederek \u201cKutsal Konstantinapolis\u201dini korumaya \u00e7al\u0131\u015f\u0131yor.  T\u00fcm bunlarla m\u00fccadelesinde kendine \u00f6zg\u00fc diplomasi tarz\u0131 ve stratejileriyle orta\u00e7a\u011f\u0131n de\u011fi\u015fen d\u00fcnyas\u0131nda ayakta kalmaya \u00e7al\u0131\u015f\u0131yor. Harris, \u201cHa\u00e7l\u0131 Seferleri Bizans i\u00e7in dost muydu yoksa d\u00fc\u015fman m\u0131?\u201d sorusunu kitap boyunca \u00e7ok boyutlu inceliyor. Harris\u2019in uzmanl\u0131\u011f\u0131, anlat\u0131m\u0131n\u0131 ola\u011fan\u00fcst\u00fc sade ve s\u00fcr\u00fckleyici k\u0131l\u0131yor.   \u201cJonathan Harris bu kitapta yeni anlay\u0131\u015flar sunmaya devam ediyor. Ha\u00e7l\u0131 seferlerini ya da Bizans ile Bat\u0131 aras\u0131ndaki ili\u015fkileri inceleyen hi\u00e7 kimse bu \u00f6nemli \u00e7al\u0131\u015fmay\u0131 g\u00f6rmezden gelemez.\u201d \u2013Alfred J. Andrea, emeritus profes\u00f6r <\/p>\n","protected":false},"excerpt":{"rendered":"<p>Jonathan Harris, \u0130stanbul ve Anadolu tarihinin belki de en \u00e7alkant\u0131l\u0131 d\u00f6nemini anlat\u0131yor. Ya\u015flanmakta olan Bizans \u0130mparatorlu\u011fu hem Bat\u0131dan hem de Do\u011fudan gelen, ayn\u0131 zamanda dost ve<span class=\"excerpt-hellip\"> [\u2026]<\/span><\/p>\n","protected":false},"featured_media":0,"template":"","meta":{"_monsterinsights_skip_tracking":false,"_monsterinsights_sitenote_active":false,"_monsterinsights_sitenote_note":"","_monsterinsights_sitenote_category":0},"product_brand":[],"product_cat":[12312,12304],"product_tag":[],"class_list":{"0":"post-752774","1":"product","2":"type-product","3":"status-publish","5":"product_cat-diger","6":"product_cat-tarih","7":"pa_cilt-ciltsiz","8":"pa_tur-kitap","9":"pa_yayinevi-alfa-yayinlari","10":"pa_yazar-jonathan-harris","12":"first","13":"instock","14":"sale","15":"shipping-taxable","16":"purchasable","17":"product-type-simple"},"_links":{"self":[{"href":"https:\/\/roveyayinevi.com.tr\/index.php\/wp-json\/wp\/v2\/product\/752774","targetHints":{"allow":["GET"]}}],"collection":[{"href":"https:\/\/roveyayinevi.com.tr\/index.php\/wp-json\/wp\/v2\/product"}],"about":[{"href":"https:\/\/roveyayinevi.com.tr\/index.php\/wp-json\/wp\/v2\/types\/product"}],"wp:attachment":[{"href":"https:\/\/roveyayinevi.com.tr\/index.php\/wp-json\/wp\/v2\/media?parent=752774"}],"wp:term":[{"taxonomy":"product_brand","embeddable":true,"href":"https:\/\/roveyayinevi.com.tr\/index.php\/wp-json\/wp\/v2\/product_brand?post=752774"},{"taxonomy":"product_cat","embeddable":true,"href":"https:\/\/roveyayinevi.com.tr\/index.php\/wp-json\/wp\/v2\/product_cat?post=752774"},{"taxonomy":"product_tag","embeddable":true,"href":"https:\/\/roveyayinevi.com.tr\/index.php\/wp-json\/wp\/v2\/product_tag?post=752774"}],"curies":[{"name":"wp","href":"https:\/\/api.w.org\/{rel}","templated":true}]}}