{"id":752752,"date":"2025-08-28T05:24:10","date_gmt":"2025-08-28T02:24:10","guid":{"rendered":"https:\/\/roveyayinevi.com.tr\/index.php\/urun\/gozunu-ac-dani-brown-ciltli\/"},"modified":"2026-04-16T03:06:02","modified_gmt":"2026-04-16T00:06:02","slug":"gozunu-ac-dani-brown-ciltli","status":"publish","type":"product","link":"https:\/\/roveyayinevi.com.tr\/index.php\/urun\/gozunu-ac-dani-brown-ciltli\/","title":{"rendered":"G\u00f6z\u00fcn\u00fc A\u00e7, Dani Brown (Ciltli)"},"content":{"rendered":"<p>Danika Brown ne istedi\u011fini biliyor: Profesyonel ba\u015far\u0131 Akademik \u015f\u00f6hret Kariyerinin omuzlar\u0131na y\u00fckledi\u011fi gerilimi azaltmak i\u00e7in de ara s\u0131ra g\u00f6nl\u00fcne bir e\u011flence.   Ama a\u015fk? Onu denedi, ya\u015fad\u0131, o gemiyi art\u0131k yakt\u0131 ve kap\u0131lar\u0131n\u0131 kapad\u0131. Bu y\u00fczden de gen\u00e7 kad\u0131n\u0131n evrenden tek iste\u011fi sorun \u00e7\u0131karmayacak, kusursuz bir yatak arkada\u015f\u0131.   \u0130\u015fyerindeki bir yang\u0131n tatbikat\u0131nda beklenmedik durumlar ortaya \u00e7\u0131k\u0131nca iriyar\u0131 g\u00fcvenlik g\u00f6revlisi Zafir Ansari, Dani\u2019yi asans\u00f6rden kurtar\u0131yor. Bu karma\u015fan\u0131n ortas\u0131nda Zaf\u2019in Dani\u2019yi kahramanca kurtard\u0131\u011f\u0131 \u00e2na ait bir video ise internette viral oluyor. \u0130nternet, ikisi aras\u0131ndaki bu var olmayan a\u015fkla y\u0131k\u0131l\u0131rken Zaf, Dani\u2019den oyunu s\u00fcrd\u00fcrmesi iste\u011finde bulunuyor. \u00c7\u00fcnk\u00fc \u00e7ocuklar i\u00e7in kurdu\u011fu tak\u0131m\u0131n internette tan\u0131nmaya ger\u00e7ekten ihtiyac\u0131 var.   Dani\u2019nin plan\u0131 basit: \u0130nsanlar\u0131n i\u00e7indeyken ili\u015fkin varm\u0131\u015f gibi davran, kimse yokken Zaf\u2019i ba\u015ftan \u00e7\u0131kar. Sorun \u015fu ki Zaf gizliden gizliye a\u015fk romanlar\u0131 okuyan umutsuz bir romantik ve Dani\u2019nin buz gibi ger\u00e7ek\u00e7ili\u011fini k\u0131rmaya kararl\u0131. Ama eski sporcunun ge\u00e7mi\u015finde baz\u0131 meseleleri var ve kalbinin etraf\u0131ndaki duvarlar da \u015fey\u2026 bald\u0131rlar\u0131 kadar sa\u011flam. Dani\u2019nin hayalindeki basit ka\u00e7amak \u015fimdi bitirme tezinden de karma\u015f\u0131k bir hal al\u0131yor. Acaba dile\u011fi ters mi tepti? Yoksa evren art\u0131k g\u00f6z\u00fcn\u00fc a\u00e7\u0131p i\u015fareti g\u00f6rmesini mi istiyor? <\/p>\n","protected":false},"excerpt":{"rendered":"<p>Danika Brown ne istedi\u011fini biliyor: Profesyonel ba\u015far\u0131 Akademik \u015f\u00f6hret Kariyerinin omuzlar\u0131na y\u00fckledi\u011fi gerilimi azaltmak i\u00e7in de ara s\u0131ra g\u00f6nl\u00fcne bir e\u011flence. Ama a\u015fk? Onu denedi, ya\u015fad\u0131,<span class=\"excerpt-hellip\"> [\u2026]<\/span><\/p>\n","protected":false},"featured_media":0,"template":"","meta":{"_monsterinsights_skip_tracking":false,"_monsterinsights_sitenote_active":false,"_monsterinsights_sitenote_note":"","_monsterinsights_sitenote_category":0},"product_brand":[],"product_cat":[12291,12711],"product_tag":[],"class_list":{"0":"post-752752","1":"product","2":"type-product","3":"status-publish","5":"product_cat-edebiyat","6":"product_cat-roman-oyku","7":"pa_cilt-ciltli","8":"pa_tur-kitap","9":"pa_yayinevi-artemis-yayinlari","10":"pa_yazar-talia-hibbert","12":"first","13":"instock","14":"sale","15":"shipping-taxable","16":"purchasable","17":"product-type-simple"},"_links":{"self":[{"href":"https:\/\/roveyayinevi.com.tr\/index.php\/wp-json\/wp\/v2\/product\/752752","targetHints":{"allow":["GET"]}}],"collection":[{"href":"https:\/\/roveyayinevi.com.tr\/index.php\/wp-json\/wp\/v2\/product"}],"about":[{"href":"https:\/\/roveyayinevi.com.tr\/index.php\/wp-json\/wp\/v2\/types\/product"}],"wp:attachment":[{"href":"https:\/\/roveyayinevi.com.tr\/index.php\/wp-json\/wp\/v2\/media?parent=752752"}],"wp:term":[{"taxonomy":"product_brand","embeddable":true,"href":"https:\/\/roveyayinevi.com.tr\/index.php\/wp-json\/wp\/v2\/product_brand?post=752752"},{"taxonomy":"product_cat","embeddable":true,"href":"https:\/\/roveyayinevi.com.tr\/index.php\/wp-json\/wp\/v2\/product_cat?post=752752"},{"taxonomy":"product_tag","embeddable":true,"href":"https:\/\/roveyayinevi.com.tr\/index.php\/wp-json\/wp\/v2\/product_tag?post=752752"}],"curies":[{"name":"wp","href":"https:\/\/api.w.org\/{rel}","templated":true}]}}