{"id":752743,"date":"2025-08-28T05:23:56","date_gmt":"2025-08-28T02:23:56","guid":{"rendered":"https:\/\/roveyayinevi.com.tr\/index.php\/urun\/ardic-kusunun-sarkisi\/"},"modified":"2026-04-16T03:06:01","modified_gmt":"2026-04-16T00:06:01","slug":"ardic-kusunun-sarkisi","status":"publish","type":"product","link":"https:\/\/roveyayinevi.com.tr\/index.php\/urun\/ardic-kusunun-sarkisi\/","title":{"rendered":"Ard\u0131\u00e7 Ku\u015funun \u015eark\u0131s\u0131"},"content":{"rendered":"<p>Hi\u00e7 \u00f6tmeyen gizemli bir ku\u015f\u2026Solmamas\u0131 gereken reng\u00e2renk sardunyalar\u2026Bir t\u00fcrl\u00fc ye\u015fermeyen s\u0131r dolu tohumlar\u2026Birbirine d\u00fc\u015fman a\u015fa\u011f\u0131 ve yukar\u0131 mahalleliler\u2026D\u00fc\u015fmanl\u0131\u011f\u0131n ortas\u0131nda kalbi sevgi dolu bir gazozcu amca\u2026Ve kasabaya yeni ta\u015f\u0131nan Can, t\u00fcm s\u0131rlar\u0131 \u00e7\u00f6zmek i\u00e7in bisikletine atlad\u0131 bile!Bu gizemli yolculu\u011fa e\u015flik etmeye haz\u0131r m\u0131s\u0131n?<\/p>\n","protected":false},"excerpt":{"rendered":"<p>Hi\u00e7 \u00f6tmeyen gizemli bir ku\u015f\u2026Solmamas\u0131 gereken reng\u00e2renk sardunyalar\u2026Bir t\u00fcrl\u00fc ye\u015fermeyen s\u0131r dolu tohumlar\u2026Birbirine d\u00fc\u015fman a\u015fa\u011f\u0131 ve yukar\u0131 mahalleliler\u2026D\u00fc\u015fmanl\u0131\u011f\u0131n ortas\u0131nda kalbi sevgi dolu bir gazozcu amca\u2026Ve kasabaya<span class=\"excerpt-hellip\"> [\u2026]<\/span><\/p>\n","protected":false},"featured_media":0,"template":"","meta":{"_monsterinsights_skip_tracking":false,"_monsterinsights_sitenote_active":false,"_monsterinsights_sitenote_note":"","_monsterinsights_sitenote_category":0},"product_brand":[],"product_cat":[12274,12284],"product_tag":[],"class_list":{"0":"post-752743","1":"product","2":"type-product","3":"status-publish","5":"product_cat-cocuk-ve-genclik-kitaplari","6":"product_cat-hikayeler","7":"pa_cilt-ciltsiz","8":"pa_tur-kitap","9":"pa_yayinevi-genc-timas","10":"pa_yazar-mustafa-orakci","12":"first","13":"instock","14":"sale","15":"shipping-taxable","16":"purchasable","17":"product-type-simple"},"_links":{"self":[{"href":"https:\/\/roveyayinevi.com.tr\/index.php\/wp-json\/wp\/v2\/product\/752743","targetHints":{"allow":["GET"]}}],"collection":[{"href":"https:\/\/roveyayinevi.com.tr\/index.php\/wp-json\/wp\/v2\/product"}],"about":[{"href":"https:\/\/roveyayinevi.com.tr\/index.php\/wp-json\/wp\/v2\/types\/product"}],"wp:attachment":[{"href":"https:\/\/roveyayinevi.com.tr\/index.php\/wp-json\/wp\/v2\/media?parent=752743"}],"wp:term":[{"taxonomy":"product_brand","embeddable":true,"href":"https:\/\/roveyayinevi.com.tr\/index.php\/wp-json\/wp\/v2\/product_brand?post=752743"},{"taxonomy":"product_cat","embeddable":true,"href":"https:\/\/roveyayinevi.com.tr\/index.php\/wp-json\/wp\/v2\/product_cat?post=752743"},{"taxonomy":"product_tag","embeddable":true,"href":"https:\/\/roveyayinevi.com.tr\/index.php\/wp-json\/wp\/v2\/product_tag?post=752743"}],"curies":[{"name":"wp","href":"https:\/\/api.w.org\/{rel}","templated":true}]}}