{"id":752737,"date":"2025-08-28T05:23:48","date_gmt":"2025-08-28T02:23:48","guid":{"rendered":"https:\/\/roveyayinevi.com.tr\/index.php\/urun\/duyarli-gurultulu-hizli-ve-surekli-ustumuze-gelen-dunyada-asiri-hassas-olmanin-sakli-gucu\/"},"modified":"2026-04-16T03:06:01","modified_gmt":"2026-04-16T00:06:01","slug":"duyarli-gurultulu-hizli-ve-surekli-ustumuze-gelen-dunyada-asiri-hassas-olmanin-sakli-gucu","status":"publish","type":"product","link":"https:\/\/roveyayinevi.com.tr\/index.php\/urun\/duyarli-gurultulu-hizli-ve-surekli-ustumuze-gelen-dunyada-asiri-hassas-olmanin-sakli-gucu\/","title":{"rendered":"Duyarl\u0131 G\u00fcr\u00fclt\u00fcl\u00fc H\u0131zl\u0131 ve S\u00fcrekli \u00dcst\u00fcm\u00fcze Gelen D\u00fcnyada A\u015f\u0131r\u0131 Hassas Olman\u0131n Sakl\u0131 G\u00fcc\u00fc"},"content":{"rendered":"<p>\u00c7evrenizden s\u0131kl\u0131kla \u201ca\u015f\u0131r\u0131 hassas davran\u0131yorsun\u201d ya da \u201cfazla tepki veriyorsun\u201d gibi c\u00fcmleler mi i\u015fitiyorsunuz? \u0130nsanlar\u0131 iyi okuyor, duygudurumlar\u0131ndan kolayca etkileniyor, hatta duygular\u0131n\u0131 s\u00fcnger gibi \u00e7ekiyor musunuz? Ya da \u00f6fke, endi\u015fe gibi yo\u011fun duygular hissetti\u011finizde etkisinden \u00e7\u0131kman\u0131z vakit mi al\u0131yor? Endi\u015felenmeyin, yaln\u0131z de\u011filsiniz. Sadece g\u00fcr\u00fclt\u00fcl\u00fc, h\u0131zl\u0131 ve s\u00fcrekli \u00fcst\u00fcm\u00fcze gelen bu d\u00fcnyada yads\u0131namaz bir g\u00fcce sahipsiniz ve d\u00f6n\u00fc\u015ft\u00fcr\u00fcc\u00fc bir yetenekle ku\u015fat\u0131lm\u0131\u015fs\u0131n\u0131z.Herkesin duyarl\u0131 bir taraf\u0131 var, ancak d\u00fcnyada yakla\u015f\u0131k her \u00fc\u00e7 ki\u015fiden biri hem fiziksel hem de duygusal anlamda ba\u015fkalar\u0131ndan daha duyarl\u0131 olma e\u011filimine sahip. Bu ki\u015filer detaylarla yak\u0131ndan ilgileniyor, \u00e7o\u011funlu\u011fun g\u00f6zden ka\u00e7\u0131rd\u0131\u011f\u0131 ba\u011flant\u0131lar\u0131 kuruyorlar. Zeki, c\u00f6mert ve yarat\u0131c\u0131lar.Duyarl\u0131 bireylerin i\u00e7 d\u00fcnyalar\u0131na odaklanan bu kitap, bug\u00fcne kadar yeterince de\u011fer verilmeyen bu \u00f6zelli\u011fin potansiyelini nas\u0131l ortaya \u00e7\u0131karaca\u011f\u0131n\u0131z\u0131 ve hayat\u0131n her alan\u0131na nas\u0131l entegre edece\u011finizi anlat\u0131yor; uygulanabilir al\u0131\u015ft\u0131rmalar\u0131, anekdotlar\u0131 ve g\u00fcncel bilimsel ara\u015ft\u0131rmalar\u0131 bir araya getirerek derin bir i\u00e7g\u00f6r\u00fc sunuyor.Duyarl\u0131 insanlara y\u00f6nelik d\u00fcnyadaki en kapsaml\u0131 internet sitesi Sensitive Refuge\u2019un kurucular\u0131 olan Jenn Granneman ve Andre Sol\u00f3, duyarl\u0131l\u0131k kavram\u0131n\u0131 t\u00fcm y\u00f6nleriyle masaya yat\u0131rarak yava\u015flaman\u0131n, derinden ba\u011flanman\u0131n ve s\u0131radan ya\u015famlar\u0131m\u0131zda anlam yaratman\u0131n k\u0131ymetini hat\u0131rlatan bu \u00f6zelli\u011fi kucaklamak gerekti\u011finin alt\u0131n\u0131 \u00e7iziyorlar.\u201cBilimsel ger\u00e7ekler, tavsiyeler ve ufuk a\u00e7\u0131c\u0131 bilgilerden olu\u015fan bu kitap, gittik\u00e7e daha g\u00fcr\u00fclt\u00fcl\u00fc h\u00e2le gelen d\u00fcnyada hassas bireyin g\u00fcc\u00fcn\u00fc ortaya koyuyor.\u201d \u2013Cal Newport, Dijital Minimalizm ve P\u00fcrdikkat\u2019in yazar\u0131\u201cBu \u00f6nemli kitap duyarl\u0131l\u0131k hakk\u0131ndaki d\u00fc\u015f\u00fcncelerimizi \u015fekillendirmeye yard\u0131mc\u0131 oluyor.\u201d \u2013Susan Cain, Sessiz: Konu\u015fmadan Duramayan Bir D\u00fcnyada \u0130\u00e7e D\u00f6n\u00fcklerin G\u00fcc\u00fc\u2019n\u00fcn yazar\u0131\u201cDuyarl\u0131l\u0131k konusundaki bilgi zenginli\u011fiyle okuru d\u00fc\u015f\u00fcnd\u00fcren bir bak\u0131\u015f\u2026\u201d \u2013Judith Orloff, The Empath&#8217;s Survival Guide\u2019\u0131n yazar\u0131<\/p>\n","protected":false},"excerpt":{"rendered":"<p>\u00c7evrenizden s\u0131kl\u0131kla \u201ca\u015f\u0131r\u0131 hassas davran\u0131yorsun\u201d ya da \u201cfazla tepki veriyorsun\u201d gibi c\u00fcmleler mi i\u015fitiyorsunuz? \u0130nsanlar\u0131 iyi okuyor, duygudurumlar\u0131ndan kolayca etkileniyor, hatta duygular\u0131n\u0131 s\u00fcnger gibi \u00e7ekiyor musunuz?<span class=\"excerpt-hellip\"> [\u2026]<\/span><\/p>\n","protected":false},"featured_media":0,"template":"","meta":{"_monsterinsights_skip_tracking":false,"_monsterinsights_sitenote_active":false,"_monsterinsights_sitenote_note":"","_monsterinsights_sitenote_category":0},"product_brand":[],"product_cat":[12358,12357],"product_tag":[],"class_list":{"0":"post-752737","1":"product","2":"type-product","3":"status-publish","5":"product_cat-genel-psikoloji","6":"product_cat-psikoloji","7":"pa_cilt-ciltsiz","8":"pa_tur-kitap","9":"pa_yayinevi-timas-yayinlari","10":"pa_yazar-andre-solo-jenn-granneman","12":"first","13":"instock","14":"sale","15":"shipping-taxable","16":"purchasable","17":"product-type-simple"},"_links":{"self":[{"href":"https:\/\/roveyayinevi.com.tr\/index.php\/wp-json\/wp\/v2\/product\/752737","targetHints":{"allow":["GET"]}}],"collection":[{"href":"https:\/\/roveyayinevi.com.tr\/index.php\/wp-json\/wp\/v2\/product"}],"about":[{"href":"https:\/\/roveyayinevi.com.tr\/index.php\/wp-json\/wp\/v2\/types\/product"}],"wp:attachment":[{"href":"https:\/\/roveyayinevi.com.tr\/index.php\/wp-json\/wp\/v2\/media?parent=752737"}],"wp:term":[{"taxonomy":"product_brand","embeddable":true,"href":"https:\/\/roveyayinevi.com.tr\/index.php\/wp-json\/wp\/v2\/product_brand?post=752737"},{"taxonomy":"product_cat","embeddable":true,"href":"https:\/\/roveyayinevi.com.tr\/index.php\/wp-json\/wp\/v2\/product_cat?post=752737"},{"taxonomy":"product_tag","embeddable":true,"href":"https:\/\/roveyayinevi.com.tr\/index.php\/wp-json\/wp\/v2\/product_tag?post=752737"}],"curies":[{"name":"wp","href":"https:\/\/api.w.org\/{rel}","templated":true}]}}