{"id":752735,"date":"2025-08-28T05:23:45","date_gmt":"2025-08-28T02:23:45","guid":{"rendered":"https:\/\/roveyayinevi.com.tr\/index.php\/urun\/abim-benjamin\/"},"modified":"2026-04-16T03:06:01","modified_gmt":"2026-04-16T00:06:01","slug":"abim-benjamin","status":"publish","type":"product","link":"https:\/\/roveyayinevi.com.tr\/index.php\/urun\/abim-benjamin\/","title":{"rendered":"Abim Benjamin"},"content":{"rendered":"<p>Luke ve abisi Benjamin, yaz tatillerini Lahana A\u011fac\u0131 K\u00f6rfezi k\u0131y\u0131lar\u0131nda ge\u00e7irirler. Daha sessiz sakin olan Luke ku\u015flar\u0131 g\u00f6zlemleyip resimlerini \u00e7izer. Maceraperest ve cesur Benjamin ise Atlama A\u011fac\u0131ndan suya dal\u0131\u015f yapar. \u0130ki karde\u015f birbirinden \u00e7ok farkl\u0131 olsalar da aralar\u0131nda \u00f6zel bir ba\u011f vard\u0131r.Yerel bir yar\u0131\u015fma, birinci olana kay\u0131k arma\u011fan edece\u011fini duyurunca, Luke ile Benjamin k\u00f6rfezi ke\u015ffetme hayalleriyle kollar\u0131 s\u0131varlar. Derken okullar\u0131n a\u00e7\u0131lma vakti gelir, Benjamin&#8217;in liseye ba\u015flamas\u0131, iki karde\u015fin hayat\u0131na al\u0131\u015f\u0131lmad\u0131k de\u011fi\u015fiklikler getirecektir. Yar\u0131\u015fma tarihi yakla\u015ft\u0131k\u00e7a \u00e7ocuklar birbirinden uzakla\u015fmaya ba\u015flar. Abi-karde\u015fin e\u015fsiz dostlu\u011fu ayakta kalman\u0131nbir yolunu bulabilecek midir?Fil&#8217;in \u00f6d\u00fcll\u00fc yazar\u0131 Peter Carnavas&#8217;tan ku\u015flar, kay\u0131klar ve karde\u015f sevgisi \u00fczerine hi\u00e7 eskimeyecek bir hik\u00e2ye.<\/p>\n","protected":false},"excerpt":{"rendered":"<p>Luke ve abisi Benjamin, yaz tatillerini Lahana A\u011fac\u0131 K\u00f6rfezi k\u0131y\u0131lar\u0131nda ge\u00e7irirler. Daha sessiz sakin olan Luke ku\u015flar\u0131 g\u00f6zlemleyip resimlerini \u00e7izer. Maceraperest ve cesur Benjamin ise Atlama<span class=\"excerpt-hellip\"> [\u2026]<\/span><\/p>\n","protected":false},"featured_media":0,"template":"","meta":{"_monsterinsights_skip_tracking":false,"_monsterinsights_sitenote_active":false,"_monsterinsights_sitenote_note":"","_monsterinsights_sitenote_category":0},"product_brand":[],"product_cat":[12274,12284],"product_tag":[],"class_list":{"0":"post-752735","1":"product","2":"type-product","3":"status-publish","5":"product_cat-cocuk-ve-genclik-kitaplari","6":"product_cat-hikayeler","7":"pa_cilt-ciltsiz","8":"pa_tur-kitap","9":"pa_yayinevi-can-cocuk-yayinlari","10":"pa_yazar-peter-carnavas","12":"first","13":"instock","14":"sale","15":"shipping-taxable","16":"purchasable","17":"product-type-simple"},"_links":{"self":[{"href":"https:\/\/roveyayinevi.com.tr\/index.php\/wp-json\/wp\/v2\/product\/752735","targetHints":{"allow":["GET"]}}],"collection":[{"href":"https:\/\/roveyayinevi.com.tr\/index.php\/wp-json\/wp\/v2\/product"}],"about":[{"href":"https:\/\/roveyayinevi.com.tr\/index.php\/wp-json\/wp\/v2\/types\/product"}],"wp:attachment":[{"href":"https:\/\/roveyayinevi.com.tr\/index.php\/wp-json\/wp\/v2\/media?parent=752735"}],"wp:term":[{"taxonomy":"product_brand","embeddable":true,"href":"https:\/\/roveyayinevi.com.tr\/index.php\/wp-json\/wp\/v2\/product_brand?post=752735"},{"taxonomy":"product_cat","embeddable":true,"href":"https:\/\/roveyayinevi.com.tr\/index.php\/wp-json\/wp\/v2\/product_cat?post=752735"},{"taxonomy":"product_tag","embeddable":true,"href":"https:\/\/roveyayinevi.com.tr\/index.php\/wp-json\/wp\/v2\/product_tag?post=752735"}],"curies":[{"name":"wp","href":"https:\/\/api.w.org\/{rel}","templated":true}]}}