{"id":752733,"date":"2025-08-28T05:23:42","date_gmt":"2025-08-28T02:23:42","guid":{"rendered":"https:\/\/roveyayinevi.com.tr\/index.php\/urun\/gunubirlik\/"},"modified":"2026-04-16T03:06:01","modified_gmt":"2026-04-16T00:06:01","slug":"gunubirlik","status":"publish","type":"product","link":"https:\/\/roveyayinevi.com.tr\/index.php\/urun\/gunubirlik\/","title":{"rendered":"G\u00fcn\u00fcbirlik"},"content":{"rendered":"<p>Cemal S\u00fcreya\u2019n\u0131n 1970\u2019lerin ortalar\u0131nda Politika gazetesinde yay\u0131mlad\u0131\u011f\u0131 g\u00fcnl\u00fck yaz\u0131lar, \u015fairin edebiyatla kurdu\u011fu ili\u015fkiyi en iyi g\u00f6steren metinler olabilir. Cemal S\u00fcreya, edebiyat\u0131 hele de \u015fiiri \u00f6zel zamanlarda kap\u0131s\u0131 \u00e7al\u0131nacak bir mabet olarak g\u00f6rm\u00fcyor, hayat\u0131n her \u00e2n\u0131nda, her yerde \u015fiirle ya\u015f\u0131yor.   \u0130lk olarak 1982\u2019de kitap olarak bas\u0131lan G\u00fcn\u00fcbirlik, o d\u00f6nemin \u2013bir\u00e7o\u011fu h\u00e2l\u00e2 bilinen\u2013 edebiyat olaylar\u0131na, \u00fcnl\u00fc edebiyat\u00e7\u0131lar\u0131na dair incelikli yaz\u0131lardan olu\u015fan \u00f6nemli bir se\u00e7ki. Sadece yaz\u0131ld\u0131\u011f\u0131 d\u00f6neme de\u011fil, bug\u00fcne de sesleniyor. <\/p>\n","protected":false},"excerpt":{"rendered":"<p>Cemal S\u00fcreya\u2019n\u0131n 1970\u2019lerin ortalar\u0131nda Politika gazetesinde yay\u0131mlad\u0131\u011f\u0131 g\u00fcnl\u00fck yaz\u0131lar, \u015fairin edebiyatla kurdu\u011fu ili\u015fkiyi en iyi g\u00f6steren metinler olabilir. Cemal S\u00fcreya, edebiyat\u0131 hele de \u015fiiri \u00f6zel zamanlarda<span class=\"excerpt-hellip\"> [\u2026]<\/span><\/p>\n","protected":false},"featured_media":0,"template":"","meta":{"_monsterinsights_skip_tracking":false,"_monsterinsights_sitenote_active":false,"_monsterinsights_sitenote_note":"","_monsterinsights_sitenote_category":0},"product_brand":[],"product_cat":[12777,12291],"product_tag":[],"class_list":{"0":"post-752733","1":"product","2":"type-product","3":"status-publish","5":"product_cat-deneme","6":"product_cat-edebiyat","7":"pa_cilt-ciltsiz","8":"pa_tur-kitap","9":"pa_yayinevi-can-yayinlari","10":"pa_yazar-cemal-sureya","12":"first","13":"instock","14":"sale","15":"shipping-taxable","16":"purchasable","17":"product-type-simple"},"_links":{"self":[{"href":"https:\/\/roveyayinevi.com.tr\/index.php\/wp-json\/wp\/v2\/product\/752733","targetHints":{"allow":["GET"]}}],"collection":[{"href":"https:\/\/roveyayinevi.com.tr\/index.php\/wp-json\/wp\/v2\/product"}],"about":[{"href":"https:\/\/roveyayinevi.com.tr\/index.php\/wp-json\/wp\/v2\/types\/product"}],"wp:attachment":[{"href":"https:\/\/roveyayinevi.com.tr\/index.php\/wp-json\/wp\/v2\/media?parent=752733"}],"wp:term":[{"taxonomy":"product_brand","embeddable":true,"href":"https:\/\/roveyayinevi.com.tr\/index.php\/wp-json\/wp\/v2\/product_brand?post=752733"},{"taxonomy":"product_cat","embeddable":true,"href":"https:\/\/roveyayinevi.com.tr\/index.php\/wp-json\/wp\/v2\/product_cat?post=752733"},{"taxonomy":"product_tag","embeddable":true,"href":"https:\/\/roveyayinevi.com.tr\/index.php\/wp-json\/wp\/v2\/product_tag?post=752733"}],"curies":[{"name":"wp","href":"https:\/\/api.w.org\/{rel}","templated":true}]}}