{"id":752714,"date":"2025-08-28T05:23:12","date_gmt":"2025-08-28T02:23:12","guid":{"rendered":"https:\/\/roveyayinevi.com.tr\/index.php\/urun\/eyvah-sihirler-kacti\/"},"modified":"2026-04-16T03:06:01","modified_gmt":"2026-04-16T00:06:01","slug":"eyvah-sihirler-kacti","status":"publish","type":"product","link":"https:\/\/roveyayinevi.com.tr\/index.php\/urun\/eyvah-sihirler-kacti\/","title":{"rendered":"Eyvah Sihirler Ka\u00e7t\u0131!"},"content":{"rendered":"<p>Sihir yapan ve yeni sihirler \u00fcreten insanlar\u0131n ya\u015fad\u0131\u011f\u0131 Sidon Adas\u0131\u2019n\u0131n sakinlerinden Ofir ve Hilon, ilgin\u00e7 sihir denemeleriyle ada halk\u0131n\u0131n ba\u015f\u0131na s\u0131k s\u0131k dert a\u00e7an iki haylaz karde\u015ftir. Bir g\u00fcn yine i\u015fler \u00e7\u0131\u011f\u0131r\u0131ndan \u00e7\u0131k\u0131nca adan\u0131n bilge sihirbazlar\u0131 \u00d6\u011fretici Biblos ve \u00d6\u011fretici Kiros, iki karde\u015fe bir s\u00fcre sihir yapmama cezas\u0131 verir.Bunun \u00fczerine Ofir ve Hilon d\u00fc\u015f\u00fcn\u00fcp ta\u015f\u0131n\u0131r, hem bu cezadan hem de ada halk\u0131n\u0131n ele\u015ftirilerinden sonsuza dek kurtulmak i\u00e7in ak\u0131llar\u0131na bir fikir gelir. Bakal\u0131m bu fikir ama\u00e7lar\u0131na ula\u015fmalar\u0131n\u0131 sa\u011flayacak m\u0131?E\u011flenceli anlat\u0131m\u0131 ve reng\u00e2renk \u00e7izimleriyle, sihir ve haylazl\u0131k dolu, heyecanl\u0131 bir maceraya haz\u0131r olun!<\/p>\n","protected":false},"excerpt":{"rendered":"<p>Sihir yapan ve yeni sihirler \u00fcreten insanlar\u0131n ya\u015fad\u0131\u011f\u0131 Sidon Adas\u0131\u2019n\u0131n sakinlerinden Ofir ve Hilon, ilgin\u00e7 sihir denemeleriyle ada halk\u0131n\u0131n ba\u015f\u0131na s\u0131k s\u0131k dert a\u00e7an iki haylaz<span class=\"excerpt-hellip\"> [\u2026]<\/span><\/p>\n","protected":false},"featured_media":0,"template":"","meta":{"_monsterinsights_skip_tracking":false,"_monsterinsights_sitenote_active":false,"_monsterinsights_sitenote_note":"","_monsterinsights_sitenote_category":0},"product_brand":[],"product_cat":[12274,12284],"product_tag":[],"class_list":{"0":"post-752714","1":"product","2":"type-product","3":"status-publish","5":"product_cat-cocuk-ve-genclik-kitaplari","6":"product_cat-hikayeler","7":"pa_cilt-ciltsiz","8":"pa_tur-kitap","9":"pa_yayinevi-ithaki-yayinlari","10":"pa_yazar-serap-gurbulak-bicici","12":"first","13":"instock","14":"sale","15":"shipping-taxable","16":"purchasable","17":"product-type-simple"},"_links":{"self":[{"href":"https:\/\/roveyayinevi.com.tr\/index.php\/wp-json\/wp\/v2\/product\/752714","targetHints":{"allow":["GET"]}}],"collection":[{"href":"https:\/\/roveyayinevi.com.tr\/index.php\/wp-json\/wp\/v2\/product"}],"about":[{"href":"https:\/\/roveyayinevi.com.tr\/index.php\/wp-json\/wp\/v2\/types\/product"}],"wp:attachment":[{"href":"https:\/\/roveyayinevi.com.tr\/index.php\/wp-json\/wp\/v2\/media?parent=752714"}],"wp:term":[{"taxonomy":"product_brand","embeddable":true,"href":"https:\/\/roveyayinevi.com.tr\/index.php\/wp-json\/wp\/v2\/product_brand?post=752714"},{"taxonomy":"product_cat","embeddable":true,"href":"https:\/\/roveyayinevi.com.tr\/index.php\/wp-json\/wp\/v2\/product_cat?post=752714"},{"taxonomy":"product_tag","embeddable":true,"href":"https:\/\/roveyayinevi.com.tr\/index.php\/wp-json\/wp\/v2\/product_tag?post=752714"}],"curies":[{"name":"wp","href":"https:\/\/api.w.org\/{rel}","templated":true}]}}