{"id":752713,"date":"2025-08-28T05:23:10","date_gmt":"2025-08-28T02:23:10","guid":{"rendered":"https:\/\/roveyayinevi.com.tr\/index.php\/urun\/kilitsiz-bir-sendrom-oykusu\/"},"modified":"2026-04-16T03:06:01","modified_gmt":"2026-04-16T00:06:01","slug":"kilitsiz-bir-sendrom-oykusu","status":"publish","type":"product","link":"https:\/\/roveyayinevi.com.tr\/index.php\/urun\/kilitsiz-bir-sendrom-oykusu\/","title":{"rendered":"Kilitsiz (Bir Sendrom \u00d6yk\u00fcs\u00fc)"},"content":{"rendered":"<p>Kilitsiz: Haden Sendromu\u2019nun S\u00f6zl\u00fc Tarihi, Hugo \u00f6d\u00fcll\u00fc yazar John Scalzi\u2019nin yak\u0131n gelecekte ge\u00e7en bilimkurgu &#8211; gizem t\u00fcr\u00fcndeki Sendrom ve Frontal kitaplar\u0131ndan \u00f6nce ya\u015fananlar\u0131 ele al\u0131yor, Haden Sendromu\u2019nun tarihine \u0131\u015f\u0131k tutuyor.Yak\u0131n tarihte, bir vir\u00fcs t\u00fcm d\u00fcnyay\u0131 kas\u0131p kavurmu\u015ftur. \u00c7o\u011fu insan hastal\u0131\u011f\u0131 grip benzeri semptomlarla atlatmay\u0131 ba\u015farsa da gezegen n\u00fcfusunun \u015fanss\u0131z y\u00fczde birlik k\u0131sm\u0131 i\u00e7in hayat sonsuza kadar de\u011fi\u015fir. Y\u00fcz milyonlarca insan \u201cHaden\u201da d\u00f6n\u00fc\u015fm\u00fc\u015f, bilinci a\u00e7\u0131k oldu\u011fu h\u00e2lde v\u00fccudunun kontrol\u00fcn\u00fc tamamen kaybetmi\u015f, hareket edemez duruma gelmi\u015ftir. Gezegendeki neredeyse herkes bu soruna bir \u00e7\u00f6z\u00fcm aramaktad\u0131r.Bu \u00f6yk\u00fc, d\u00fcnyay\u0131 yeniden \u015fekillendiren doktorlar\u0131, biliminsanlar\u0131n\u0131, m\u00fchendisleri, politikac\u0131lar\u0131 ve kahramanlar\u0131 sahneye \u00e7\u0131kar\u0131yor. Tehlikeli bir salg\u0131n\u0131, buna tedavi bulmak i\u00e7in sarf edilen eme\u011fi ve akabinde gelen b\u00fcy\u00fck de\u011fi\u015fimleri ele al\u0131rken insanl\u0131\u011f\u0131n nihayetinde do\u011fru olan\u0131 yapaca\u011f\u0131na inanan, iyimser bir bak\u0131\u015f a\u00e7\u0131s\u0131 sunuyor. \u00dcstelik d\u00fcnyan\u0131n en hareketli d\u00f6nemine bizzat \u015fahitlik edenlerin g\u00f6z\u00fcnden anlat\u0131lan bir s\u00f6zl\u00fc tarih olma \u00f6zelli\u011fini ta\u015f\u0131yor.\u201cKilitsiz\u2019de son y\u0131llarda yarat\u0131lm\u0131\u015f en etkileyici bilimkurgu senaryolar\u0131ndan biri ustal\u0131kla kaleme al\u0131nm\u0131\u015f.\u201d \u2013Publishers Weekly\u201cJohn Scalzi, yazd\u0131klar\u0131n\u0131 bamba\u015fka bir seviyeye ta\u015f\u0131yor.\u201d \u2013Cory Doctorow<\/p>\n","protected":false},"excerpt":{"rendered":"<p>Kilitsiz: Haden Sendromu\u2019nun S\u00f6zl\u00fc Tarihi, Hugo \u00f6d\u00fcll\u00fc yazar John Scalzi\u2019nin yak\u0131n gelecekte ge\u00e7en bilimkurgu &#8211; gizem t\u00fcr\u00fcndeki Sendrom ve Frontal kitaplar\u0131ndan \u00f6nce ya\u015fananlar\u0131 ele al\u0131yor, Haden<span class=\"excerpt-hellip\"> [\u2026]<\/span><\/p>\n","protected":false},"featured_media":0,"template":"","meta":{"_monsterinsights_skip_tracking":false,"_monsterinsights_sitenote_active":false,"_monsterinsights_sitenote_note":"","_monsterinsights_sitenote_category":0},"product_brand":[],"product_cat":[12540,12291],"product_tag":[],"class_list":{"0":"post-752713","1":"product","2":"type-product","3":"status-publish","5":"product_cat-bilim-kurgu","6":"product_cat-edebiyat","7":"pa_cilt-ciltsiz","8":"pa_tur-kitap","9":"pa_yayinevi-ithaki-yayinlari","10":"pa_yazar-john-scalzi","12":"first","13":"instock","14":"sale","15":"shipping-taxable","16":"purchasable","17":"product-type-simple"},"_links":{"self":[{"href":"https:\/\/roveyayinevi.com.tr\/index.php\/wp-json\/wp\/v2\/product\/752713","targetHints":{"allow":["GET"]}}],"collection":[{"href":"https:\/\/roveyayinevi.com.tr\/index.php\/wp-json\/wp\/v2\/product"}],"about":[{"href":"https:\/\/roveyayinevi.com.tr\/index.php\/wp-json\/wp\/v2\/types\/product"}],"wp:attachment":[{"href":"https:\/\/roveyayinevi.com.tr\/index.php\/wp-json\/wp\/v2\/media?parent=752713"}],"wp:term":[{"taxonomy":"product_brand","embeddable":true,"href":"https:\/\/roveyayinevi.com.tr\/index.php\/wp-json\/wp\/v2\/product_brand?post=752713"},{"taxonomy":"product_cat","embeddable":true,"href":"https:\/\/roveyayinevi.com.tr\/index.php\/wp-json\/wp\/v2\/product_cat?post=752713"},{"taxonomy":"product_tag","embeddable":true,"href":"https:\/\/roveyayinevi.com.tr\/index.php\/wp-json\/wp\/v2\/product_tag?post=752713"}],"curies":[{"name":"wp","href":"https:\/\/api.w.org\/{rel}","templated":true}]}}